74.7.241.38 - - [19/Jun/2026:00:52:33 -0700] "GET /index.php?path=//sys/class/net/lo/subsystem/phy1/device/net/phy1/device/firmware_node/subsystem/devices/device:ad/subsystem/devices/device:ad/subsystem/devices/device:ec/device:ed/subsystem/devices/device:fd/subsystem/devices/device:d1 HTTP/2.0" 200 3348 "https://www.marcoshsilva.com/index.php?path=//sys/class/net/lo/subsystem/phy1/device/net/phy1/device/firmware_node/subsystem/devices/device:ad/subsystem/devices/device:ad/subsystem/devices/device:ec/device:ed/subsystem/devices/device:fd/subsystem/devices" "Mozilla/5.0 AppleWebKit/537.36 (KHTML, like Gecko; compatible; GPTBot/1.4; +https://openai.com/gptbot)"
216.73.217.88 - - [19/Jun/2026:00:52:33 -0700] "GET /index.php/sitemap.xml?fileloc=%2F%2Fetc%2Fssh%2Fssh_config.dpkg-dist&path=%2F%2Fetc%2Fssh HTTP/2.0" 429 352 "-" "Mozilla/5.0 AppleWebKit/537.36 (KHTML, like Gecko; compatible; ClaudeBot/1.0; +claudebot@anthropic.com)"
74.7.241.38 - - [19/Jun/2026:00:52:36 -0700] "GET /index.php?path=//sys/class/net/lo/subsystem/phy1/device/net/phy1/device/firmware_node/subsystem/devices/device:ad/subsystem/devices/device:ad/subsystem/devices/device:ec/device:ee/subsystem/devices/device:cb/subsystem/devices/device:3a HTTP/2.0" 200 3309 "https://www.marcoshsilva.com/index.php?path=//sys/class/net/lo/subsystem/phy1/device/net/phy1/device/firmware_node/subsystem/devices/device:ad/subsystem/devices/device:ad/subsystem/devices/device:ec/device:ee/subsystem/devices/device:cb/subsystem/devices" "Mozilla/5.0 AppleWebKit/537.36 (KHTML, like Gecko; compatible; GPTBot/1.4; +https://openai.com/gptbot)"
74.7.241.38 - - [19/Jun/2026:00:52:39 -0700] "GET /index.php?path=//sys/class/net/lo/subsystem/phy1/device/net/phy1/device/firmware_node/subsystem/devices/device:ad/subsystem/devices/device:ad/subsystem/devices/device:cb/device:cc/device:cd/device:cf/subsystem/devices/device:ed/subsystem/devices/device:bc/device:bd/physical_node/iommu/device/subsystem/drivers/lpc_sch HTTP/2.0" 200 3542 "https://www.marcoshsilva.com/index.php?path=//sys/class/net/lo/subsystem/phy1/device/net/phy1/device/firmware_node/subsystem/devices/device:ad/subsystem/devices/device:ad/subsystem/devices/device:cb/device:cc/device:cd/device:cf/subsystem/devices/device:ed/subsystem/devices/device:bc/device:bd/physical_node/iommu/device/subsystem/drivers" "Mozilla/5.0 AppleWebKit/537.36 (KHTML, like Gecko; compatible; GPTBot/1.4; +https://openai.com/gptbot)"
15.235.96.195 - - [19/Jun/2026:00:52:41 -0700] "GET /special/Q044225599294 HTTP/2.0" 404 394 "-" "Mozilla/5.0 (compatible; AhrefsBot/7.0; +http://ahrefs.com/robot/)"
216.73.217.88 - - [19/Jun/2026:00:52:42 -0700] "GET /index.php/sitemap.xml?path=%2Fhome%2Fdh_mhscom%2Fmarcoshsilva.com%2Fwp-content%2Fplugins%2Frevslider%2Flanguages HTTP/2.0" 429 352 "-" "Mozilla/5.0 AppleWebKit/537.36 (KHTML, like Gecko; compatible; ClaudeBot/1.0; +claudebot@anthropic.com)"
74.7.241.38 - - [19/Jun/2026:00:52:42 -0700] "GET /index.php?path=//sys/class/net/lo/subsystem/phy1/device/net/phy1/device/firmware_node/subsystem/devices/device:ad/subsystem/devices/device:ad/subsystem/devices/device:cb/device:cc/device:cd/subsystem/devices/device:ca/subsystem/devices/device:a1/subsystem HTTP/2.0" 200 3376 "https://www.marcoshsilva.com/index.php?path=//sys/class/net/lo/subsystem/phy1/device/net/phy1/device/firmware_node/subsystem/devices/device:ad/subsystem/devices/device:ad/subsystem/devices/device:cb/device:cc/device:cd/subsystem/devices/device:ca/subsystem/devices/device:a1" "Mozilla/5.0 AppleWebKit/537.36 (KHTML, like Gecko; compatible; GPTBot/1.4; +https://openai.com/gptbot)"
216.73.217.88 - - [19/Jun/2026:00:52:44 -0700] "GET /index.php/sitemap.xml?path=%2Fhome%2Fdh_mhscom%2Fmarcoshsilva.com%2Fwp-content%2Fplugins%2Felementor%2Fapp%2Fmodules%2Fgalleries HTTP/2.0" 429 279 "-" "Mozilla/5.0 AppleWebKit/537.36 (KHTML, like Gecko; compatible; ClaudeBot/1.0; +claudebot@anthropic.com)"
74.7.241.38 - - [19/Jun/2026:00:52:45 -0700] "GET /index.php?path=//sys/class/net/lo/subsystem/phy1/device/net/phy1/device/firmware_node/subsystem/devices/device:ad/subsystem/devices/device:ad/subsystem/devices/device:7c/subsystem/devices/device:cc/device:cd/device:ce/subsystem/devices/device:bd/subsystem HTTP/2.0" 200 3441 "https://www.marcoshsilva.com/index.php?path=//sys/class/net/lo/subsystem/phy1/device/net/phy1/device/firmware_node/subsystem/devices/device:ad/subsystem/devices/device:ad/subsystem/devices/device:7c/subsystem/devices/device:cc/device:cd/device:ce/subsystem/devices/device:bd" "Mozilla/5.0 AppleWebKit/537.36 (KHTML, like Gecko; compatible; GPTBot/1.4; +https://openai.com/gptbot)"
34.125.131.185 - - [19/Jun/2026:00:52:47 -0700] "GET /wp-content/uploads/2021/12/corretor-ligando-treinamento-corretores.png HTTP/1.1" 404 3870 "-" "Mozilla/5.0 AppleWebKit/537.36 (KHTML, like Gecko; compatible; ReyilBot/0.1"
40.77.167.10 - - [19/Jun/2026:00:52:48 -0700] "GET /index.php?special/Q041876404017 HTTP/2.0" 200 4232 "-" "Mozilla/5.0 AppleWebKit/537.36 (KHTML, like Gecko; compatible; bingbot/2.0; +http://www.bing.com/bingbot.htm) Chrome/116.0.1938.76 Safari/537.36"
74.7.241.38 - - [19/Jun/2026:00:52:49 -0700] "GET /index.php?path=//sys/class/net/lo/subsystem/phy1/device/net/phy1/device/firmware_node/subsystem/devices/device:ad/subsystem/devices/device:ad/subsystem/devices/device:cc/device:cd/device:ce/subsystem/devices/device:fc/subsystem/devices/device:cb/device:cc HTTP/2.0" 200 3478 "https://www.marcoshsilva.com/index.php?path=//sys/class/net/lo/subsystem/phy1/device/net/phy1/device/firmware_node/subsystem/devices/device:ad/subsystem/devices/device:ad/subsystem/devices/device:cc/device:cd/device:ce/subsystem/devices/device:fc/subsystem/devices/device:cb" "Mozilla/5.0 AppleWebKit/537.36 (KHTML, like Gecko; compatible; GPTBot/1.4; +https://openai.com/gptbot)"
216.73.217.88 - - [19/Jun/2026:00:52:49 -0700] "GET /index.php/sitemap.xml?fileloc=%2F%2Fbin%2Fthor&path=%2F%2Fbin HTTP/2.0" 429 352 "-" "Mozilla/5.0 AppleWebKit/537.36 (KHTML, like Gecko; compatible; ClaudeBot/1.0; +claudebot@anthropic.com)"
51.222.168.138 - - [19/Jun/2026:00:52:52 -0700] "GET /special/Q044212060681 HTTP/2.0" 404 394 "-" "Mozilla/5.0 (compatible; AhrefsBot/7.0; +http://ahrefs.com/robot/)"
74.7.241.38 - - [19/Jun/2026:00:52:52 -0700] "GET /index.php?path=//sys/class/net/lo/subsystem/phy1/device/net/phy1/device/firmware_node/subsystem/devices/device:ad/subsystem/devices/device:ad/subsystem/devices/device:cc/device:cd/device:ce/subsystem/devices/device:fc/subsystem/devices/device:cb/subsystem HTTP/2.0" 200 3380 "https://www.marcoshsilva.com/index.php?path=//sys/class/net/lo/subsystem/phy1/device/net/phy1/device/firmware_node/subsystem/devices/device:ad/subsystem/devices/device:ad/subsystem/devices/device:cc/device:cd/device:ce/subsystem/devices/device:fc/subsystem/devices/device:cb" "Mozilla/5.0 AppleWebKit/537.36 (KHTML, like Gecko; compatible; GPTBot/1.4; +https://openai.com/gptbot)"
216.73.217.88 - - [19/Jun/2026:00:52:53 -0700] "GET /index.php/sitemap.xml?fileloc=%2F%2Frun%2Fudev%2Fdata%2Fc2%3A97&path=%2F%2Frun%2Fudev%2Fdata HTTP/2.0" 429 279 "-" "Mozilla/5.0 AppleWebKit/537.36 (KHTML, like Gecko; compatible; ClaudeBot/1.0; +claudebot@anthropic.com)"
74.7.241.38 - - [19/Jun/2026:00:52:55 -0700] "GET /index.php?path=//sys/class/net/lo/subsystem/phy1/device/net/phy1/device/firmware_node/subsystem/devices/device:ad/subsystem/devices/device:ad/subsystem/devices/device:cc/device:cd/subsystem/devices/device:cd/device:ce/subsystem/devices/device:d4 HTTP/2.0" 200 3470 "https://www.marcoshsilva.com/index.php?path=//sys/class/net/lo/subsystem/phy1/device/net/phy1/device/firmware_node/subsystem/devices/device:ad/subsystem/devices/device:ad/subsystem/devices/device:cc/device:cd/subsystem/devices/device:cd/device:ce/subsystem/devices" "Mozilla/5.0 AppleWebKit/537.36 (KHTML, like Gecko; compatible; GPTBot/1.4; +https://openai.com/gptbot)"
74.7.241.38 - - [19/Jun/2026:00:52:58 -0700] "GET /index.php?path=//sys/class/net/lo/subsystem/phy1/device/net/phy1/device/firmware_node/subsystem/devices/device:ad/subsystem/devices/device:ad/subsystem/devices/device:6b/subsystem/devices/device:ec/device:ed/subsystem/devices/device:fc HTTP/2.0" 200 3345 "https://www.marcoshsilva.com/index.php?path=//sys/class/net/lo/subsystem/phy1/device/net/phy1/device/firmware_node/subsystem/devices/device:ad/subsystem/devices/device:ad/subsystem/devices/device:6b/subsystem/devices/device:ec/device:ed/subsystem/devices" "Mozilla/5.0 AppleWebKit/537.36 (KHTML, like Gecko; compatible; GPTBot/1.4; +https://openai.com/gptbot)"
216.73.217.88 - - [19/Jun/2026:00:52:58 -0700] "GET /index.php/sitemap.xml?fileloc=%2F%2Fbin%2Fsputoppm&path=%2F%2Fbin HTTP/2.0" 429 279 "-" "Mozilla/5.0 AppleWebKit/537.36 (KHTML, like Gecko; compatible; ClaudeBot/1.0; +claudebot@anthropic.com)"
51.161.37.196 - - [19/Jun/2026:00:53:01 -0700] "GET /special/Q044187103614 HTTP/2.0" 404 394 "-" "Mozilla/5.0 (compatible; AhrefsBot/7.0; +http://ahrefs.com/robot/)"
74.7.241.38 - - [19/Jun/2026:00:53:01 -0700] "GET /index.php?path=//sys/class/net/lo/subsystem/phy1/device/net/phy1/device/firmware_node/subsystem/devices/device:ad/subsystem/devices/device:ad/subsystem/devices/device:2c/subsystem/devices/device:ca/subsystem/devices/device:ec HTTP/2.0" 200 3402 "https://www.marcoshsilva.com/index.php?path=//sys/class/net/lo/subsystem/phy1/device/net/phy1/device/firmware_node/subsystem/devices/device:ad/subsystem/devices/device:ad/subsystem/devices/device:2c/subsystem/devices/device:ca/subsystem/devices" "Mozilla/5.0 AppleWebKit/537.36 (KHTML, like Gecko; compatible; GPTBot/1.4; +https://openai.com/gptbot)"
66.249.68.1 - - [19/Jun/2026:00:53:03 -0700] "GET /kitchen051014110.html HTTP/1.1" 404 3855 "-" "Mozilla/5.0 (Linux; Android 6.0.1; Nexus 5X Build/MMB29P) AppleWebKit/537.36 (KHTML, like Gecko) Chrome/148.0.7778.96 Mobile Safari/537.36 (compatible; Googlebot/2.1; +http://www.google.com/bot.html)"
216.73.217.88 - - [19/Jun/2026:00:53:03 -0700] "GET /index.php/sitemap.xml?fileloc=%2F%2Fbin%2Fmsgen&path=%2F%2Fbin HTTP/2.0" 429 279 "-" "Mozilla/5.0 AppleWebKit/537.36 (KHTML, like Gecko; compatible; ClaudeBot/1.0; +claudebot@anthropic.com)"
74.7.241.38 - - [19/Jun/2026:00:53:04 -0700] "GET /index.php?path=//sys/class/net/lo/subsystem/phy1/device/net/phy1/device/firmware_node/subsystem/devices/device:ad/subsystem/devices/device:ad/subsystem/devices/device:eb/subsystem/devices/device:6d/subsystem/devices/device:cc/device:cd/device:cf HTTP/2.0" 200 3360 "https://www.marcoshsilva.com/index.php?path=//sys/class/net/lo/subsystem/phy1/device/net/phy1/device/firmware_node/subsystem/devices/device:ad/subsystem/devices/device:ad/subsystem/devices/device:eb/subsystem/devices/device:6d/subsystem/devices/device:cc/device:cd" "Mozilla/5.0 AppleWebKit/537.36 (KHTML, like Gecko; compatible; GPTBot/1.4; +https://openai.com/gptbot)"
40.77.167.10 - - [19/Jun/2026:00:53:07 -0700] "GET /index.php?special/Q044284812539 HTTP/2.0" 200 4232 "-" "Mozilla/5.0 AppleWebKit/537.36 (KHTML, like Gecko; compatible; bingbot/2.0; +http://www.bing.com/bingbot.htm) Chrome/116.0.1938.76 Safari/537.36"
74.7.241.38 - - [19/Jun/2026:00:53:08 -0700] "GET /index.php?path=//sys/class/net/lo/subsystem/phy1/device/net/phy1/device/firmware_node/subsystem/devices/device:ad/subsystem/devices/device:ad/subsystem/devices/device:1e/subsystem/devices/device:bc/subsystem/devices/device:bd HTTP/2.0" 200 3337 "https://www.marcoshsilva.com/index.php?path=//sys/class/net/lo/subsystem/phy1/device/net/phy1/device/firmware_node/subsystem/devices/device:ad/subsystem/devices/device:ad/subsystem/devices/device:1e/subsystem/devices/device:bc/subsystem/devices" "Mozilla/5.0 AppleWebKit/537.36 (KHTML, like Gecko; compatible; GPTBot/1.4; +https://openai.com/gptbot)"
216.73.217.88 - - [19/Jun/2026:00:53:08 -0700] "GET /index.php/sitemap.xml?fileloc=%2F%2Frun%2Fudev%2Fdata%2Fb259%3A4&path=%2F%2Frun%2Fudev%2Fdata HTTP/2.0" 429 279 "-" "Mozilla/5.0 AppleWebKit/537.36 (KHTML, like Gecko; compatible; ClaudeBot/1.0; +claudebot@anthropic.com)"
74.7.241.38 - - [19/Jun/2026:00:53:10 -0700] "GET /index.php?path=//sys/class/net/lo/subsystem/phy1/device/net/phy1/device/firmware_node/subsystem/devices/device:ad/subsystem/devices/device:ad/subsystem/devices/device:bc/device:be/subsystem/devices/device:cb/device:cc/subsystem/devices/device:c6/subsystem HTTP/2.0" 200 3382 "https://www.marcoshsilva.com/index.php?path=//sys/class/net/lo/subsystem/phy1/device/net/phy1/device/firmware_node/subsystem/devices/device:ad/subsystem/devices/device:ad/subsystem/devices/device:bc/device:be/subsystem/devices/device:cb/device:cc/subsystem/devices/device:c6" "Mozilla/5.0 AppleWebKit/537.36 (KHTML, like Gecko; compatible; GPTBot/1.4; +https://openai.com/gptbot)"
167.114.139.60 - - [19/Jun/2026:00:53:11 -0700] "GET /special/Q044040515784 HTTP/2.0" 404 394 "-" "Mozilla/5.0 (compatible; AhrefsBot/7.0; +http://ahrefs.com/robot/)"
216.73.217.88 - - [19/Jun/2026:00:53:14 -0700] "GET /index.php/sitemap.xml?fileloc=%2F%2Fbin%2Fmdig&path=%2F%2Fbin HTTP/2.0" 429 352 "-" "Mozilla/5.0 AppleWebKit/537.36 (KHTML, like Gecko; compatible; ClaudeBot/1.0; +claudebot@anthropic.com)"
74.7.241.38 - - [19/Jun/2026:00:53:14 -0700] "GET /index.php?path=//sys/class/net/lo/subsystem/phy1/device/net/phy1/device/firmware_node/subsystem/devices/device:ad/subsystem/devices/device:ad/subsystem/devices/device:7c/subsystem/devices/device:cc/device:cd/subsystem/devices HTTP/2.0" 200 20184 "https://www.marcoshsilva.com/index.php?path=//sys/class/net/lo/subsystem/phy1/device/net/phy1/device/firmware_node/subsystem/devices/device:ad/subsystem/devices/device:ad/subsystem/devices/device:7c/subsystem/devices/device:cc/device:cd/subsystem" "Mozilla/5.0 AppleWebKit/537.36 (KHTML, like Gecko; compatible; GPTBot/1.4; +https://openai.com/gptbot)"
74.7.241.38 - - [19/Jun/2026:00:53:17 -0700] "GET /index.php?path=//sys/class/net/lo/subsystem/phy1/device/net/phy1/device/firmware_node/subsystem/devices/device:ad/subsystem/devices/device:ad/subsystem/devices/device:ec/device:ef/subsystem/devices/device:fe/subsystem/devices/device:1b HTTP/2.0" 200 3517 "https://www.marcoshsilva.com/index.php?path=//sys/class/net/lo/subsystem/phy1/device/net/phy1/device/firmware_node/subsystem/devices/device:ad/subsystem/devices/device:ad/subsystem/devices/device:ec/device:ef/subsystem/devices/device:fe/subsystem/devices" "Mozilla/5.0 AppleWebKit/537.36 (KHTML, like Gecko; compatible; GPTBot/1.4; +https://openai.com/gptbot)"
216.73.217.88 - - [19/Jun/2026:00:53:18 -0700] "GET /index.php/sitemap.xml?fileloc=%2F%2Fetc%2Fshadow.org&path=%2F%2Fetc HTTP/2.0" 429 279 "-" "Mozilla/5.0 AppleWebKit/537.36 (KHTML, like Gecko; compatible; ClaudeBot/1.0; +claudebot@anthropic.com)"
148.113.128.31 - - [19/Jun/2026:00:53:20 -0700] "GET /special/Q044038733416 HTTP/2.0" 404 394 "-" "Mozilla/5.0 (compatible; AhrefsBot/7.0; +http://ahrefs.com/robot/)"
74.7.241.38 - - [19/Jun/2026:00:53:20 -0700] "GET /index.php?path=//sys/class/net/lo/subsystem/phy1/device/net/phy1/device/firmware_node/subsystem/devices/device:ad/subsystem/devices/device:ad/subsystem/devices/device:7c/subsystem/devices/device:cc/device:cd/device:ce/subsystem/devices/device:bd/subsystem/devices HTTP/2.0" 200 22594 "https://www.marcoshsilva.com/index.php?path=//sys/class/net/lo/subsystem/phy1/device/net/phy1/device/firmware_node/subsystem/devices/device:ad/subsystem/devices/device:ad/subsystem/devices/device:7c/subsystem/devices/device:cc/device:cd/device:ce/subsystem/devices/device:bd/subsystem" "Mozilla/5.0 AppleWebKit/537.36 (KHTML, like Gecko; compatible; GPTBot/1.4; +https://openai.com/gptbot)"
74.7.241.38 - - [19/Jun/2026:00:53:23 -0700] "GET /index.php?path=//sys/class/net/lo/subsystem/phy1/device/net/phy1/device/firmware_node/subsystem/devices/device:ad/subsystem/devices/device:ad/subsystem/devices/device:cc/device:cd/device:ce/subsystem/devices/device:fc/subsystem/devices/device:cb/device:cc/device:cd HTTP/2.0" 200 3463 "https://www.marcoshsilva.com/index.php?path=//sys/class/net/lo/subsystem/phy1/device/net/phy1/device/firmware_node/subsystem/devices/device:ad/subsystem/devices/device:ad/subsystem/devices/device:cc/device:cd/device:ce/subsystem/devices/device:fc/subsystem/devices/device:cb/device:cc" "Mozilla/5.0 AppleWebKit/537.36 (KHTML, like Gecko; compatible; GPTBot/1.4; +https://openai.com/gptbot)"
216.73.217.88 - - [19/Jun/2026:00:53:24 -0700] "GET /index.php/sitemap.xml?fileloc=%2Fhome%2Fdh_mhscom%2Fmarcoshsilva.com%2Fwp-includes%2Fblock-patterns%2Fquery-small-posts.php&path=%2Fhome%2Fdh_mhscom%2Fmarcoshsilva.com%2Fwp-includes%2Fblock-patterns HTTP/2.0" 429 279 "-" "Mozilla/5.0 AppleWebKit/537.36 (KHTML, like Gecko; compatible; ClaudeBot/1.0; +claudebot@anthropic.com)"
74.7.241.38 - - [19/Jun/2026:00:53:26 -0700] "GET /index.php?path=//sys/class/net/lo/subsystem/phy1/device/net/phy1/device/firmware_node/subsystem/devices/device:ad/subsystem/devices/device:ad/subsystem/devices/device:cc/device:cd/device:ce/subsystem/devices/device:fc/subsystem/devices/device:cb/device:cc/subsystem HTTP/2.0" 200 3399 "https://www.marcoshsilva.com/index.php?path=//sys/class/net/lo/subsystem/phy1/device/net/phy1/device/firmware_node/subsystem/devices/device:ad/subsystem/devices/device:ad/subsystem/devices/device:cc/device:cd/device:ce/subsystem/devices/device:fc/subsystem/devices/device:cb/device:cc" "Mozilla/5.0 AppleWebKit/537.36 (KHTML, like Gecko; compatible; GPTBot/1.4; +https://openai.com/gptbot)"
52.167.144.238 - - [19/Jun/2026:00:53:27 -0700] "GET /index.php?special/Q02984083983 HTTP/2.0" 200 4232 "-" "Mozilla/5.0 AppleWebKit/537.36 (KHTML, like Gecko; compatible; bingbot/2.0; +http://www.bing.com/bingbot.htm) Chrome/116.0.1938.76 Safari/537.36"
142.44.220.76 - - [19/Jun/2026:00:53:29 -0700] "GET /special/Q044029517930 HTTP/2.0" 404 394 "-" "Mozilla/5.0 (compatible; AhrefsBot/7.0; +http://ahrefs.com/robot/)"
216.73.217.88 - - [19/Jun/2026:00:53:29 -0700] "GET /index.php/sitemap.xml?path=%2Fhome%2Fdh_mhscom%2Fmarcoshsilva.com%2Fwp-content%2Fplugins%2Fall-in-one-wp-security-and-firewall%2Fadmin HTTP/2.0" 429 352 "-" "Mozilla/5.0 AppleWebKit/537.36 (KHTML, like Gecko; compatible; ClaudeBot/1.0; +claudebot@anthropic.com)"
74.7.241.38 - - [19/Jun/2026:00:53:29 -0700] "GET /index.php?path=//sys/class/net/lo/subsystem/phy1/device/net/phy1/device/firmware_node/subsystem/devices/device:ad/subsystem/devices/device:ad/subsystem/devices/device:cc/device:cd/device:ce/subsystem/devices/device:fc/subsystem/devices/device:cb/device:cc/device:d0 HTTP/2.0" 200 3470 "https://www.marcoshsilva.com/index.php?path=//sys/class/net/lo/subsystem/phy1/device/net/phy1/device/firmware_node/subsystem/devices/device:ad/subsystem/devices/device:ad/subsystem/devices/device:cc/device:cd/device:ce/subsystem/devices/device:fc/subsystem/devices/device:cb/device:cc" "Mozilla/5.0 AppleWebKit/537.36 (KHTML, like Gecko; compatible; GPTBot/1.4; +https://openai.com/gptbot)"
74.7.241.38 - - [19/Jun/2026:00:53:33 -0700] "GET /index.php?fileloc=//sys/class/net/lo/subsystem/phy1/device/net/phy1/device/firmware_node/subsystem/devices/device:ad/subsystem/devices/device:ad/subsystem/devices/device:6b/subsystem/devices/device:ec/device:ed/subsystem/devices/device:fc/adr&path=//sys/class/net/lo/subsystem/phy1/device/net/phy1/device/firmware_node/subsystem/devices/device:ad/subsystem/devices/device:ad/subsystem/devices/device:6b/subsystem/devices/device:ec/device:ed/subsystem/devices/device:fc HTTP/2.0" 200 2768 "https://www.marcoshsilva.com/index.php?path=//sys/class/net/lo/subsystem/phy1/device/net/phy1/device/firmware_node/subsystem/devices/device:ad/subsystem/devices/device:ad/subsystem/devices/device:6b/subsystem/devices/device:ec/device:ed/subsystem/devices/device:fc" "Mozilla/5.0 AppleWebKit/537.36 (KHTML, like Gecko; compatible; GPTBot/1.4; +https://openai.com/gptbot)"
148.113.130.132 - - [19/Jun/2026:00:53:36 -0700] "GET /special/Q043993777982 HTTP/2.0" 404 395 "-" "Mozilla/5.0 (compatible; AhrefsBot/7.0; +http://ahrefs.com/robot/)"
74.7.241.38 - - [19/Jun/2026:00:53:36 -0700] "GET /index.php?path=//sys/class/net/lo/subsystem/phy1/device/net/phy1/device/firmware_node/subsystem/devices/device:ad/subsystem/devices/device:ad/subsystem/devices/device:cc/device:cd/device:ce/subsystem/devices/device:fc/subsystem/devices/device:cb/subsystem/devices HTTP/2.0" 200 22597 "https://www.marcoshsilva.com/index.php?path=//sys/class/net/lo/subsystem/phy1/device/net/phy1/device/firmware_node/subsystem/devices/device:ad/subsystem/devices/device:ad/subsystem/devices/device:cc/device:cd/device:ce/subsystem/devices/device:fc/subsystem/devices/device:cb/subsystem" "Mozilla/5.0 AppleWebKit/537.36 (KHTML, like Gecko; compatible; GPTBot/1.4; +https://openai.com/gptbot)"
52.167.144.238 - - [19/Jun/2026:00:53:37 -0700] "GET /index.php?special/Q042732728843 HTTP/2.0" 200 4233 "-" "Mozilla/5.0 AppleWebKit/537.36 (KHTML, like Gecko; compatible; bingbot/2.0; +http://www.bing.com/bingbot.htm) Chrome/116.0.1938.76 Safari/537.36"
66.249.68.8 - - [19/Jun/2026:00:53:38 -0700] "GET /sugar282039637.html HTTP/1.1" 404 3855 "-" "Mozilla/5.0 (Linux; Android 6.0.1; Nexus 5X Build/MMB29P) AppleWebKit/537.36 (KHTML, like Gecko) Chrome/148.0.7778.96 Mobile Safari/537.36 (compatible; Googlebot/2.1; +http://www.google.com/bot.html)"
74.7.241.38 - - [19/Jun/2026:00:53:39 -0700] "GET /index.php?path=//sys/class/net/lo/subsystem/phy1/device/net/phy1/device/firmware_node/subsystem/devices/device:ad/subsystem/devices/device:ad/subsystem/devices/device:2c/subsystem/devices/device:ca/subsystem/devices/device:ec/device:ed HTTP/2.0" 200 3304 "https://www.marcoshsilva.com/index.php?path=//sys/class/net/lo/subsystem/phy1/device/net/phy1/device/firmware_node/subsystem/devices/device:ad/subsystem/devices/device:ad/subsystem/devices/device:2c/subsystem/devices/device:ca/subsystem/devices/device:ec" "Mozilla/5.0 AppleWebKit/537.36 (KHTML, like Gecko; compatible; GPTBot/1.4; +https://openai.com/gptbot)"
74.7.241.38 - - [19/Jun/2026:00:53:42 -0700] "GET /index.php?path=//sys/class/net/lo/subsystem/phy1/device/net/phy1/device/firmware_node/subsystem/devices/device:ad/subsystem/devices/device:ad/subsystem/devices/device:eb/subsystem/devices/device:6d/subsystem/devices/device:cc/device:cd/device:cf/subsystem HTTP/2.0" 200 3374 "https://www.marcoshsilva.com/index.php?path=//sys/class/net/lo/subsystem/phy1/device/net/phy1/device/firmware_node/subsystem/devices/device:ad/subsystem/devices/device:ad/subsystem/devices/device:eb/subsystem/devices/device:6d/subsystem/devices/device:cc/device:cd/device:cf" "Mozilla/5.0 AppleWebKit/537.36 (KHTML, like Gecko; compatible; GPTBot/1.4; +https://openai.com/gptbot)"
74.7.241.38 - - [19/Jun/2026:00:53:45 -0700] "GET /index.php?path=//sys/class/net/lo/subsystem/phy1/device/net/phy1/device/firmware_node/subsystem/devices/device:ad/subsystem/devices/device:ad/subsystem/devices/device:2c/subsystem/devices/device:ca/subsystem/devices/device:ec/device:ef HTTP/2.0" 200 3303 "https://www.marcoshsilva.com/index.php?path=//sys/class/net/lo/subsystem/phy1/device/net/phy1/device/firmware_node/subsystem/devices/device:ad/subsystem/devices/device:ad/subsystem/devices/device:2c/subsystem/devices/device:ca/subsystem/devices/device:ec" "Mozilla/5.0 AppleWebKit/537.36 (KHTML, like Gecko; compatible; GPTBot/1.4; +https://openai.com/gptbot)"
15.235.98.34 - - [19/Jun/2026:00:53:46 -0700] "GET /special/Q043979760220 HTTP/2.0" 404 395 "-" "Mozilla/5.0 (compatible; AhrefsBot/7.0; +http://ahrefs.com/robot/)"
74.7.241.38 - - [19/Jun/2026:00:53:48 -0700] "GET /index.php?path=//sys/class/net/lo/subsystem/phy1/device/net/phy1/device/firmware_node/subsystem/devices/device:ad/subsystem/devices/device:ad/subsystem/devices/device:7c/subsystem/devices/device:cc/device:cd/subsystem/devices/IPI0001:00 HTTP/2.0" 200 3516 "https://www.marcoshsilva.com/index.php?path=//sys/class/net/lo/subsystem/phy1/device/net/phy1/device/firmware_node/subsystem/devices/device:ad/subsystem/devices/device:ad/subsystem/devices/device:7c/subsystem/devices/device:cc/device:cd/subsystem/devices" "Mozilla/5.0 AppleWebKit/537.36 (KHTML, like Gecko; compatible; GPTBot/1.4; +https://openai.com/gptbot)"
216.73.217.88 - - [19/Jun/2026:00:53:51 -0700] "GET /index.php/sitemap.xml?fileloc=%2F%2Frun%2Fudev%2Fdata%2Fc3%3A201&path=%2F%2Frun%2Fudev%2Fdata HTTP/2.0" 429 352 "-" "Mozilla/5.0 AppleWebKit/537.36 (KHTML, like Gecko; compatible; ClaudeBot/1.0; +claudebot@anthropic.com)"
74.7.241.38 - - [19/Jun/2026:00:53:52 -0700] "GET /index.php?path=//sys/class/net/lo/subsystem/phy1/device/net/phy1/device/firmware_node/subsystem/devices/device:ad/subsystem/devices/device:ad/subsystem/devices/device:7c/subsystem/devices/device:cc/device:cd/subsystem/devices/device:0a HTTP/2.0" 200 3307 "https://www.marcoshsilva.com/index.php?path=//sys/class/net/lo/subsystem/phy1/device/net/phy1/device/firmware_node/subsystem/devices/device:ad/subsystem/devices/device:ad/subsystem/devices/device:7c/subsystem/devices/device:cc/device:cd/subsystem/devices" "Mozilla/5.0 AppleWebKit/537.36 (KHTML, like Gecko; compatible; GPTBot/1.4; +https://openai.com/gptbot)"
216.73.217.88 - - [19/Jun/2026:00:53:54 -0700] "GET /index.php/sitemap.xml?path=%2Fhome%2Fdh_mhscom%2Fmarcoshsilva.com%2Fwp-content%2Fplugins%2Frevslider%2Fbackup HTTP/2.0" 429 280 "-" "Mozilla/5.0 AppleWebKit/537.36 (KHTML, like Gecko; compatible; ClaudeBot/1.0; +claudebot@anthropic.com)"
15.235.98.217 - - [19/Jun/2026:00:53:54 -0700] "GET /special/Q04394894516 HTTP/2.0" 404 395 "-" "Mozilla/5.0 (compatible; AhrefsBot/7.0; +http://ahrefs.com/robot/)"
74.7.241.38 - - [19/Jun/2026:00:53:55 -0700] "GET /index.php?path=//sys/class/net/lo/subsystem/phy1/device/net/phy1/device/firmware_node/subsystem/devices/device:ad/subsystem/devices/device:ad/subsystem/devices/device:7c/subsystem/devices/device:cc/device:cd/device:ce/subsystem/devices/device:bd/subsystem/devices/ACPI0007:65 HTTP/2.0" 200 3539 "https://www.marcoshsilva.com/index.php?path=//sys/class/net/lo/subsystem/phy1/device/net/phy1/device/firmware_node/subsystem/devices/device:ad/subsystem/devices/device:ad/subsystem/devices/device:7c/subsystem/devices/device:cc/device:cd/device:ce/subsystem/devices/device:bd/subsystem/devices" "Mozilla/5.0 AppleWebKit/537.36 (KHTML, like Gecko; compatible; GPTBot/1.4; +https://openai.com/gptbot)"
74.7.241.38 - - [19/Jun/2026:00:53:58 -0700] "GET /index.php?path=//sys/class/net/lo/subsystem/phy1/device/net/phy1/device/firmware_node/subsystem/devices/device:ad/subsystem/devices/device:ad/subsystem/devices/device:7c/subsystem/devices/device:cc/device:cd/device:ce/subsystem/devices/device:bd/subsystem/devices/device:137 HTTP/2.0" 200 3365 "https://www.marcoshsilva.com/index.php?path=//sys/class/net/lo/subsystem/phy1/device/net/phy1/device/firmware_node/subsystem/devices/device:ad/subsystem/devices/device:ad/subsystem/devices/device:7c/subsystem/devices/device:cc/device:cd/device:ce/subsystem/devices/device:bd/subsystem/devices" "Mozilla/5.0 AppleWebKit/537.36 (KHTML, like Gecko; compatible; GPTBot/1.4; +https://openai.com/gptbot)"
216.73.217.88 - - [19/Jun/2026:00:53:59 -0700] "GET /index.php/sitemap.xml?fileloc=%2F%2Fbin%2Fpbmtextps&path=%2F%2Fbin HTTP/2.0" 429 280 "-" "Mozilla/5.0 AppleWebKit/537.36 (KHTML, like Gecko; compatible; ClaudeBot/1.0; +claudebot@anthropic.com)"
74.7.241.38 - - [19/Jun/2026:00:54:01 -0700] "GET /index.php?path=//sys/class/net/lo/subsystem/phy1/device/net/phy1/device/firmware_node/subsystem/devices/device:ad/subsystem/devices/device:ad/subsystem/devices/device:7c/subsystem/devices/device:cc/device:cd/device:ce/subsystem/devices/device:bd/subsystem/devices/device:134 HTTP/2.0" 200 3364 "https://www.marcoshsilva.com/index.php?path=//sys/class/net/lo/subsystem/phy1/device/net/phy1/device/firmware_node/subsystem/devices/device:ad/subsystem/devices/device:ad/subsystem/devices/device:7c/subsystem/devices/device:cc/device:cd/device:ce/subsystem/devices/device:bd/subsystem/devices" "Mozilla/5.0 AppleWebKit/537.36 (KHTML, like Gecko; compatible; GPTBot/1.4; +https://openai.com/gptbot)"
51.222.95.243 - - [19/Jun/2026:00:54:03 -0700] "GET /special/Q043948751276 HTTP/2.0" 404 394 "-" "Mozilla/5.0 (compatible; AhrefsBot/7.0; +http://ahrefs.com/robot/)"
216.73.217.88 - - [19/Jun/2026:00:54:04 -0700] "GET /index.php/sitemap.xml?fileloc=%2F%2Fbin%2Fdh_installtex&path=%2F%2Fbin HTTP/2.0" 429 352 "-" "Mozilla/5.0 AppleWebKit/537.36 (KHTML, like Gecko; compatible; ClaudeBot/1.0; +claudebot@anthropic.com)"
74.7.241.38 - - [19/Jun/2026:00:54:04 -0700] "GET /index.php?path=//sys/class/net/lo/subsystem/phy1/device/net/phy1/device/firmware_node/subsystem/devices/device:ad/subsystem/devices/device:ad/subsystem/devices/device:7c/subsystem/devices/device:cc/device:cd/subsystem/devices/AMDI0010:01 HTTP/2.0" 200 3436 "https://www.marcoshsilva.com/index.php?path=//sys/class/net/lo/subsystem/phy1/device/net/phy1/device/firmware_node/subsystem/devices/device:ad/subsystem/devices/device:ad/subsystem/devices/device:7c/subsystem/devices/device:cc/device:cd/subsystem/devices" "Mozilla/5.0 AppleWebKit/537.36 (KHTML, like Gecko; compatible; GPTBot/1.4; +https://openai.com/gptbot)"
74.7.241.38 - - [19/Jun/2026:00:54:08 -0700] "GET /index.php?path=//sys/class/net/lo/subsystem/phy1/device/net/phy1/device/firmware_node/subsystem/devices/device:ad/subsystem/devices/device:ad/subsystem/devices/device:7c/subsystem/devices/device:cc/device:cd/subsystem/devices/device:94 HTTP/2.0" 200 3425 "https://www.marcoshsilva.com/index.php?path=//sys/class/net/lo/subsystem/phy1/device/net/phy1/device/firmware_node/subsystem/devices/device:ad/subsystem/devices/device:ad/subsystem/devices/device:7c/subsystem/devices/device:cc/device:cd/subsystem/devices" "Mozilla/5.0 AppleWebKit/537.36 (KHTML, like Gecko; compatible; GPTBot/1.4; +https://openai.com/gptbot)"
216.73.217.88 - - [19/Jun/2026:00:54:09 -0700] "GET /index.php/sitemap.xml?fileloc=%2F%2Frun%2Fudev%2Fdata%2Fc2%3A205&path=%2F%2Frun%2Fudev%2Fdata HTTP/2.0" 429 279 "-" "Mozilla/5.0 AppleWebKit/537.36 (KHTML, like Gecko; compatible; ClaudeBot/1.0; +claudebot@anthropic.com)"
167.114.139.173 - - [19/Jun/2026:00:54:10 -0700] "GET /special/Q043930287641 HTTP/2.0" 404 394 "-" "Mozilla/5.0 (compatible; AhrefsBot/7.0; +http://ahrefs.com/robot/)"
74.7.241.38 - - [19/Jun/2026:00:54:11 -0700] "GET /index.php?path=//sys/class/net/lo/subsystem/phy1/device/net/phy1/device/firmware_node/subsystem/devices/device:ad/subsystem/devices/device:ad/subsystem/devices/device:cc/device:cd/device:ce/subsystem/devices/device:fc/subsystem/devices/device:cb/subsystem/devices/device:164 HTTP/2.0" 200 3366 "https://www.marcoshsilva.com/index.php?path=//sys/class/net/lo/subsystem/phy1/device/net/phy1/device/firmware_node/subsystem/devices/device:ad/subsystem/devices/device:ad/subsystem/devices/device:cc/device:cd/device:ce/subsystem/devices/device:fc/subsystem/devices/device:cb/subsystem/devices" "Mozilla/5.0 AppleWebKit/537.36 (KHTML, like Gecko; compatible; GPTBot/1.4; +https://openai.com/gptbot)"
74.7.241.38 - - [19/Jun/2026:00:54:14 -0700] "GET /index.php?path=//sys/class/net/lo/subsystem/phy1/device/net/phy1/device/firmware_node/subsystem/devices/device:ad/subsystem/devices/device:ad/subsystem/devices/device:cc/device:cd/device:ce/subsystem/devices/device:fc/subsystem/devices/device:cb/subsystem/devices/device:2e HTTP/2.0" 200 3483 "https://www.marcoshsilva.com/index.php?path=//sys/class/net/lo/subsystem/phy1/device/net/phy1/device/firmware_node/subsystem/devices/device:ad/subsystem/devices/device:ad/subsystem/devices/device:cc/device:cd/device:ce/subsystem/devices/device:fc/subsystem/devices/device:cb/subsystem/devices" "Mozilla/5.0 AppleWebKit/537.36 (KHTML, like Gecko; compatible; GPTBot/1.4; +https://openai.com/gptbot)"
66.249.68.8 - - [19/Jun/2026:00:54:14 -0700] "GET /fucking086027627.html HTTP/1.1" 404 3855 "-" "Mozilla/5.0 (Linux; Android 6.0.1; Nexus 5X Build/MMB29P) AppleWebKit/537.36 (KHTML, like Gecko) Chrome/148.0.7778.96 Mobile Safari/537.36 (compatible; Googlebot/2.1; +http://www.google.com/bot.html)"
216.73.217.88 - - [19/Jun/2026:00:54:14 -0700] "GET /index.php/sitemap.xml?fileloc=%2Fhome%2Fdh_mhscom%2Fmarcoshsilva.com%2Fwp-includes%2Fblocks%2Fcode%2Fstyle-rtl.css&path=%2Fhome%2Fdh_mhscom%2Fmarcoshsilva.com%2Fwp-includes%2Fblocks%2Fcode HTTP/2.0" 429 279 "-" "Mozilla/5.0 AppleWebKit/537.36 (KHTML, like Gecko; compatible; ClaudeBot/1.0; +claudebot@anthropic.com)"
51.161.65.88 - - [19/Jun/2026:00:54:17 -0700] "GET /special/Q043920251871 HTTP/2.0" 404 394 "-" "Mozilla/5.0 (compatible; AhrefsBot/7.0; +http://ahrefs.com/robot/)"
74.7.241.38 - - [19/Jun/2026:00:54:17 -0700] "GET /index.php?path=//sys/class/net/lo/subsystem/phy1/device/net/phy1/device/firmware_node/subsystem/devices/device:ad/subsystem/devices/device:ad/subsystem/devices/device:cc/device:cd/device:ce/subsystem/devices/device:fc/subsystem/devices/device:cb/subsystem/devices/device:15c HTTP/2.0" 200 3464 "https://www.marcoshsilva.com/index.php?path=//sys/class/net/lo/subsystem/phy1/device/net/phy1/device/firmware_node/subsystem/devices/device:ad/subsystem/devices/device:ad/subsystem/devices/device:cc/device:cd/device:ce/subsystem/devices/device:fc/subsystem/devices/device:cb/subsystem/devices" "Mozilla/5.0 AppleWebKit/537.36 (KHTML, like Gecko; compatible; GPTBot/1.4; +https://openai.com/gptbot)"
74.7.241.38 - - [19/Jun/2026:00:54:20 -0700] "GET /index.php?path=//sys/class/net/lo/subsystem/phy1/device/net/phy1/device/firmware_node/subsystem/devices/device:ad/subsystem/devices/device:ad/subsystem/devices/device:7c/subsystem/devices/device:cc/device:cd/subsystem/devices/device:157 HTTP/2.0" 200 3461 "https://www.marcoshsilva.com/index.php?path=//sys/class/net/lo/subsystem/phy1/device/net/phy1/device/firmware_node/subsystem/devices/device:ad/subsystem/devices/device:ad/subsystem/devices/device:7c/subsystem/devices/device:cc/device:cd/subsystem/devices" "Mozilla/5.0 AppleWebKit/537.36 (KHTML, like Gecko; compatible; GPTBot/1.4; +https://openai.com/gptbot)"
216.73.217.88 - - [19/Jun/2026:00:54:21 -0700] "GET /index.php/sitemap.xml?fileloc=%2F%2Fusr%2Fshare%2Fm17n%2FIBM256.map&path=%2F%2Fusr%2Fshare%2Fm17n HTTP/2.0" 429 352 "-" "Mozilla/5.0 AppleWebKit/537.36 (KHTML, like Gecko; compatible; ClaudeBot/1.0; +claudebot@anthropic.com)"
74.7.241.38 - - [19/Jun/2026:00:54:23 -0700] "GET /index.php?path=//sys/class/net/lo/subsystem/phy1/device/net/phy1/device/firmware_node/subsystem/devices/device:ad/subsystem/devices/device:ad/subsystem/devices/device:7c/subsystem/devices/device:cc/device:cd/device:ce/subsystem/devices/device:bd/subsystem/devices/PNP0C0F:04 HTTP/2.0" 200 3488 "https://www.marcoshsilva.com/index.php?path=//sys/class/net/lo/subsystem/phy1/device/net/phy1/device/firmware_node/subsystem/devices/device:ad/subsystem/devices/device:ad/subsystem/devices/device:7c/subsystem/devices/device:cc/device:cd/device:ce/subsystem/devices/device:bd/subsystem/devices" "Mozilla/5.0 AppleWebKit/537.36 (KHTML, like Gecko; compatible; GPTBot/1.4; +https://openai.com/gptbot)"
54.39.6.167 - - [19/Jun/2026:00:54:26 -0700] "GET /special/Q043852439368 HTTP/2.0" 404 394 "-" "Mozilla/5.0 (compatible; AhrefsBot/7.0; +http://ahrefs.com/robot/)"
216.73.217.88 - - [19/Jun/2026:00:54:26 -0700] "GET /index.php/sitemap.xml?path=%2F%2Flib%2Flocale%2Fmg_MG%2FLC_MESSAGES HTTP/2.0" 429 279 "-" "Mozilla/5.0 AppleWebKit/537.36 (KHTML, like Gecko; compatible; ClaudeBot/1.0; +claudebot@anthropic.com)"
74.7.241.38 - - [19/Jun/2026:00:54:26 -0700] "GET /index.php?path=//sys/class/net/lo/subsystem/phy1/device/net/phy1/device/firmware_node/subsystem/devices/device:ad/subsystem/devices/device:ad/subsystem/devices/device:7c/subsystem/devices/device:cc/device:cd/device:ce/subsystem/devices/device:bd/subsystem/devices/device:9e HTTP/2.0" 200 3403 "https://www.marcoshsilva.com/index.php?path=//sys/class/net/lo/subsystem/phy1/device/net/phy1/device/firmware_node/subsystem/devices/device:ad/subsystem/devices/device:ad/subsystem/devices/device:7c/subsystem/devices/device:cc/device:cd/device:ce/subsystem/devices/device:bd/subsystem/devices" "Mozilla/5.0 AppleWebKit/537.36 (KHTML, like Gecko; compatible; GPTBot/1.4; +https://openai.com/gptbot)"
74.7.241.38 - - [19/Jun/2026:00:54:30 -0700] "GET /index.php?path=//sys/class/net/lo/subsystem/phy1/device/net/phy1/device/firmware_node/subsystem/devices/device:ad/subsystem/devices/device:ad/subsystem/devices/device:7c/subsystem/devices/device:cc/device:cd/device:ce/subsystem/devices/device:bd/subsystem/devices/device:66 HTTP/2.0" 200 3481 "https://www.marcoshsilva.com/index.php?path=//sys/class/net/lo/subsystem/phy1/device/net/phy1/device/firmware_node/subsystem/devices/device:ad/subsystem/devices/device:ad/subsystem/devices/device:7c/subsystem/devices/device:cc/device:cd/device:ce/subsystem/devices/device:bd/subsystem/devices" "Mozilla/5.0 AppleWebKit/537.36 (KHTML, like Gecko; compatible; GPTBot/1.4; +https://openai.com/gptbot)"
216.73.217.88 - - [19/Jun/2026:00:54:31 -0700] "GET /index.php/sitemap.xml?fileloc=%2Fhome%2Fdh_mhscom%2Fmarcoshsilva.com%2Fwp-includes%2Fblocks%2Fmissing%2F.htaccess&path=%2Fhome%2Fdh_mhscom%2Fmarcoshsilva.com%2Fwp-includes%2Fblocks%2Fmissing HTTP/2.0" 429 352 "-" "Mozilla/5.0 AppleWebKit/537.36 (KHTML, like Gecko; compatible; ClaudeBot/1.0; +claudebot@anthropic.com)"
74.7.241.38 - - [19/Jun/2026:00:54:33 -0700] "GET /index.php?path=//sys/class/net/lo/subsystem/phy1/device/net/phy1/device/firmware_node/subsystem/devices/device:ad/subsystem/devices/device:ad/subsystem/devices/device:7c/subsystem/devices/device:cc/device:cd/subsystem/devices/device:de HTTP/2.0" 200 3308 "https://www.marcoshsilva.com/index.php?path=//sys/class/net/lo/subsystem/phy1/device/net/phy1/device/firmware_node/subsystem/devices/device:ad/subsystem/devices/device:ad/subsystem/devices/device:7c/subsystem/devices/device:cc/device:cd/subsystem/devices" "Mozilla/5.0 AppleWebKit/537.36 (KHTML, like Gecko; compatible; GPTBot/1.4; +https://openai.com/gptbot)"
74.7.241.38 - - [19/Jun/2026:00:54:36 -0700] "GET /index.php?path=//sys/class/net/lo/subsystem/phy1/device/net/phy1/device/firmware_node/subsystem/devices/device:ad/subsystem/devices/device:ad/subsystem/devices/device:7c/subsystem/devices/device:cc/device:cd/device:ce/subsystem/devices/device:bd/subsystem/devices/device:ee HTTP/2.0" 200 3361 "https://www.marcoshsilva.com/index.php?path=//sys/class/net/lo/subsystem/phy1/device/net/phy1/device/firmware_node/subsystem/devices/device:ad/subsystem/devices/device:ad/subsystem/devices/device:7c/subsystem/devices/device:cc/device:cd/device:ce/subsystem/devices/device:bd/subsystem/devices" "Mozilla/5.0 AppleWebKit/537.36 (KHTML, like Gecko; compatible; GPTBot/1.4; +https://openai.com/gptbot)"
216.73.217.88 - - [19/Jun/2026:00:54:36 -0700] "GET /index.php/sitemap.xml?fileloc=%2F%2Fusr%2Fshare%2Fm17n%2FIBM281.map&path=%2F%2Fusr%2Fshare%2Fm17n HTTP/2.0" 429 280 "-" "Mozilla/5.0 AppleWebKit/537.36 (KHTML, like Gecko; compatible; ClaudeBot/1.0; +claudebot@anthropic.com)"
167.114.139.73 - - [19/Jun/2026:00:54:37 -0700] "GET /special/Q043809300690 HTTP/2.0" 404 395 "-" "Mozilla/5.0 (compatible; AhrefsBot/7.0; +http://ahrefs.com/robot/)"
74.7.241.38 - - [19/Jun/2026:00:54:39 -0700] "GET /index.php?path=//sys/class/net/lo/subsystem/phy1/device/net/phy1/device/firmware_node/subsystem/devices/device:ad/subsystem/devices/device:ad/subsystem/devices/device:7c/subsystem/devices/device:cc/device:cd/device:ce/subsystem/devices/device:bd/subsystem/devices/device:ba HTTP/2.0" 200 3362 "https://www.marcoshsilva.com/index.php?path=//sys/class/net/lo/subsystem/phy1/device/net/phy1/device/firmware_node/subsystem/devices/device:ad/subsystem/devices/device:ad/subsystem/devices/device:7c/subsystem/devices/device:cc/device:cd/device:ce/subsystem/devices/device:bd/subsystem/devices" "Mozilla/5.0 AppleWebKit/537.36 (KHTML, like Gecko; compatible; GPTBot/1.4; +https://openai.com/gptbot)"
74.7.241.38 - - [19/Jun/2026:00:54:42 -0700] "GET /index.php?path=//sys/class/net/lo/subsystem/phy1/device/net/phy1/device/firmware_node/subsystem/devices/device:ad/subsystem/devices/device:ad/subsystem/devices/device:7c/subsystem/devices/device:cc/device:cd/subsystem/devices/device:cd HTTP/2.0" 200 3420 "https://www.marcoshsilva.com/index.php?path=//sys/class/net/lo/subsystem/phy1/device/net/phy1/device/firmware_node/subsystem/devices/device:ad/subsystem/devices/device:ad/subsystem/devices/device:7c/subsystem/devices/device:cc/device:cd/subsystem/devices" "Mozilla/5.0 AppleWebKit/537.36 (KHTML, like Gecko; compatible; GPTBot/1.4; +https://openai.com/gptbot)"
74.7.241.38 - - [19/Jun/2026:00:54:45 -0700] "GET /index.php?path=//sys/class/net/lo/subsystem/phy1/device/net/phy1/device/firmware_node/subsystem/devices/device:ad/subsystem/devices/device:ad/subsystem/devices/device:7c/subsystem/devices/device:cc/device:cd/subsystem/devices/device:ae HTTP/2.0" 200 3307 "https://www.marcoshsilva.com/index.php?path=//sys/class/net/lo/subsystem/phy1/device/net/phy1/device/firmware_node/subsystem/devices/device:ad/subsystem/devices/device:ad/subsystem/devices/device:7c/subsystem/devices/device:cc/device:cd/subsystem/devices" "Mozilla/5.0 AppleWebKit/537.36 (KHTML, like Gecko; compatible; GPTBot/1.4; +https://openai.com/gptbot)"
216.73.217.88 - - [19/Jun/2026:00:54:46 -0700] "GET /index.php/sitemap.xml?path=%2F%2Flib%2Flocale%2Fnhn_MX%2FLC_MESSAGES HTTP/2.0" 429 353 "-" "Mozilla/5.0 AppleWebKit/537.36 (KHTML, like Gecko; compatible; ClaudeBot/1.0; +claudebot@anthropic.com)"
216.73.217.88 - - [19/Jun/2026:00:54:46 -0700] "GET /index.php/sitemap.xml?fileloc=%2F%2Fusr%2Fshare%2Fm17n%2FORYA-OTF.flt&path=%2F%2Fusr%2Fshare%2Fm17n HTTP/2.0" 429 256 "-" "Mozilla/5.0 AppleWebKit/537.36 (KHTML, like Gecko; compatible; ClaudeBot/1.0; +claudebot@anthropic.com)"
74.7.241.38 - - [19/Jun/2026:00:54:48 -0700] "GET /index.php?path=//sys/class/net/lo/subsystem/phy1/device/net/phy1/device/firmware_node/subsystem/devices/device:ad/subsystem/devices/device:ad/subsystem/devices/device:7c/subsystem/devices/device:cc/device:cd/subsystem/devices/device:fd HTTP/2.0" 200 3347 "https://www.marcoshsilva.com/index.php?path=//sys/class/net/lo/subsystem/phy1/device/net/phy1/device/firmware_node/subsystem/devices/device:ad/subsystem/devices/device:ad/subsystem/devices/device:7c/subsystem/devices/device:cc/device:cd/subsystem/devices" "Mozilla/5.0 AppleWebKit/537.36 (KHTML, like Gecko; compatible; GPTBot/1.4; +https://openai.com/gptbot)"
66.249.68.8 - - [19/Jun/2026:00:54:49 -0700] "GET /products/131ep3183 HTTP/1.1" 404 3855 "-" "Mozilla/5.0 (Linux; Android 6.0.1; Nexus 5X Build/MMB29P) AppleWebKit/537.36 (KHTML, like Gecko) Chrome/148.0.7778.96 Mobile Safari/537.36 (compatible; Googlebot/2.1; +http://www.google.com/bot.html)"
66.249.68.8 - - [19/Jun/2026:00:54:49 -0700] "GET /read179019596.html HTTP/1.1" 404 537 "-" "Mozilla/5.0 (Linux; Android 6.0.1; Nexus 5X Build/MMB29P) AppleWebKit/537.36 (KHTML, like Gecko) Chrome/148.0.7778.96 Mobile Safari/537.36 (compatible; Googlebot/2.1; +http://www.google.com/bot.html)"
74.7.241.38 - - [19/Jun/2026:00:54:52 -0700] "GET /index.php?path=//sys/class/net/lo/subsystem/phy1/device/net/phy1/device/firmware_node/subsystem/devices/device:ad/subsystem/devices/device:ad/subsystem/devices/device:7c/subsystem/devices/device:cc/device:cd/subsystem/devices/device:cf HTTP/2.0" 200 3346 "https://www.marcoshsilva.com/index.php?path=//sys/class/net/lo/subsystem/phy1/device/net/phy1/device/firmware_node/subsystem/devices/device:ad/subsystem/devices/device:ad/subsystem/devices/device:7c/subsystem/devices/device:cc/device:cd/subsystem/devices" "Mozilla/5.0 AppleWebKit/537.36 (KHTML, like Gecko; compatible; GPTBot/1.4; +https://openai.com/gptbot)"
216.73.217.88 - - [19/Jun/2026:00:54:53 -0700] "GET /index.php/sitemap.xml?fileloc=%2F%2Flib%2Fruby%2F2.7.0%2Foptparse%2Fdate.rb&path=%2F%2Flib%2Fruby%2F2.7.0%2Foptparse HTTP/2.0" 429 353 "-" "Mozilla/5.0 AppleWebKit/537.36 (KHTML, like Gecko; compatible; ClaudeBot/1.0; +claudebot@anthropic.com)"
74.7.241.38 - - [19/Jun/2026:00:54:55 -0700] "GET /index.php?path=//sys/class/net/lo/subsystem/phy1/device/net/phy1/device/firmware_node/subsystem/devices/device:ad/subsystem/devices/device:ad/subsystem/devices/device:7c/subsystem/devices/device:cc/device:cd/subsystem/devices/device:cc HTTP/2.0" 200 3456 "https://www.marcoshsilva.com/index.php?path=//sys/class/net/lo/subsystem/phy1/device/net/phy1/device/firmware_node/subsystem/devices/device:ad/subsystem/devices/device:ad/subsystem/devices/device:7c/subsystem/devices/device:cc/device:cd/subsystem/devices" "Mozilla/5.0 AppleWebKit/537.36 (KHTML, like Gecko; compatible; GPTBot/1.4; +https://openai.com/gptbot)"
142.44.220.68 - - [19/Jun/2026:00:54:56 -0700] "GET /special/Q043781166946 HTTP/2.0" 404 395 "-" "Mozilla/5.0 (compatible; AhrefsBot/7.0; +http://ahrefs.com/robot/)"
216.73.217.88 - - [19/Jun/2026:00:54:58 -0700] "GET /index.php/sitemap.xml?path=%2Fhome%2Fdh_mhscom%2Fmarcoshsilva.com_20220406204023%2Fwp-includes%2Fjs%2Ftinymce%2Fplugins%2Fhr HTTP/2.0" 429 353 "-" "Mozilla/5.0 AppleWebKit/537.36 (KHTML, like Gecko; compatible; ClaudeBot/1.0; +claudebot@anthropic.com)"
74.7.241.38 - - [19/Jun/2026:00:54:58 -0700] "GET /index.php?path=//sys/class/net/lo/subsystem/phy1/device/net/phy1/device/firmware_node/subsystem/devices/device:ad/subsystem/devices/device:ad/subsystem/devices/device:7c/subsystem/devices/device:cc/device:cd/subsystem/devices/device:ca HTTP/2.0" 200 3348 "https://www.marcoshsilva.com/index.php?path=//sys/class/net/lo/subsystem/phy1/device/net/phy1/device/firmware_node/subsystem/devices/device:ad/subsystem/devices/device:ad/subsystem/devices/device:7c/subsystem/devices/device:cc/device:cd/subsystem/devices" "Mozilla/5.0 AppleWebKit/537.36 (KHTML, like Gecko; compatible; GPTBot/1.4; +https://openai.com/gptbot)"
74.7.241.38 - - [19/Jun/2026:00:55:01 -0700] "GET /index.php?path=//sys/class/net/lo/subsystem/phy1/device/net/phy1/device/firmware_node/subsystem/devices/device:ad/subsystem/devices/device:ad/subsystem/devices/device:7c/subsystem/devices/device:cc/device:cd/subsystem/devices/device:dc HTTP/2.0" 200 3306 "https://www.marcoshsilva.com/index.php?path=//sys/class/net/lo/subsystem/phy1/device/net/phy1/device/firmware_node/subsystem/devices/device:ad/subsystem/devices/device:ad/subsystem/devices/device:7c/subsystem/devices/device:cc/device:cd/subsystem/devices" "Mozilla/5.0 AppleWebKit/537.36 (KHTML, like Gecko; compatible; GPTBot/1.4; +https://openai.com/gptbot)"
216.73.217.88 - - [19/Jun/2026:00:55:03 -0700] "GET /index.php/sitemap.xml?fileloc=%2F%2Frun%2Fnetwork%2Fifstate.eth1%3A12&path=%2F%2Frun%2Fnetwork HTTP/2.0" 429 279 "-" "Mozilla/5.0 AppleWebKit/537.36 (KHTML, like Gecko; compatible; ClaudeBot/1.0; +claudebot@anthropic.com)"
74.7.241.38 - - [19/Jun/2026:00:55:04 -0700] "GET /index.php?path=//sys/class/net/lo/subsystem/phy1/device/net/phy1/device/firmware_node/subsystem/devices/device:ad/subsystem/devices/device:ad/subsystem/devices/device:7c/subsystem/devices/device:cc/device:cd/subsystem/devices/device:cb HTTP/2.0" 200 3343 "https://www.marcoshsilva.com/index.php?path=//sys/class/net/lo/subsystem/phy1/device/net/phy1/device/firmware_node/subsystem/devices/device:ad/subsystem/devices/device:ad/subsystem/devices/device:7c/subsystem/devices/device:cc/device:cd/subsystem/devices" "Mozilla/5.0 AppleWebKit/537.36 (KHTML, like Gecko; compatible; GPTBot/1.4; +https://openai.com/gptbot)"
74.7.241.38 - - [19/Jun/2026:00:55:08 -0700] "GET /index.php?path=//sys/class/net/lo/subsystem/phy1/device/net/phy1/device/firmware_node/subsystem/devices/device:ad/subsystem/devices/device:ad/subsystem/devices/device:7c/subsystem/devices/device:cc/device:cd/subsystem/devices/device:de/subsystem HTTP/2.0" 200 3372 "https://www.marcoshsilva.com/index.php?path=//sys/class/net/lo/subsystem/phy1/device/net/phy1/device/firmware_node/subsystem/devices/device:ad/subsystem/devices/device:ad/subsystem/devices/device:7c/subsystem/devices/device:cc/device:cd/subsystem/devices/device:de" "Mozilla/5.0 AppleWebKit/537.36 (KHTML, like Gecko; compatible; GPTBot/1.4; +https://openai.com/gptbot)"
51.161.65.44 - - [19/Jun/2026:00:55:10 -0700] "GET /index.php/sitemap.xml HTTP/2.0" 200 4232 "-" "Mozilla/5.0 (compatible; AhrefsBot/7.0; +http://ahrefs.com/robot/)"
74.7.241.38 - - [19/Jun/2026:00:55:11 -0700] "GET /index.php?path=//sys/class/net/lo/subsystem/phy1/device/net/phy1/device/firmware_node/subsystem/devices/device:ad/subsystem/devices/device:ad/subsystem/devices/device:7c/subsystem/devices/device:cc/device:cd/subsystem/devices/device:ef HTTP/2.0" 200 3307 "https://www.marcoshsilva.com/index.php?path=//sys/class/net/lo/subsystem/phy1/device/net/phy1/device/firmware_node/subsystem/devices/device:ad/subsystem/devices/device:ad/subsystem/devices/device:7c/subsystem/devices/device:cc/device:cd/subsystem/devices" "Mozilla/5.0 AppleWebKit/537.36 (KHTML, like Gecko; compatible; GPTBot/1.4; +https://openai.com/gptbot)"
216.73.217.88 - - [19/Jun/2026:00:55:11 -0700] "GET /index.php/sitemap.xml?path=%2F%2Flib%2Flocale%2Fzh_TW.utf8%2FLC_MESSAGES HTTP/2.0" 429 352 "-" "Mozilla/5.0 AppleWebKit/537.36 (KHTML, like Gecko; compatible; ClaudeBot/1.0; +claudebot@anthropic.com)"
216.73.217.88 - - [19/Jun/2026:00:55:13 -0700] "GET /index.php/sitemap.xml?fileloc=%2F%2Frun%2Fnetwork%2Fifstate.eth1%3A26&path=%2F%2Frun%2Fnetwork HTTP/2.0" 429 279 "-" "Mozilla/5.0 AppleWebKit/537.36 (KHTML, like Gecko; compatible; ClaudeBot/1.0; +claudebot@anthropic.com)"
