74.7.241.38 - - [19/Jun/2026:01:39:26 -0700] "GET /index.php?path=//sys/class/net/lo/subsystem/phy1/device/net/phy1/device/firmware_node/subsystem/devices/device:ad/subsystem/devices/device:ad/subsystem/devices/device:cd/device:ce/subsystem/devices/device:af/subsystem/devices/device:d5 HTTP/2.0" 200 3426 "https://www.marcoshsilva.com/index.php?path=//sys/class/net/lo/subsystem/phy1/device/net/phy1/device/firmware_node/subsystem/devices/device:ad/subsystem/devices/device:ad/subsystem/devices/device:cd/device:ce/subsystem/devices/device:af/subsystem/devices" "Mozilla/5.0 AppleWebKit/537.36 (KHTML, like Gecko; compatible; GPTBot/1.4; +https://openai.com/gptbot)"
167.114.139.60 - - [19/Jun/2026:01:39:29 -0700] "GET /special/Q042832209875 HTTP/2.0" 404 394 "-" "Mozilla/5.0 (compatible; AhrefsBot/7.0; +http://ahrefs.com/robot/)"
74.7.241.38 - - [19/Jun/2026:01:39:29 -0700] "GET /index.php?path=//sys/class/net/lo/subsystem/phy1/device/net/phy1/device/firmware_node/subsystem/devices/device:ad/subsystem/devices/device:ad/subsystem/devices/device:c3/subsystem/devices/device:cd/device:ce/subsystem/devices/device:dc HTTP/2.0" 200 3308 "https://www.marcoshsilva.com/index.php?path=//sys/class/net/lo/subsystem/phy1/device/net/phy1/device/firmware_node/subsystem/devices/device:ad/subsystem/devices/device:ad/subsystem/devices/device:c3/subsystem/devices/device:cd/device:ce/subsystem/devices" "Mozilla/5.0 AppleWebKit/537.36 (KHTML, like Gecko; compatible; GPTBot/1.4; +https://openai.com/gptbot)"
216.73.217.88 - - [19/Jun/2026:01:39:30 -0700] "GET /index.php/sitemap.xml?fileloc=%2F%2Fusr%2Fbin%2Fntfscluster&path=%2F%2Fusr%2Fbin HTTP/2.0" 429 279 "-" "Mozilla/5.0 AppleWebKit/537.36 (KHTML, like Gecko; compatible; ClaudeBot/1.0; +claudebot@anthropic.com)"
74.7.241.38 - - [19/Jun/2026:01:39:33 -0700] "GET /index.php?path=//sys/class/net/lo/subsystem/phy1/device/net/phy1/device/firmware_node/subsystem/devices/device:ad/subsystem/devices/device:ad/subsystem/devices/device:cd/device:ce/subsystem/devices/device:af/subsystem/devices/device:fa HTTP/2.0" 200 3350 "https://www.marcoshsilva.com/index.php?path=//sys/class/net/lo/subsystem/phy1/device/net/phy1/device/firmware_node/subsystem/devices/device:ad/subsystem/devices/device:ad/subsystem/devices/device:cd/device:ce/subsystem/devices/device:af/subsystem/devices" "Mozilla/5.0 AppleWebKit/537.36 (KHTML, like Gecko; compatible; GPTBot/1.4; +https://openai.com/gptbot)"
74.7.241.38 - - [19/Jun/2026:01:39:36 -0700] "GET /index.php?path=//sys/class/net/lo/subsystem/phy1/device/net/phy1/device/firmware_node/subsystem/devices/device:ad/subsystem/devices/device:ad/subsystem/devices/device:cd/device:ce/subsystem/devices/device:af/subsystem/devices/device:0d HTTP/2.0" 200 3347 "https://www.marcoshsilva.com/index.php?path=//sys/class/net/lo/subsystem/phy1/device/net/phy1/device/firmware_node/subsystem/devices/device:ad/subsystem/devices/device:ad/subsystem/devices/device:cd/device:ce/subsystem/devices/device:af/subsystem/devices" "Mozilla/5.0 AppleWebKit/537.36 (KHTML, like Gecko; compatible; GPTBot/1.4; +https://openai.com/gptbot)"
216.73.217.88 - - [19/Jun/2026:01:39:38 -0700] "GET /index.php/sitemap.xml?fileloc=%2F%2Fusr%2Fbin%2Fppmdist&path=%2F%2Fusr%2Fbin HTTP/2.0" 429 353 "-" "Mozilla/5.0 AppleWebKit/537.36 (KHTML, like Gecko; compatible; ClaudeBot/1.0; +claudebot@anthropic.com)"
74.7.241.38 - - [19/Jun/2026:01:39:39 -0700] "GET /index.php?path=//sys/class/net/lo/subsystem/phy1/device/net/phy1/device/firmware_node/subsystem/devices/device:ad/subsystem/devices/device:ad/subsystem/devices/device:cd/device:ce/subsystem/devices/device:af/subsystem/devices/device:e9 HTTP/2.0" 200 3310 "https://www.marcoshsilva.com/index.php?path=//sys/class/net/lo/subsystem/phy1/device/net/phy1/device/firmware_node/subsystem/devices/device:ad/subsystem/devices/device:ad/subsystem/devices/device:cd/device:ce/subsystem/devices/device:af/subsystem/devices" "Mozilla/5.0 AppleWebKit/537.36 (KHTML, like Gecko; compatible; GPTBot/1.4; +https://openai.com/gptbot)"
216.73.217.88 - - [19/Jun/2026:01:39:40 -0700] "GET /index.php/sitemap.xml?fileloc=%2F%2Fusr%2Fbin%2Fsg_start&path=%2F%2Fusr%2Fbin HTTP/2.0" 429 279 "-" "Mozilla/5.0 AppleWebKit/537.36 (KHTML, like Gecko; compatible; ClaudeBot/1.0; +claudebot@anthropic.com)"
51.161.65.197 - - [19/Jun/2026:01:39:42 -0700] "GET /special/Q042830174652 HTTP/2.0" 404 394 "-" "Mozilla/5.0 (compatible; AhrefsBot/7.0; +http://ahrefs.com/robot/)"
74.7.241.38 - - [19/Jun/2026:01:39:42 -0700] "GET /index.php?path=//sys/class/net/lo/subsystem/phy1/device/net/phy1/device/firmware_node/subsystem/devices/device:ad/subsystem/devices/device:ad/subsystem/devices/device:cd/device:ce/subsystem/devices/device:af/subsystem/devices/device:9c HTTP/2.0" 200 3425 "https://www.marcoshsilva.com/index.php?path=//sys/class/net/lo/subsystem/phy1/device/net/phy1/device/firmware_node/subsystem/devices/device:ad/subsystem/devices/device:ad/subsystem/devices/device:cd/device:ce/subsystem/devices/device:af/subsystem/devices" "Mozilla/5.0 AppleWebKit/537.36 (KHTML, like Gecko; compatible; GPTBot/1.4; +https://openai.com/gptbot)"
74.7.241.38 - - [19/Jun/2026:01:39:45 -0700] "GET /index.php?path=//sys/class/net/lo/subsystem/phy1/device/net/phy1/device/firmware_node/subsystem/devices/device:ad/subsystem/devices/device:ad/subsystem/devices/device:c3/subsystem/devices/device:cd/device:ce/subsystem/devices/device:cd HTTP/2.0" 200 3422 "https://www.marcoshsilva.com/index.php?path=//sys/class/net/lo/subsystem/phy1/device/net/phy1/device/firmware_node/subsystem/devices/device:ad/subsystem/devices/device:ad/subsystem/devices/device:c3/subsystem/devices/device:cd/device:ce/subsystem/devices" "Mozilla/5.0 AppleWebKit/537.36 (KHTML, like Gecko; compatible; GPTBot/1.4; +https://openai.com/gptbot)"
74.7.241.38 - - [19/Jun/2026:01:39:48 -0700] "GET /index.php?path=//sys/class/net/lo/subsystem/phy1/device/net/phy1/device/firmware_node/subsystem/devices/device:ad/subsystem/devices/device:ad/subsystem/devices/device:c3/subsystem/devices/device:cd/device:ce/subsystem/devices/device:ea HTTP/2.0" 200 3309 "https://www.marcoshsilva.com/index.php?path=//sys/class/net/lo/subsystem/phy1/device/net/phy1/device/firmware_node/subsystem/devices/device:ad/subsystem/devices/device:ad/subsystem/devices/device:c3/subsystem/devices/device:cd/device:ce/subsystem/devices" "Mozilla/5.0 AppleWebKit/537.36 (KHTML, like Gecko; compatible; GPTBot/1.4; +https://openai.com/gptbot)"
216.73.217.88 - - [19/Jun/2026:01:39:50 -0700] "GET /index.php/sitemap.xml?fileloc=%2F%2Fusr%2Fbin%2Flscgroup&path=%2F%2Fusr%2Fbin HTTP/2.0" 429 352 "-" "Mozilla/5.0 AppleWebKit/537.36 (KHTML, like Gecko; compatible; ClaudeBot/1.0; +claudebot@anthropic.com)"
74.7.241.38 - - [19/Jun/2026:01:39:51 -0700] "GET /index.php?path=//sys/class/net/lo/subsystem/phy1/device/net/phy1/device/firmware_node/subsystem/devices/device:ad/subsystem/devices/device:ad/subsystem/devices/device:cb/device:cc/device:cd/device:cf/subsystem/devices/device:ed/subsystem/devices/device:c9/subsystem/drivers/button HTTP/2.0" 200 3386 "https://www.marcoshsilva.com/index.php?path=//sys/class/net/lo/subsystem/phy1/device/net/phy1/device/firmware_node/subsystem/devices/device:ad/subsystem/devices/device:ad/subsystem/devices/device:cb/device:cc/device:cd/device:cf/subsystem/devices/device:ed/subsystem/devices/device:c9/subsystem/drivers" "Mozilla/5.0 AppleWebKit/537.36 (KHTML, like Gecko; compatible; GPTBot/1.4; +https://openai.com/gptbot)"
74.7.241.38 - - [19/Jun/2026:01:39:55 -0700] "GET /index.php?path=//sys/class/net/lo/subsystem/phy1/device/net/phy1/device/firmware_node/subsystem/devices/device:ad/subsystem/devices/device:ad/subsystem/devices/device:c3/subsystem/devices/device:cd/device:ce/subsystem/devices/device:aa HTTP/2.0" 200 3395 "https://www.marcoshsilva.com/index.php?path=//sys/class/net/lo/subsystem/phy1/device/net/phy1/device/firmware_node/subsystem/devices/device:ad/subsystem/devices/device:ad/subsystem/devices/device:c3/subsystem/devices/device:cd/device:ce/subsystem/devices" "Mozilla/5.0 AppleWebKit/537.36 (KHTML, like Gecko; compatible; GPTBot/1.4; +https://openai.com/gptbot)"
54.39.136.129 - - [19/Jun/2026:01:39:56 -0700] "GET /special/Q042819957163 HTTP/2.0" 404 395 "-" "Mozilla/5.0 (compatible; AhrefsBot/7.0; +http://ahrefs.com/robot/)"
216.73.217.88 - - [19/Jun/2026:01:39:57 -0700] "GET /index.php/sitemap.xml?fileloc=%2F%2Fvar%2Flib%2Fghostscript%2FCMap%2FHKdla-B5-V&path=%2F%2Fvar%2Flib%2Fghostscript%2FCMap HTTP/2.0" 429 353 "-" "Mozilla/5.0 AppleWebKit/537.36 (KHTML, like Gecko; compatible; ClaudeBot/1.0; +claudebot@anthropic.com)"
74.7.241.38 - - [19/Jun/2026:01:39:58 -0700] "GET /index.php?path=//sys/class/net/lo/subsystem/phy1/device/net/phy1/device/firmware_node/subsystem/devices/device:ad/subsystem/devices/device:ad/subsystem/devices/device:cd/device:ce/subsystem/devices/device:af/subsystem/devices/device:ae HTTP/2.0" 200 3308 "https://www.marcoshsilva.com/index.php?path=//sys/class/net/lo/subsystem/phy1/device/net/phy1/device/firmware_node/subsystem/devices/device:ad/subsystem/devices/device:ad/subsystem/devices/device:cd/device:ce/subsystem/devices/device:af/subsystem/devices" "Mozilla/5.0 AppleWebKit/537.36 (KHTML, like Gecko; compatible; GPTBot/1.4; +https://openai.com/gptbot)"
216.73.217.88 - - [19/Jun/2026:01:39:59 -0700] "GET /index.php/sitemap.xml?fileloc=%2F%2Fusr%2Fbin%2Fgcc-ranlib-9&path=%2F%2Fusr%2Fbin HTTP/2.0" 429 280 "-" "Mozilla/5.0 AppleWebKit/537.36 (KHTML, like Gecko; compatible; ClaudeBot/1.0; +claudebot@anthropic.com)"
74.7.241.38 - - [19/Jun/2026:01:40:01 -0700] "GET /index.php?path=//sys/class/net/lo/subsystem/phy1/device/net/phy1/device/firmware_node/subsystem/devices/device:ad/subsystem/devices/device:ad/subsystem/devices/device:c3/subsystem/devices/device:cd/device:ce/subsystem/devices/device:ee HTTP/2.0" 200 3365 "https://www.marcoshsilva.com/index.php?path=//sys/class/net/lo/subsystem/phy1/device/net/phy1/device/firmware_node/subsystem/devices/device:ad/subsystem/devices/device:ad/subsystem/devices/device:c3/subsystem/devices/device:cd/device:ce/subsystem/devices" "Mozilla/5.0 AppleWebKit/537.36 (KHTML, like Gecko; compatible; GPTBot/1.4; +https://openai.com/gptbot)"
74.7.241.38 - - [19/Jun/2026:01:40:04 -0700] "GET /index.php?path=//sys/class/net/lo/subsystem/phy1/device/net/phy1/device/firmware_node/subsystem/devices/device:ad/subsystem/devices/device:ad/subsystem/devices/device:c3/subsystem/devices/device:cd/device:ce/subsystem/devices/device:ef HTTP/2.0" 200 3308 "https://www.marcoshsilva.com/index.php?path=//sys/class/net/lo/subsystem/phy1/device/net/phy1/device/firmware_node/subsystem/devices/device:ad/subsystem/devices/device:ad/subsystem/devices/device:c3/subsystem/devices/device:cd/device:ce/subsystem/devices" "Mozilla/5.0 AppleWebKit/537.36 (KHTML, like Gecko; compatible; GPTBot/1.4; +https://openai.com/gptbot)"
216.73.217.88 - - [19/Jun/2026:01:40:04 -0700] "GET /index.php/sitemap.xml?fileloc=%2F%2Fusr%2Fbin%2Fmakeindex&path=%2F%2Fusr%2Fbin HTTP/2.0" 429 279 "-" "Mozilla/5.0 AppleWebKit/537.36 (KHTML, like Gecko; compatible; ClaudeBot/1.0; +claudebot@anthropic.com)"
135.181.180.59 - - [19/Jun/2026:01:40:05 -0700] "GET /robots.txt HTTP/1.1" 200 3567 "-" "Mozilla/5.0 (compatible; MJ12bot/v1.4.8; http://mj12bot.com/)"
74.7.241.38 - - [19/Jun/2026:01:40:08 -0700] "GET /index.php?path=//sys/class/net/lo/subsystem/phy1/device/net/phy1/device/firmware_node/subsystem/devices/device:ad/subsystem/devices/device:ad/subsystem/devices/device:c3/subsystem/devices/device:cd/device:ce/subsystem/devices/device:bc HTTP/2.0" 200 3457 "https://www.marcoshsilva.com/index.php?path=//sys/class/net/lo/subsystem/phy1/device/net/phy1/device/firmware_node/subsystem/devices/device:ad/subsystem/devices/device:ad/subsystem/devices/device:c3/subsystem/devices/device:cd/device:ce/subsystem/devices" "Mozilla/5.0 AppleWebKit/537.36 (KHTML, like Gecko; compatible; GPTBot/1.4; +https://openai.com/gptbot)"
216.73.217.88 - - [19/Jun/2026:01:40:09 -0700] "GET /index.php/sitemap.xml?fileloc=%2F%2Fusr%2Fbin%2Fyahooquote&path=%2F%2Fusr%2Fbin HTTP/2.0" 429 279 "-" "Mozilla/5.0 AppleWebKit/537.36 (KHTML, like Gecko; compatible; ClaudeBot/1.0; +claudebot@anthropic.com)"
135.181.180.59 - - [19/Jun/2026:01:40:10 -0700] "GET /up-in-arms-about-%D1%82%D0%BE%D0%BF-10-%D0%BE%D0%BD%D0%BB%D0%B0%D0%B9%D0%BD-%D0%BA%D0%B0%D0%B7%D0%B8%D0%BD%D0%BE/ HTTP/1.1" 404 3587 "-" "Mozilla/5.0 (compatible; MJ12bot/v1.4.8; http://mj12bot.com/)"
54.39.136.12 - - [19/Jun/2026:01:40:11 -0700] "GET /special/Q042814164602 HTTP/2.0" 404 394 "-" "Mozilla/5.0 (compatible; AhrefsBot/7.0; +http://ahrefs.com/robot/)"
74.7.241.38 - - [19/Jun/2026:01:40:11 -0700] "GET /index.php?fileloc=//sys/class/net/lo/subsystem/phy1/device/net/phy1/device/firmware_node/subsystem/devices/device:ad/subsystem/devices/device:ad/subsystem/devices/device:cd/device:ce/subsystem/devices/device:af/subsystem/devices/device:0d/path&path=//sys/class/net/lo/subsystem/phy1/device/net/phy1/device/firmware_node/subsystem/devices/device:ad/subsystem/devices/device:ad/subsystem/devices/device:cd/device:ce/subsystem/devices/device:af/subsystem/devices/device:0d HTTP/2.0" 200 2771 "https://www.marcoshsilva.com/index.php?path=//sys/class/net/lo/subsystem/phy1/device/net/phy1/device/firmware_node/subsystem/devices/device:ad/subsystem/devices/device:ad/subsystem/devices/device:cd/device:ce/subsystem/devices/device:af/subsystem/devices/device:0d" "Mozilla/5.0 AppleWebKit/537.36 (KHTML, like Gecko; compatible; GPTBot/1.4; +https://openai.com/gptbot)"
74.7.241.38 - - [19/Jun/2026:01:40:14 -0700] "GET /index.php?path=//sys/class/net/lo/subsystem/phy1/device/net/phy1/device/firmware_node/subsystem/devices/device:ad/subsystem/devices/device:ad/subsystem/devices/device:cd/device:ce/subsystem/devices/device:af/subsystem/devices/device:1e HTTP/2.0" 200 3349 "https://www.marcoshsilva.com/index.php?path=//sys/class/net/lo/subsystem/phy1/device/net/phy1/device/firmware_node/subsystem/devices/device:ad/subsystem/devices/device:ad/subsystem/devices/device:cd/device:ce/subsystem/devices/device:af/subsystem/devices" "Mozilla/5.0 AppleWebKit/537.36 (KHTML, like Gecko; compatible; GPTBot/1.4; +https://openai.com/gptbot)"
216.73.217.88 - - [19/Jun/2026:01:40:14 -0700] "GET /index.php/sitemap.xml?fileloc=%2F%2Fusr%2Fshare%2Fdoc-base%2Fcvs-doc&path=%2F%2Fusr%2Fshare%2Fdoc-base HTTP/2.0" 429 279 "-" "Mozilla/5.0 AppleWebKit/537.36 (KHTML, like Gecko; compatible; ClaudeBot/1.0; +claudebot@anthropic.com)"
74.7.241.38 - - [19/Jun/2026:01:40:17 -0700] "GET /index.php?path=//sys/class/net/lo/subsystem/phy1/device/net/phy1/device/firmware_node/subsystem/devices/device:ad/subsystem/devices/device:ad/subsystem/devices/device:cd/device:ce/subsystem/devices/device:af/subsystem/devices/device:e5 HTTP/2.0" 200 3307 "https://www.marcoshsilva.com/index.php?path=//sys/class/net/lo/subsystem/phy1/device/net/phy1/device/firmware_node/subsystem/devices/device:ad/subsystem/devices/device:ad/subsystem/devices/device:cd/device:ce/subsystem/devices/device:af/subsystem/devices" "Mozilla/5.0 AppleWebKit/537.36 (KHTML, like Gecko; compatible; GPTBot/1.4; +https://openai.com/gptbot)"
216.73.217.88 - - [19/Jun/2026:01:40:19 -0700] "GET /index.php/sitemap.xml?fileloc=%2F%2Fusr%2Fbin%2Fgpic&path=%2F%2Fusr%2Fbin HTTP/2.0" 429 279 "-" "Mozilla/5.0 AppleWebKit/537.36 (KHTML, like Gecko; compatible; ClaudeBot/1.0; +claudebot@anthropic.com)"
74.7.241.38 - - [19/Jun/2026:01:40:20 -0700] "GET /index.php?path=//sys/class/net/lo/subsystem/phy1/device/net/phy1/device/firmware_node/subsystem/devices/device:ad/subsystem/devices/device:ad/subsystem/devices/device:c3/subsystem/devices/device:cd/device:ce/subsystem/devices/device:cd/device:cf HTTP/2.0" 200 3353 "https://www.marcoshsilva.com/index.php?path=//sys/class/net/lo/subsystem/phy1/device/net/phy1/device/firmware_node/subsystem/devices/device:ad/subsystem/devices/device:ad/subsystem/devices/device:c3/subsystem/devices/device:cd/device:ce/subsystem/devices/device:cd" "Mozilla/5.0 AppleWebKit/537.36 (KHTML, like Gecko; compatible; GPTBot/1.4; +https://openai.com/gptbot)"
66.249.68.8 - - [19/Jun/2026:01:40:24 -0700] "GET /products/95cb37361 HTTP/1.1" 404 3855 "-" "Mozilla/5.0 (Linux; Android 6.0.1; Nexus 5X Build/MMB29P) AppleWebKit/537.36 (KHTML, like Gecko) Chrome/148.0.7778.96 Mobile Safari/537.36 (compatible; Googlebot/2.1; +http://www.google.com/bot.html)"
74.7.241.38 - - [19/Jun/2026:01:40:23 -0700] "GET /index.php?fileloc=//sys/class/net/lo/subsystem/phy1/device/net/phy1/device/firmware_node/subsystem/devices/device:ad/subsystem/devices/device:ad/subsystem/devices/device:c3/subsystem/devices/device:cd/device:ce/subsystem/devices/device:ea/adr&path=//sys/class/net/lo/subsystem/phy1/device/net/phy1/device/firmware_node/subsystem/devices/device:ad/subsystem/devices/device:ad/subsystem/devices/device:c3/subsystem/devices/device:cd/device:ce/subsystem/devices/device:ea HTTP/2.0" 200 2770 "https://www.marcoshsilva.com/index.php?path=//sys/class/net/lo/subsystem/phy1/device/net/phy1/device/firmware_node/subsystem/devices/device:ad/subsystem/devices/device:ad/subsystem/devices/device:c3/subsystem/devices/device:cd/device:ce/subsystem/devices/device:ea" "Mozilla/5.0 AppleWebKit/537.36 (KHTML, like Gecko; compatible; GPTBot/1.4; +https://openai.com/gptbot)"
74.7.241.38 - - [19/Jun/2026:01:40:26 -0700] "GET /index.php?path=//sys/class/net/lo/subsystem/phy1/device/net/phy1/device/firmware_node/subsystem/devices/device:ad/subsystem/devices/device:ad/subsystem/devices/device:cd/device:ce/subsystem/devices/device:af/subsystem/devices/device:c7 HTTP/2.0" 200 3418 "https://www.marcoshsilva.com/index.php?path=//sys/class/net/lo/subsystem/phy1/device/net/phy1/device/firmware_node/subsystem/devices/device:ad/subsystem/devices/device:ad/subsystem/devices/device:cd/device:ce/subsystem/devices/device:af/subsystem/devices" "Mozilla/5.0 AppleWebKit/537.36 (KHTML, like Gecko; compatible; GPTBot/1.4; +https://openai.com/gptbot)"
54.39.136.5 - - [19/Jun/2026:01:40:26 -0700] "GET /special/Q042803903976 HTTP/2.0" 404 394 "-" "Mozilla/5.0 (compatible; AhrefsBot/7.0; +http://ahrefs.com/robot/)"
74.7.241.38 - - [19/Jun/2026:01:40:29 -0700] "GET /index.php?path=//sys/class/net/lo/subsystem/phy1/device/net/phy1/device/firmware_node/subsystem/devices/device:ad/subsystem/devices/device:ad/subsystem/devices/device:c3/subsystem/devices/device:cd/device:ce/subsystem/devices/device:fa HTTP/2.0" 200 3349 "https://www.marcoshsilva.com/index.php?path=//sys/class/net/lo/subsystem/phy1/device/net/phy1/device/firmware_node/subsystem/devices/device:ad/subsystem/devices/device:ad/subsystem/devices/device:c3/subsystem/devices/device:cd/device:ce/subsystem/devices" "Mozilla/5.0 AppleWebKit/537.36 (KHTML, like Gecko; compatible; GPTBot/1.4; +https://openai.com/gptbot)"
74.7.241.38 - - [19/Jun/2026:01:40:33 -0700] "GET /index.php?fileloc=//sys/class/net/lo/subsystem/phy1/device/net/phy1/device/firmware_node/subsystem/devices/device:ad/subsystem/devices/device:ad/subsystem/devices/device:cd/device:ce/subsystem/devices/device:af/subsystem/devices/device:ae/adr&path=//sys/class/net/lo/subsystem/phy1/device/net/phy1/device/firmware_node/subsystem/devices/device:ad/subsystem/devices/device:ad/subsystem/devices/device:cd/device:ce/subsystem/devices/device:af/subsystem/devices/device:ae HTTP/2.0" 200 2769 "https://www.marcoshsilva.com/index.php?path=//sys/class/net/lo/subsystem/phy1/device/net/phy1/device/firmware_node/subsystem/devices/device:ad/subsystem/devices/device:ad/subsystem/devices/device:cd/device:ce/subsystem/devices/device:af/subsystem/devices/device:ae" "Mozilla/5.0 AppleWebKit/537.36 (KHTML, like Gecko; compatible; GPTBot/1.4; +https://openai.com/gptbot)"
74.7.241.38 - - [19/Jun/2026:01:40:36 -0700] "GET /index.php?path=//sys/class/net/lo/subsystem/phy1/device/net/phy1/device/firmware_node/subsystem/devices/device:ad/subsystem/devices/device:ad/subsystem/devices/device:cd/device:ce/subsystem/devices/device:af/subsystem/devices/device:f1 HTTP/2.0" 200 3307 "https://www.marcoshsilva.com/index.php?path=//sys/class/net/lo/subsystem/phy1/device/net/phy1/device/firmware_node/subsystem/devices/device:ad/subsystem/devices/device:ad/subsystem/devices/device:cd/device:ce/subsystem/devices/device:af/subsystem/devices" "Mozilla/5.0 AppleWebKit/537.36 (KHTML, like Gecko; compatible; GPTBot/1.4; +https://openai.com/gptbot)"
216.73.217.88 - - [19/Jun/2026:01:40:37 -0700] "GET /index.php/sitemap.xml?fileloc=%2F%2Fusr%2Fbin%2Fsnmpping&path=%2F%2Fusr%2Fbin HTTP/2.0" 429 352 "-" "Mozilla/5.0 AppleWebKit/537.36 (KHTML, like Gecko; compatible; ClaudeBot/1.0; +claudebot@anthropic.com)"
74.7.241.38 - - [19/Jun/2026:01:40:39 -0700] "GET /index.php?path=//sys/class/net/lo/subsystem/phy1/device/net/phy1/device/firmware_node/subsystem/devices/device:ad/subsystem/devices/device:ad/subsystem/devices/device:c3/subsystem/devices/device:cd/device:ce/subsystem/devices/device:fb HTTP/2.0" 200 3426 "https://www.marcoshsilva.com/index.php?path=//sys/class/net/lo/subsystem/phy1/device/net/phy1/device/firmware_node/subsystem/devices/device:ad/subsystem/devices/device:ad/subsystem/devices/device:c3/subsystem/devices/device:cd/device:ce/subsystem/devices" "Mozilla/5.0 AppleWebKit/537.36 (KHTML, like Gecko; compatible; GPTBot/1.4; +https://openai.com/gptbot)"
216.73.217.88 - - [19/Jun/2026:01:40:40 -0700] "GET /index.php/sitemap.xml?fileloc=%2F%2Fusr%2Fbin%2Fkbdinfo&path=%2F%2Fusr%2Fbin HTTP/2.0" 429 279 "-" "Mozilla/5.0 AppleWebKit/537.36 (KHTML, like Gecko; compatible; ClaudeBot/1.0; +claudebot@anthropic.com)"
74.7.241.38 - - [19/Jun/2026:01:40:42 -0700] "GET /index.php?path=//sys/class/net/lo/subsystem/phy1/device/net/phy1/device/firmware_node/subsystem/devices/device:ad/subsystem/devices/device:ad/subsystem/devices/device:c3/subsystem/devices/device:cd/device:ce/subsystem/devices/device:bc/device:bd HTTP/2.0" 200 3360 "https://www.marcoshsilva.com/index.php?path=//sys/class/net/lo/subsystem/phy1/device/net/phy1/device/firmware_node/subsystem/devices/device:ad/subsystem/devices/device:ad/subsystem/devices/device:c3/subsystem/devices/device:cd/device:ce/subsystem/devices/device:bc" "Mozilla/5.0 AppleWebKit/537.36 (KHTML, like Gecko; compatible; GPTBot/1.4; +https://openai.com/gptbot)"
167.114.139.102 - - [19/Jun/2026:01:40:44 -0700] "GET /special/Q042792337220 HTTP/2.0" 404 394 "-" "Mozilla/5.0 (compatible; AhrefsBot/7.0; +http://ahrefs.com/robot/)"
74.7.241.38 - - [19/Jun/2026:01:40:45 -0700] "GET /index.php?path=//sys/class/net/lo/subsystem/phy1/device/net/phy1/device/firmware_node/subsystem/devices/device:ad/subsystem/devices/device:ad/subsystem/devices/device:cd/device:ce/subsystem/devices/device:af/subsystem/devices/device:0e HTTP/2.0" 200 3307 "https://www.marcoshsilva.com/index.php?path=//sys/class/net/lo/subsystem/phy1/device/net/phy1/device/firmware_node/subsystem/devices/device:ad/subsystem/devices/device:ad/subsystem/devices/device:cd/device:ce/subsystem/devices/device:af/subsystem/devices" "Mozilla/5.0 AppleWebKit/537.36 (KHTML, like Gecko; compatible; GPTBot/1.4; +https://openai.com/gptbot)"
216.73.217.88 - - [19/Jun/2026:01:40:45 -0700] "GET /index.php/sitemap.xml?fileloc=%2F%2Frun%2Fsystemd%2Finaccessible%2Freg&path=%2F%2Frun%2Fsystemd%2Finaccessible HTTP/2.0" 429 352 "-" "Mozilla/5.0 AppleWebKit/537.36 (KHTML, like Gecko; compatible; ClaudeBot/1.0; +claudebot@anthropic.com)"
74.7.241.38 - - [19/Jun/2026:01:40:48 -0700] "GET /index.php?path=//sys/class/net/lo/subsystem/phy1/device/net/phy1/device/firmware_node/subsystem/devices/device:ad/subsystem/devices/device:ad/subsystem/devices/device:cd/device:ce/subsystem/devices/device:af/subsystem/devices/device:d9 HTTP/2.0" 200 3349 "https://www.marcoshsilva.com/index.php?path=//sys/class/net/lo/subsystem/phy1/device/net/phy1/device/firmware_node/subsystem/devices/device:ad/subsystem/devices/device:ad/subsystem/devices/device:cd/device:ce/subsystem/devices/device:af/subsystem/devices" "Mozilla/5.0 AppleWebKit/537.36 (KHTML, like Gecko; compatible; GPTBot/1.4; +https://openai.com/gptbot)"
216.73.217.88 - - [19/Jun/2026:01:40:50 -0700] "GET /index.php/sitemap.xml?fileloc=%2F%2Fusr%2Fbin%2Fsg_requests&path=%2F%2Fusr%2Fbin HTTP/2.0" 429 279 "-" "Mozilla/5.0 AppleWebKit/537.36 (KHTML, like Gecko; compatible; ClaudeBot/1.0; +claudebot@anthropic.com)"
74.7.241.38 - - [19/Jun/2026:01:40:51 -0700] "GET /index.php?path=//sys/class/net/lo/subsystem/phy1/device/net/phy1/device/firmware_node/subsystem/devices/device:ad/subsystem/devices/device:ad/subsystem/devices/device:cd/device:ce/subsystem/devices/device:af/subsystem/devices/device:af HTTP/2.0" 200 3303 "https://www.marcoshsilva.com/index.php?path=//sys/class/net/lo/subsystem/phy1/device/net/phy1/device/firmware_node/subsystem/devices/device:ad/subsystem/devices/device:ad/subsystem/devices/device:cd/device:ce/subsystem/devices/device:af/subsystem/devices" "Mozilla/5.0 AppleWebKit/537.36 (KHTML, like Gecko; compatible; GPTBot/1.4; +https://openai.com/gptbot)"
74.7.241.38 - - [19/Jun/2026:01:40:55 -0700] "GET /index.php?path=//sys/class/net/lo/subsystem/phy1/device/net/phy1/device/firmware_node/subsystem/devices/device:ad/subsystem/devices/device:ad/subsystem/devices/device:c3/subsystem/devices/device:cd/device:ce/subsystem/devices/device:cd/device:cf/subsystem HTTP/2.0" 200 3373 "https://www.marcoshsilva.com/index.php?path=//sys/class/net/lo/subsystem/phy1/device/net/phy1/device/firmware_node/subsystem/devices/device:ad/subsystem/devices/device:ad/subsystem/devices/device:c3/subsystem/devices/device:cd/device:ce/subsystem/devices/device:cd/device:cf" "Mozilla/5.0 AppleWebKit/537.36 (KHTML, like Gecko; compatible; GPTBot/1.4; +https://openai.com/gptbot)"
216.73.217.88 - - [19/Jun/2026:01:40:55 -0700] "GET /index.php/sitemap.xml?fileloc=%2F%2Fusr%2Fbin%2Flwp-mirror&path=%2F%2Fusr%2Fbin HTTP/2.0" 429 279 "-" "Mozilla/5.0 AppleWebKit/537.36 (KHTML, like Gecko; compatible; ClaudeBot/1.0; +claudebot@anthropic.com)"
74.7.241.38 - - [19/Jun/2026:01:40:58 -0700] "GET /index.php?path=//sys/class/net/lo/subsystem/phy1/device/net/phy1/device/firmware_node/subsystem/devices/device:ad/subsystem/devices/device:ad/subsystem/devices/device:c3/subsystem/devices/device:cd/device:ce/subsystem/devices/device:eb HTTP/2.0" 200 3308 "https://www.marcoshsilva.com/index.php?path=//sys/class/net/lo/subsystem/phy1/device/net/phy1/device/firmware_node/subsystem/devices/device:ad/subsystem/devices/device:ad/subsystem/devices/device:c3/subsystem/devices/device:cd/device:ce/subsystem/devices" "Mozilla/5.0 AppleWebKit/537.36 (KHTML, like Gecko; compatible; GPTBot/1.4; +https://openai.com/gptbot)"
216.73.217.88 - - [19/Jun/2026:01:41:00 -0700] "GET /index.php/sitemap.xml?fileloc=%2F%2Fbin%2Fdb5.3_verify&path=%2F%2Fbin HTTP/2.0" 429 279 "-" "Mozilla/5.0 AppleWebKit/537.36 (KHTML, like Gecko; compatible; ClaudeBot/1.0; +claudebot@anthropic.com)"
74.7.241.38 - - [19/Jun/2026:01:41:01 -0700] "GET /index.php?fileloc=//sys/class/net/lo/subsystem/phy1/device/net/phy1/device/firmware_node/subsystem/devices/device:ad/subsystem/devices/device:ad/subsystem/devices/device:cd/device:ce/subsystem/devices/device:af/subsystem/devices/device:c7/path&path=//sys/class/net/lo/subsystem/phy1/device/net/phy1/device/firmware_node/subsystem/devices/device:ad/subsystem/devices/device:ad/subsystem/devices/device:cd/device:ce/subsystem/devices/device:af/subsystem/devices/device:c7 HTTP/2.0" 200 2771 "https://www.marcoshsilva.com/index.php?path=//sys/class/net/lo/subsystem/phy1/device/net/phy1/device/firmware_node/subsystem/devices/device:ad/subsystem/devices/device:ad/subsystem/devices/device:cd/device:ce/subsystem/devices/device:af/subsystem/devices/device:c7" "Mozilla/5.0 AppleWebKit/537.36 (KHTML, like Gecko; compatible; GPTBot/1.4; +https://openai.com/gptbot)"
66.249.68.8 - - [19/Jun/2026:01:41:02 -0700] "GET /products/66sw28452 HTTP/1.1" 404 3855 "-" "Mozilla/5.0 (Linux; Android 6.0.1; Nexus 5X Build/MMB29P) AppleWebKit/537.36 (KHTML, like Gecko) Chrome/148.0.7778.96 Mobile Safari/537.36 (compatible; Googlebot/2.1; +http://www.google.com/bot.html)"
51.222.95.44 - - [19/Jun/2026:01:41:04 -0700] "GET /special/Q04278925318 HTTP/2.0" 404 394 "-" "Mozilla/5.0 (compatible; AhrefsBot/7.0; +http://ahrefs.com/robot/)"
74.7.241.38 - - [19/Jun/2026:01:41:04 -0700] "GET /index.php?path=//sys/class/net/lo/subsystem/phy1/device/net/phy1/device/firmware_node/subsystem/devices/device:ad/subsystem/devices/device:ad/subsystem/devices/device:cd/device:ce/subsystem/devices/device:af/subsystem/devices/device:fb/device:fd HTTP/2.0" 200 3364 "https://www.marcoshsilva.com/index.php?path=//sys/class/net/lo/subsystem/phy1/device/net/phy1/device/firmware_node/subsystem/devices/device:ad/subsystem/devices/device:ad/subsystem/devices/device:cd/device:ce/subsystem/devices/device:af/subsystem/devices/device:fb" "Mozilla/5.0 AppleWebKit/537.36 (KHTML, like Gecko; compatible; GPTBot/1.4; +https://openai.com/gptbot)"
74.7.241.38 - - [19/Jun/2026:01:41:07 -0700] "GET /index.php?path=//sys/class/net/lo/subsystem/phy1/device/net/phy1/device/firmware_node/subsystem/devices/device:ad/subsystem/devices/device:ad/subsystem/devices/device:cd/device:ce/subsystem/devices/device:af/subsystem/devices/device:1f HTTP/2.0" 200 3307 "https://www.marcoshsilva.com/index.php?path=//sys/class/net/lo/subsystem/phy1/device/net/phy1/device/firmware_node/subsystem/devices/device:ad/subsystem/devices/device:ad/subsystem/devices/device:cd/device:ce/subsystem/devices/device:af/subsystem/devices" "Mozilla/5.0 AppleWebKit/537.36 (KHTML, like Gecko; compatible; GPTBot/1.4; +https://openai.com/gptbot)"
216.73.217.88 - - [19/Jun/2026:01:41:08 -0700] "GET /index.php/sitemap.xml?path=%2Fhome%2Fdh_mhscom%2Fmarcoshsilva.com%2Fwp-includes%2Fcss%2Fdist%2Fcommands HTTP/2.0" 429 352 "-" "Mozilla/5.0 AppleWebKit/537.36 (KHTML, like Gecko; compatible; ClaudeBot/1.0; +claudebot@anthropic.com)"
216.73.217.88 - - [19/Jun/2026:01:41:10 -0700] "GET /index.php/sitemap.xml?fileloc=%2F%2Fusr%2Fbin%2Funmkinitramfs&path=%2F%2Fusr%2Fbin HTTP/2.0" 429 279 "-" "Mozilla/5.0 AppleWebKit/537.36 (KHTML, like Gecko; compatible; ClaudeBot/1.0; +claudebot@anthropic.com)"
74.7.241.38 - - [19/Jun/2026:01:41:10 -0700] "GET /index.php?path=//sys/class/net/lo/subsystem/phy1/device/net/phy1/device/firmware_node/subsystem/devices/device:ad/subsystem/devices/device:ad/subsystem/devices/device:cd/device:ce/subsystem/devices/device:af/subsystem/devices/device:d8 HTTP/2.0" 200 3425 "https://www.marcoshsilva.com/index.php?path=//sys/class/net/lo/subsystem/phy1/device/net/phy1/device/firmware_node/subsystem/devices/device:ad/subsystem/devices/device:ad/subsystem/devices/device:cd/device:ce/subsystem/devices/device:af/subsystem/devices" "Mozilla/5.0 AppleWebKit/537.36 (KHTML, like Gecko; compatible; GPTBot/1.4; +https://openai.com/gptbot)"
74.7.241.38 - - [19/Jun/2026:01:41:14 -0700] "GET /index.php?path=//sys/class/net/lo/subsystem/phy1/device/net/phy1/device/firmware_node/subsystem/devices/device:ad/subsystem/devices/device:ad/subsystem/devices/device:c3/subsystem/devices/device:cd/device:ce/subsystem/devices/device:fb/device:fd HTTP/2.0" 200 3364 "https://www.marcoshsilva.com/index.php?path=//sys/class/net/lo/subsystem/phy1/device/net/phy1/device/firmware_node/subsystem/devices/device:ad/subsystem/devices/device:ad/subsystem/devices/device:c3/subsystem/devices/device:cd/device:ce/subsystem/devices/device:fb" "Mozilla/5.0 AppleWebKit/537.36 (KHTML, like Gecko; compatible; GPTBot/1.4; +https://openai.com/gptbot)"
74.7.241.38 - - [19/Jun/2026:01:41:17 -0700] "GET /index.php?path=//sys/class/net/lo/subsystem/phy1/device/net/phy1/device/firmware_node/subsystem/devices/device:ad/subsystem/devices/device:ad/subsystem/devices/device:cd/device:ce/subsystem/devices/device:af/subsystem/devices/device:4e HTTP/2.0" 200 3307 "https://www.marcoshsilva.com/index.php?path=//sys/class/net/lo/subsystem/phy1/device/net/phy1/device/firmware_node/subsystem/devices/device:ad/subsystem/devices/device:ad/subsystem/devices/device:cd/device:ce/subsystem/devices/device:af/subsystem/devices" "Mozilla/5.0 AppleWebKit/537.36 (KHTML, like Gecko; compatible; GPTBot/1.4; +https://openai.com/gptbot)"
142.44.225.154 - - [19/Jun/2026:01:41:17 -0700] "GET /special/Q042786625561 HTTP/2.0" 404 394 "-" "Mozilla/5.0 (compatible; AhrefsBot/7.0; +http://ahrefs.com/robot/)"
216.73.217.88 - - [19/Jun/2026:01:41:17 -0700] "GET /index.php/sitemap.xml?fileloc=%2F%2Fusr%2Fbin%2Fpmpost&path=%2F%2Fusr%2Fbin HTTP/2.0" 429 352 "-" "Mozilla/5.0 AppleWebKit/537.36 (KHTML, like Gecko; compatible; ClaudeBot/1.0; +claudebot@anthropic.com)"
74.7.241.38 - - [19/Jun/2026:01:41:20 -0700] "GET /index.php?path=//sys/class/net/lo/subsystem/phy1/device/net/phy1/device/firmware_node/subsystem/devices/device:ad/subsystem/devices/device:ad/subsystem/devices/device:cd/device:ce/subsystem/devices/device:af/subsystem/devices/device:e3 HTTP/2.0" 200 3307 "https://www.marcoshsilva.com/index.php?path=//sys/class/net/lo/subsystem/phy1/device/net/phy1/device/firmware_node/subsystem/devices/device:ad/subsystem/devices/device:ad/subsystem/devices/device:cd/device:ce/subsystem/devices/device:af/subsystem/devices" "Mozilla/5.0 AppleWebKit/537.36 (KHTML, like Gecko; compatible; GPTBot/1.4; +https://openai.com/gptbot)"
216.73.217.88 - - [19/Jun/2026:01:41:22 -0700] "GET /index.php/sitemap.xml?fileloc=%2F%2Fusr%2Fbin%2Ft1unmac&path=%2F%2Fusr%2Fbin HTTP/2.0" 429 279 "-" "Mozilla/5.0 AppleWebKit/537.36 (KHTML, like Gecko; compatible; ClaudeBot/1.0; +claudebot@anthropic.com)"
74.7.241.38 - - [19/Jun/2026:01:41:23 -0700] "GET /index.php?path=//sys/class/net/lo/subsystem/phy1/device/net/phy1/device/firmware_node/subsystem/devices/device:ad/subsystem/devices/device:ad/subsystem/devices/device:cd/device:ce/subsystem/devices/device:af/subsystem/devices/device:6d HTTP/2.0" 200 3346 "https://www.marcoshsilva.com/index.php?path=//sys/class/net/lo/subsystem/phy1/device/net/phy1/device/firmware_node/subsystem/devices/device:ad/subsystem/devices/device:ad/subsystem/devices/device:cd/device:ce/subsystem/devices/device:af/subsystem/devices" "Mozilla/5.0 AppleWebKit/537.36 (KHTML, like Gecko; compatible; GPTBot/1.4; +https://openai.com/gptbot)"
74.7.241.38 - - [19/Jun/2026:01:41:26 -0700] "GET /index.php?path=//sys/class/net/lo/subsystem/phy1/device/net/phy1/device/firmware_node/subsystem/devices/device:ad/subsystem/devices/device:ad/subsystem/devices/device:c3/subsystem/devices/device:cd/device:ce/subsystem/devices/device:bd HTTP/2.0" 200 3349 "https://www.marcoshsilva.com/index.php?path=//sys/class/net/lo/subsystem/phy1/device/net/phy1/device/firmware_node/subsystem/devices/device:ad/subsystem/devices/device:ad/subsystem/devices/device:c3/subsystem/devices/device:cd/device:ce/subsystem/devices" "Mozilla/5.0 AppleWebKit/537.36 (KHTML, like Gecko; compatible; GPTBot/1.4; +https://openai.com/gptbot)"
216.73.217.88 - - [19/Jun/2026:01:41:29 -0700] "GET /index.php/sitemap.xml?fileloc=%2F%2Fusr%2Fbin%2Fpeekfd&path=%2F%2Fusr%2Fbin HTTP/2.0" 429 352 "-" "Mozilla/5.0 AppleWebKit/537.36 (KHTML, like Gecko; compatible; ClaudeBot/1.0; +claudebot@anthropic.com)"
72.60.40.175 - - [19/Jun/2026:01:41:29 -0700] "GET /shop/ HTTP/2.0" 301 133 "-" "Mozilla/5.0 (Windows NT 10.0; Win64; x64) AppleWebKit/537.36"
74.7.241.38 - - [19/Jun/2026:01:41:30 -0700] "GET /index.php?path=//sys/class/net/lo/subsystem/phy1/device/net/phy1/device/firmware_node/subsystem/devices/device:ad/subsystem/devices/device:ad/subsystem/devices/device:cd/device:ce/subsystem/devices/device:af/subsystem/devices/device:1c HTTP/2.0" 200 3349 "https://www.marcoshsilva.com/index.php?path=//sys/class/net/lo/subsystem/phy1/device/net/phy1/device/firmware_node/subsystem/devices/device:ad/subsystem/devices/device:ad/subsystem/devices/device:cd/device:ce/subsystem/devices/device:af/subsystem/devices" "Mozilla/5.0 AppleWebKit/537.36 (KHTML, like Gecko; compatible; GPTBot/1.4; +https://openai.com/gptbot)"
54.39.6.10 - - [19/Jun/2026:01:41:30 -0700] "GET /special/Q042766098926 HTTP/2.0" 404 394 "-" "Mozilla/5.0 (compatible; AhrefsBot/7.0; +http://ahrefs.com/robot/)"
216.73.217.88 - - [19/Jun/2026:01:41:32 -0700] "GET /index.php/sitemap.xml?fileloc=%2F%2Fusr%2Fshare%2Fbug%2Fzsh-common&path=%2F%2Fusr%2Fshare%2Fbug HTTP/2.0" 429 279 "-" "Mozilla/5.0 AppleWebKit/537.36 (KHTML, like Gecko; compatible; ClaudeBot/1.0; +claudebot@anthropic.com)"
74.7.241.38 - - [19/Jun/2026:01:41:33 -0700] "GET /index.php?path=//sys/class/net/lo/subsystem/phy1/device/net/phy1/device/firmware_node/subsystem/devices/device:ad/subsystem/devices/device:ad/subsystem/devices/device:c3/subsystem/devices/device:cd/device:ce/subsystem/devices/device:ad HTTP/2.0" 200 3363 "https://www.marcoshsilva.com/index.php?path=//sys/class/net/lo/subsystem/phy1/device/net/phy1/device/firmware_node/subsystem/devices/device:ad/subsystem/devices/device:ad/subsystem/devices/device:c3/subsystem/devices/device:cd/device:ce/subsystem/devices" "Mozilla/5.0 AppleWebKit/537.36 (KHTML, like Gecko; compatible; GPTBot/1.4; +https://openai.com/gptbot)"
74.7.241.38 - - [19/Jun/2026:01:41:36 -0700] "GET /index.php?path=//sys/class/net/lo/subsystem/phy1/device/net/phy1/device/firmware_node/subsystem/devices/device:ad/subsystem/devices/device:ad/subsystem/devices/device:cd/device:ce/subsystem/devices/device:af/subsystem/devices/device:ac HTTP/2.0" 200 3391 "https://www.marcoshsilva.com/index.php?path=//sys/class/net/lo/subsystem/phy1/device/net/phy1/device/firmware_node/subsystem/devices/device:ad/subsystem/devices/device:ad/subsystem/devices/device:cd/device:ce/subsystem/devices/device:af/subsystem/devices" "Mozilla/5.0 AppleWebKit/537.36 (KHTML, like Gecko; compatible; GPTBot/1.4; +https://openai.com/gptbot)"
216.73.217.88 - - [19/Jun/2026:01:41:37 -0700] "GET /index.php/sitemap.xml?fileloc=%2Fhome%2Fdh_mhscom%2F.wp-cli%2Fcache%2Fplugin%2Fwp-smushit-3.14.1.zip&path=%2Fhome%2Fdh_mhscom%2F.wp-cli%2Fcache%2Fplugin HTTP/2.0" 429 279 "-" "Mozilla/5.0 AppleWebKit/537.36 (KHTML, like Gecko; compatible; ClaudeBot/1.0; +claudebot@anthropic.com)"
74.7.241.38 - - [19/Jun/2026:01:41:39 -0700] "GET /index.php?path=//sys/class/net/lo/subsystem/phy1/device/net/phy1/device/firmware_node/subsystem/devices/device:ad/subsystem/devices/device:ad/subsystem/devices/device:cd/device:ce/subsystem/devices/device:af/subsystem/devices/device:c0 HTTP/2.0" 200 3516 "https://www.marcoshsilva.com/index.php?path=//sys/class/net/lo/subsystem/phy1/device/net/phy1/device/firmware_node/subsystem/devices/device:ad/subsystem/devices/device:ad/subsystem/devices/device:cd/device:ce/subsystem/devices/device:af/subsystem/devices" "Mozilla/5.0 AppleWebKit/537.36 (KHTML, like Gecko; compatible; GPTBot/1.4; +https://openai.com/gptbot)"
66.249.68.8 - - [19/Jun/2026:01:41:41 -0700] "GET /computer209014620.html HTTP/1.1" 404 3855 "-" "Mozilla/5.0 (Linux; Android 6.0.1; Nexus 5X Build/MMB29P) AppleWebKit/537.36 (KHTML, like Gecko) Chrome/148.0.7778.96 Mobile Safari/537.36 (compatible; Googlebot/2.1; +http://www.google.com/bot.html)"
216.73.217.88 - - [19/Jun/2026:01:41:42 -0700] "GET /index.php/sitemap.xml?path=%2F%2Flib%2Flocale%2Ffo_FO.utf8%2FLC_MESSAGES HTTP/2.0" 429 352 "-" "Mozilla/5.0 AppleWebKit/537.36 (KHTML, like Gecko; compatible; ClaudeBot/1.0; +claudebot@anthropic.com)"
74.7.241.38 - - [19/Jun/2026:01:41:42 -0700] "GET /index.php?path=//sys/class/net/lo/subsystem/phy1/device/net/phy1/device/firmware_node/subsystem/devices/device:ad/subsystem/devices/device:ad/subsystem/devices/device:c3/subsystem/devices/device:cd/device:ce/subsystem/devices/device:bc/device:bd/subsystem HTTP/2.0" 200 3381 "https://www.marcoshsilva.com/index.php?path=//sys/class/net/lo/subsystem/phy1/device/net/phy1/device/firmware_node/subsystem/devices/device:ad/subsystem/devices/device:ad/subsystem/devices/device:c3/subsystem/devices/device:cd/device:ce/subsystem/devices/device:bc/device:bd" "Mozilla/5.0 AppleWebKit/537.36 (KHTML, like Gecko; compatible; GPTBot/1.4; +https://openai.com/gptbot)"
148.113.128.127 - - [19/Jun/2026:01:41:44 -0700] "GET /special/Q042664332970 HTTP/2.0" 404 394 "-" "Mozilla/5.0 (compatible; AhrefsBot/7.0; +http://ahrefs.com/robot/)"
74.7.241.38 - - [19/Jun/2026:01:41:45 -0700] "GET /index.php?path=//sys/class/net/lo/subsystem/phy1/device/net/phy1/device/firmware_node/subsystem/devices/device:ad/subsystem/devices/device:ad/subsystem/devices/device:cb/device:cc/device:cd/device:cf/subsystem/devices/device:ed/subsystem/devices/device:c9/subsystem/drivers/ec HTTP/2.0" 200 3278 "https://www.marcoshsilva.com/index.php?path=//sys/class/net/lo/subsystem/phy1/device/net/phy1/device/firmware_node/subsystem/devices/device:ad/subsystem/devices/device:ad/subsystem/devices/device:cb/device:cc/device:cd/device:cf/subsystem/devices/device:ed/subsystem/devices/device:c9/subsystem/drivers" "Mozilla/5.0 AppleWebKit/537.36 (KHTML, like Gecko; compatible; GPTBot/1.4; +https://openai.com/gptbot)"
216.73.217.88 - - [19/Jun/2026:01:41:47 -0700] "GET /index.php/sitemap.xml?fileloc=%2F%2Fusr%2Fbin%2Fgold&path=%2F%2Fusr%2Fbin HTTP/2.0" 429 352 "-" "Mozilla/5.0 AppleWebKit/537.36 (KHTML, like Gecko; compatible; ClaudeBot/1.0; +claudebot@anthropic.com)"
74.7.241.38 - - [19/Jun/2026:01:41:48 -0700] "GET /index.php?fileloc=//sys/class/net/lo/subsystem/phy1/device/net/phy1/device/firmware_node/subsystem/devices/device:ad/subsystem/devices/device:ad/subsystem/devices/device:c3/subsystem/devices/device:cd/device:ce/subsystem/devices/device:fb/device:fd/status&path=//sys/class/net/lo/subsystem/phy1/device/net/phy1/device/firmware_node/subsystem/devices/device:ad/subsystem/devices/device:ad/subsystem/devices/device:c3/subsystem/devices/device:cd/device:ce/subsystem/devices/device:fb/device:fd HTTP/2.0" 200 2782 "https://www.marcoshsilva.com/index.php?path=//sys/class/net/lo/subsystem/phy1/device/net/phy1/device/firmware_node/subsystem/devices/device:ad/subsystem/devices/device:ad/subsystem/devices/device:c3/subsystem/devices/device:cd/device:ce/subsystem/devices/device:fb/device:fd" "Mozilla/5.0 AppleWebKit/537.36 (KHTML, like Gecko; compatible; GPTBot/1.4; +https://openai.com/gptbot)"
216.73.217.88 - - [19/Jun/2026:01:41:52 -0700] "GET /index.php/sitemap.xml?fileloc=%2F%2Fusr%2Fbin%2Fgsnd&path=%2F%2Fusr%2Fbin HTTP/2.0" 429 279 "-" "Mozilla/5.0 AppleWebKit/537.36 (KHTML, like Gecko; compatible; ClaudeBot/1.0; +claudebot@anthropic.com)"
74.7.241.38 - - [19/Jun/2026:01:41:52 -0700] "GET /index.php?path=//sys/class/net/lo/subsystem/phy1/device/net/phy1/device/firmware_node/subsystem/devices/device:ad/subsystem/devices/device:ad/subsystem/devices/device:c3/subsystem/devices/device:cd/device:ce/subsystem/devices/device:ec HTTP/2.0" 200 3414 "https://www.marcoshsilva.com/index.php?path=//sys/class/net/lo/subsystem/phy1/device/net/phy1/device/firmware_node/subsystem/devices/device:ad/subsystem/devices/device:ad/subsystem/devices/device:c3/subsystem/devices/device:cd/device:ce/subsystem/devices" "Mozilla/5.0 AppleWebKit/537.36 (KHTML, like Gecko; compatible; GPTBot/1.4; +https://openai.com/gptbot)"
74.7.241.38 - - [19/Jun/2026:01:41:55 -0700] "GET /index.php?path=//sys/class/net/lo/subsystem/phy1/device/net/phy1/device/firmware_node/subsystem/devices/device:ad/subsystem/devices/device:ad/subsystem/devices/device:cd/device:ce/subsystem/devices/device:af/subsystem/devices/device:d4 HTTP/2.0" 200 3460 "https://www.marcoshsilva.com/index.php?path=//sys/class/net/lo/subsystem/phy1/device/net/phy1/device/firmware_node/subsystem/devices/device:ad/subsystem/devices/device:ad/subsystem/devices/device:cd/device:ce/subsystem/devices/device:af/subsystem/devices" "Mozilla/5.0 AppleWebKit/537.36 (KHTML, like Gecko; compatible; GPTBot/1.4; +https://openai.com/gptbot)"
216.73.217.88 - - [19/Jun/2026:01:41:57 -0700] "GET /index.php/sitemap.xml?fileloc=%2F%2Fetc%2Fconsole-setup%2Fcompose.ISO-8859-4.inc&path=%2F%2Fetc%2Fconsole-setup HTTP/2.0" 429 279 "-" "Mozilla/5.0 AppleWebKit/537.36 (KHTML, like Gecko; compatible; ClaudeBot/1.0; +claudebot@anthropic.com)"
74.7.241.38 - - [19/Jun/2026:01:41:58 -0700] "GET /index.php?path=//sys/class/net/lo/subsystem/phy1/device/net/phy1/device/firmware_node/subsystem/devices/device:ad/subsystem/devices/device:ad/subsystem/devices/device:cd/device:ce/subsystem/devices/device:af/subsystem/devices/device:1b HTTP/2.0" 200 3521 "https://www.marcoshsilva.com/index.php?path=//sys/class/net/lo/subsystem/phy1/device/net/phy1/device/firmware_node/subsystem/devices/device:ad/subsystem/devices/device:ad/subsystem/devices/device:cd/device:ce/subsystem/devices/device:af/subsystem/devices" "Mozilla/5.0 AppleWebKit/537.36 (KHTML, like Gecko; compatible; GPTBot/1.4; +https://openai.com/gptbot)"
54.39.6.248 - - [19/Jun/2026:01:41:59 -0700] "GET /special/Q042619878308 HTTP/2.0" 404 394 "-" "Mozilla/5.0 (compatible; AhrefsBot/7.0; +http://ahrefs.com/robot/)"
74.7.241.38 - - [19/Jun/2026:01:42:01 -0700] "GET /index.php?path=//sys/class/net/lo/subsystem/phy1/device/net/phy1/device/firmware_node/subsystem/devices/device:ad/subsystem/devices/device:ad/subsystem/devices/device:cd/device:ce/subsystem/devices/device:af/subsystem/devices/device:c1 HTTP/2.0" 200 3348 "https://www.marcoshsilva.com/index.php?path=//sys/class/net/lo/subsystem/phy1/device/net/phy1/device/firmware_node/subsystem/devices/device:ad/subsystem/devices/device:ad/subsystem/devices/device:cd/device:ce/subsystem/devices/device:af/subsystem/devices" "Mozilla/5.0 AppleWebKit/537.36 (KHTML, like Gecko; compatible; GPTBot/1.4; +https://openai.com/gptbot)"
216.73.217.88 - - [19/Jun/2026:01:42:02 -0700] "GET /index.php/sitemap.xml?fileloc=%2F%2Fusr%2Fbin%2Faa-features-abi&path=%2F%2Fusr%2Fbin HTTP/2.0" 429 279 "-" "Mozilla/5.0 AppleWebKit/537.36 (KHTML, like Gecko; compatible; ClaudeBot/1.0; +claudebot@anthropic.com)"
74.7.241.38 - - [19/Jun/2026:01:42:04 -0700] "GET /index.php?path=//sys/class/net/lo/subsystem/phy1/device/net/phy1/device/firmware_node/subsystem/devices/device:ad/subsystem/devices/device:ad/subsystem/devices/device:cd/device:ce/subsystem/devices/device:af/subsystem/devices/device:cd/device:ce HTTP/2.0" 200 3353 "https://www.marcoshsilva.com/index.php?path=//sys/class/net/lo/subsystem/phy1/device/net/phy1/device/firmware_node/subsystem/devices/device:ad/subsystem/devices/device:ad/subsystem/devices/device:cd/device:ce/subsystem/devices/device:af/subsystem/devices/device:cd" "Mozilla/5.0 AppleWebKit/537.36 (KHTML, like Gecko; compatible; GPTBot/1.4; +https://openai.com/gptbot)"
216.73.217.88 - - [19/Jun/2026:01:42:07 -0700] "GET /index.php/sitemap.xml?fileloc=%2F%2Fusr%2Fbin%2Fftpwho&path=%2F%2Fusr%2Fbin HTTP/2.0" 429 352 "-" "Mozilla/5.0 AppleWebKit/537.36 (KHTML, like Gecko; compatible; ClaudeBot/1.0; +claudebot@anthropic.com)"
74.7.241.38 - - [19/Jun/2026:01:42:08 -0700] "GET /index.php?path=//sys/class/net/lo/subsystem/phy1/device/net/phy1/device/firmware_node/subsystem/devices/device:ad/subsystem/devices/device:ad/subsystem/devices/device:c3/subsystem/devices/device:cd/device:ce/subsystem/devices/device:cb/device:cc HTTP/2.0" 200 3468 "https://www.marcoshsilva.com/index.php?path=//sys/class/net/lo/subsystem/phy1/device/net/phy1/device/firmware_node/subsystem/devices/device:ad/subsystem/devices/device:ad/subsystem/devices/device:c3/subsystem/devices/device:cd/device:ce/subsystem/devices/device:cb" "Mozilla/5.0 AppleWebKit/537.36 (KHTML, like Gecko; compatible; GPTBot/1.4; +https://openai.com/gptbot)"
74.7.241.38 - - [19/Jun/2026:01:42:11 -0700] "GET /index.php?path=//sys/class/net/lo/subsystem/phy1/device/net/phy1/device/firmware_node/subsystem/devices/device:ad/subsystem/devices/device:ad/subsystem/devices/device:cd/device:ce/subsystem/devices/device:af/subsystem/devices/device:ab HTTP/2.0" 200 3307 "https://www.marcoshsilva.com/index.php?path=//sys/class/net/lo/subsystem/phy1/device/net/phy1/device/firmware_node/subsystem/devices/device:ad/subsystem/devices/device:ad/subsystem/devices/device:cd/device:ce/subsystem/devices/device:af/subsystem/devices" "Mozilla/5.0 AppleWebKit/537.36 (KHTML, like Gecko; compatible; GPTBot/1.4; +https://openai.com/gptbot)"
216.73.217.88 - - [19/Jun/2026:01:42:12 -0700] "GET /index.php/sitemap.xml?fileloc=%2F%2Fusr%2Fbin%2Ffc-conflist&path=%2F%2Fusr%2Fbin HTTP/2.0" 429 279 "-" "Mozilla/5.0 AppleWebKit/537.36 (KHTML, like Gecko; compatible; ClaudeBot/1.0; +claudebot@anthropic.com)"
74.7.241.38 - - [19/Jun/2026:01:42:14 -0700] "GET /index.php?path=//sys/class/net/lo/subsystem/phy1/device/net/phy1/device/firmware_node/subsystem/devices/device:ad/subsystem/devices/device:ad/subsystem/devices/device:cd/device:ce/subsystem/devices/device:af/subsystem/devices/device:fb/device:fd/subsystem HTTP/2.0" 200 3382 "https://www.marcoshsilva.com/index.php?path=//sys/class/net/lo/subsystem/phy1/device/net/phy1/device/firmware_node/subsystem/devices/device:ad/subsystem/devices/device:ad/subsystem/devices/device:cd/device:ce/subsystem/devices/device:af/subsystem/devices/device:fb/device:fd" "Mozilla/5.0 AppleWebKit/537.36 (KHTML, like Gecko; compatible; GPTBot/1.4; +https://openai.com/gptbot)"
51.222.95.217 - - [19/Jun/2026:01:42:14 -0700] "GET /special/Q042584719661 HTTP/2.0" 404 394 "-" "Mozilla/5.0 (compatible; AhrefsBot/7.0; +http://ahrefs.com/robot/)"
74.7.241.38 - - [19/Jun/2026:01:42:17 -0700] "GET /index.php?path=//sys/class/net/lo/subsystem/phy1/device/net/phy1/device/firmware_node/subsystem/devices/device:ad/subsystem/devices/device:ad/subsystem/devices/device:cd/device:ce/subsystem/devices/device:af/subsystem/devices/device:8e HTTP/2.0" 200 3349 "https://www.marcoshsilva.com/index.php?path=//sys/class/net/lo/subsystem/phy1/device/net/phy1/device/firmware_node/subsystem/devices/device:ad/subsystem/devices/device:ad/subsystem/devices/device:cd/device:ce/subsystem/devices/device:af/subsystem/devices" "Mozilla/5.0 AppleWebKit/537.36 (KHTML, like Gecko; compatible; GPTBot/1.4; +https://openai.com/gptbot)"
