74.7.241.38 - - [19/Jun/2026:02:17:20 -0700] "GET /index.php?path=//sys/class/net/lo/subsystem/phy1/device/net/phy1/device/firmware_node/subsystem/devices/device:ad/subsystem/devices/device:ad/subsystem/devices/device:cc/device:cd/device:cf/subsystem/devices/device:dc/subsystem/devices/device:1a HTTP/2.0" 200 3363 "https://www.marcoshsilva.com/index.php?path=//sys/class/net/lo/subsystem/phy1/device/net/phy1/device/firmware_node/subsystem/devices/device:ad/subsystem/devices/device:ad/subsystem/devices/device:cc/device:cd/device:cf/subsystem/devices/device:dc/subsystem/devices" "Mozilla/5.0 AppleWebKit/537.36 (KHTML, like Gecko; compatible; GPTBot/1.4; +https://openai.com/gptbot)"
51.222.95.120 - - [19/Jun/2026:02:17:21 -0700] "GET /special/Q042689920765 HTTP/2.0" 404 394 "-" "Mozilla/5.0 (compatible; AhrefsBot/7.0; +http://ahrefs.com/robot/)"
74.7.241.38 - - [19/Jun/2026:02:17:23 -0700] "GET /index.php?path=//sys/class/net/lo/subsystem/phy1/device/net/phy1/device/firmware_node/subsystem/devices/device:ad/subsystem/devices/device:ad/subsystem/devices/device:cc/device:cd/device:cf/subsystem/devices/device:dc/subsystem/devices/device:e1 HTTP/2.0" 200 3317 "https://www.marcoshsilva.com/index.php?path=//sys/class/net/lo/subsystem/phy1/device/net/phy1/device/firmware_node/subsystem/devices/device:ad/subsystem/devices/device:ad/subsystem/devices/device:cc/device:cd/device:cf/subsystem/devices/device:dc/subsystem/devices" "Mozilla/5.0 AppleWebKit/537.36 (KHTML, like Gecko; compatible; GPTBot/1.4; +https://openai.com/gptbot)"
216.73.217.88 - - [19/Jun/2026:02:17:25 -0700] "GET /index.php/sitemap.xml?fileloc=%2F%2Fusr%2Fbin%2Fssh-agent&path=%2F%2Fusr%2Fbin HTTP/2.0" 429 352 "-" "Mozilla/5.0 AppleWebKit/537.36 (KHTML, like Gecko; compatible; ClaudeBot/1.0; +claudebot@anthropic.com)"
74.7.241.38 - - [19/Jun/2026:02:17:26 -0700] "GET /index.php?path=//sys/class/net/lo/subsystem/phy1/device/net/phy1/device/firmware_node/subsystem/devices/device:ad/subsystem/devices/device:ad/subsystem/devices/device:cc/device:cd/device:cf/subsystem/devices/device:dc/subsystem/devices/device:b8/subsystem HTTP/2.0" 200 3378 "https://www.marcoshsilva.com/index.php?path=//sys/class/net/lo/subsystem/phy1/device/net/phy1/device/firmware_node/subsystem/devices/device:ad/subsystem/devices/device:ad/subsystem/devices/device:cc/device:cd/device:cf/subsystem/devices/device:dc/subsystem/devices/device:b8" "Mozilla/5.0 AppleWebKit/537.36 (KHTML, like Gecko; compatible; GPTBot/1.4; +https://openai.com/gptbot)"
74.7.241.38 - - [19/Jun/2026:02:17:29 -0700] "GET /index.php?path=//sys/class/net/lo/subsystem/phy1/device/net/phy1/device/firmware_node/subsystem/devices/device:ad/subsystem/devices/device:ad/subsystem/devices/device:cc/device:cd/device:cf/subsystem/devices/device:dc/subsystem/devices/device:de/subsystem/devices/LNXSYSTM:00 HTTP/2.0" 200 3531 "https://www.marcoshsilva.com/index.php?path=//sys/class/net/lo/subsystem/phy1/device/net/phy1/device/firmware_node/subsystem/devices/device:ad/subsystem/devices/device:ad/subsystem/devices/device:cc/device:cd/device:cf/subsystem/devices/device:dc/subsystem/devices/device:de/subsystem/devices" "Mozilla/5.0 AppleWebKit/537.36 (KHTML, like Gecko; compatible; GPTBot/1.4; +https://openai.com/gptbot)"
216.73.217.88 - - [19/Jun/2026:02:17:29 -0700] "GET /index.php/sitemap.xml?fileloc=%2F%2Fusr%2Fshare%2Fbug%2Fphp8.1-imap%2Fscript&path=%2F%2Fusr%2Fshare%2Fbug%2Fphp8.1-imap HTTP/2.0" 429 279 "-" "Mozilla/5.0 AppleWebKit/537.36 (KHTML, like Gecko; compatible; ClaudeBot/1.0; +claudebot@anthropic.com)"
54.39.203.55 - - [19/Jun/2026:02:17:30 -0700] "GET /special/Q042681544685 HTTP/2.0" 404 394 "-" "Mozilla/5.0 (compatible; AhrefsBot/7.0; +http://ahrefs.com/robot/)"
74.7.241.38 - - [19/Jun/2026:02:17:32 -0700] "GET /index.php?path=//sys/class/net/lo/subsystem/phy1/device/net/phy1/device/firmware_node/subsystem/devices/device:ad/subsystem/devices/device:ad/subsystem/devices/device:cc/device:cd/device:cf/subsystem/devices/device:dc/subsystem/devices/device:de/subsystem/devices/device:108 HTTP/2.0" 200 3363 "https://www.marcoshsilva.com/index.php?path=//sys/class/net/lo/subsystem/phy1/device/net/phy1/device/firmware_node/subsystem/devices/device:ad/subsystem/devices/device:ad/subsystem/devices/device:cc/device:cd/device:cf/subsystem/devices/device:dc/subsystem/devices/device:de/subsystem/devices" "Mozilla/5.0 AppleWebKit/537.36 (KHTML, like Gecko; compatible; GPTBot/1.4; +https://openai.com/gptbot)"
74.7.241.38 - - [19/Jun/2026:02:17:35 -0700] "GET /index.php?path=//sys/class/net/lo/subsystem/phy1/device/net/phy1/device/firmware_node/subsystem/devices/device:ad/subsystem/devices/device:ad/subsystem/devices/device:cc/device:cd/device:cf/subsystem/devices/device:dc/subsystem/devices/device:de/subsystem/devices/device:97 HTTP/2.0" 200 3481 "https://www.marcoshsilva.com/index.php?path=//sys/class/net/lo/subsystem/phy1/device/net/phy1/device/firmware_node/subsystem/devices/device:ad/subsystem/devices/device:ad/subsystem/devices/device:cc/device:cd/device:cf/subsystem/devices/device:dc/subsystem/devices/device:de/subsystem/devices" "Mozilla/5.0 AppleWebKit/537.36 (KHTML, like Gecko; compatible; GPTBot/1.4; +https://openai.com/gptbot)"
216.73.217.88 - - [19/Jun/2026:02:17:36 -0700] "GET /index.php/sitemap.xml?fileloc=%2F%2Fusr%2Fbin%2Fvector&path=%2F%2Fusr%2Fbin HTTP/2.0" 429 352 "-" "Mozilla/5.0 AppleWebKit/537.36 (KHTML, like Gecko; compatible; ClaudeBot/1.0; +claudebot@anthropic.com)"
74.7.241.38 - - [19/Jun/2026:02:17:38 -0700] "GET /index.php?path=//sys/class/net/lo/subsystem/phy1/device/net/phy1/device/firmware_node/subsystem/devices/device:ad/subsystem/devices/device:ad/subsystem/devices/device:cc/device:cd/device:cf/subsystem/devices/device:dc/subsystem/devices/device:de/subsystem/devices/device:38 HTTP/2.0" 200 3361 "https://www.marcoshsilva.com/index.php?path=//sys/class/net/lo/subsystem/phy1/device/net/phy1/device/firmware_node/subsystem/devices/device:ad/subsystem/devices/device:ad/subsystem/devices/device:cc/device:cd/device:cf/subsystem/devices/device:dc/subsystem/devices/device:de/subsystem/devices" "Mozilla/5.0 AppleWebKit/537.36 (KHTML, like Gecko; compatible; GPTBot/1.4; +https://openai.com/gptbot)"
216.73.217.88 - - [19/Jun/2026:02:17:39 -0700] "GET /index.php/sitemap.xml?fileloc=%2F%2Fusr%2Fbin%2Fgetkeycodes&path=%2F%2Fusr%2Fbin HTTP/2.0" 429 279 "-" "Mozilla/5.0 AppleWebKit/537.36 (KHTML, like Gecko; compatible; ClaudeBot/1.0; +claudebot@anthropic.com)"
74.7.241.38 - - [19/Jun/2026:02:17:41 -0700] "GET /index.php?path=//sys/class/net/lo/subsystem/phy1/device/net/phy1/device/firmware_node/subsystem/devices/device:ad/subsystem/devices/device:ad/subsystem/devices/device:cc/device:cd/device:cf/subsystem/devices/device:dc/subsystem/devices/device:de/subsystem/devices/device:d1 HTTP/2.0" 200 3402 "https://www.marcoshsilva.com/index.php?path=//sys/class/net/lo/subsystem/phy1/device/net/phy1/device/firmware_node/subsystem/devices/device:ad/subsystem/devices/device:ad/subsystem/devices/device:cc/device:cd/device:cf/subsystem/devices/device:dc/subsystem/devices/device:de/subsystem/devices" "Mozilla/5.0 AppleWebKit/537.36 (KHTML, like Gecko; compatible; GPTBot/1.4; +https://openai.com/gptbot)"
167.114.139.28 - - [19/Jun/2026:02:17:43 -0700] "GET /special/Q042681337527 HTTP/2.0" 404 394 "-" "Mozilla/5.0 (compatible; AhrefsBot/7.0; +http://ahrefs.com/robot/)"
216.73.217.88 - - [19/Jun/2026:02:17:44 -0700] "GET /index.php/sitemap.xml?fileloc=%2F%2Fusr%2Fbin%2Fdb_replicate&path=%2F%2Fusr%2Fbin HTTP/2.0" 429 279 "-" "Mozilla/5.0 AppleWebKit/537.36 (KHTML, like Gecko; compatible; ClaudeBot/1.0; +claudebot@anthropic.com)"
74.7.241.38 - - [19/Jun/2026:02:17:45 -0700] "GET /index.php?path=//sys/class/net/lo/subsystem/phy1/device/net/phy1/device/firmware_node/subsystem/devices/device:ad/subsystem/devices/device:ad/subsystem/devices/device:cc/device:cd/device:cf/subsystem/devices/device:dc/subsystem/devices/device:de/subsystem/devices/device:ca HTTP/2.0" 200 3403 "https://www.marcoshsilva.com/index.php?path=//sys/class/net/lo/subsystem/phy1/device/net/phy1/device/firmware_node/subsystem/devices/device:ad/subsystem/devices/device:ad/subsystem/devices/device:cc/device:cd/device:cf/subsystem/devices/device:dc/subsystem/devices/device:de/subsystem/devices" "Mozilla/5.0 AppleWebKit/537.36 (KHTML, like Gecko; compatible; GPTBot/1.4; +https://openai.com/gptbot)"
74.7.241.38 - - [19/Jun/2026:02:17:48 -0700] "GET /index.php?path=//sys/class/net/lo/subsystem/phy1/device/net/phy1/device/firmware_node/subsystem/devices/device:ad/subsystem/devices/device:ad/subsystem/devices/device:cc/device:cd/device:cf/subsystem/devices/device:dc/subsystem/devices/device:de/subsystem/drivers/ec HTTP/2.0" 200 3265 "https://www.marcoshsilva.com/index.php?path=//sys/class/net/lo/subsystem/phy1/device/net/phy1/device/firmware_node/subsystem/devices/device:ad/subsystem/devices/device:ad/subsystem/devices/device:cc/device:cd/device:cf/subsystem/devices/device:dc/subsystem/devices/device:de/subsystem/drivers" "Mozilla/5.0 AppleWebKit/537.36 (KHTML, like Gecko; compatible; GPTBot/1.4; +https://openai.com/gptbot)"
216.73.217.88 - - [19/Jun/2026:02:17:51 -0700] "GET /index.php/sitemap.xml?fileloc=%2F%2Fbin%2Fdebi&path=%2F%2Fbin HTTP/2.0" 429 352 "-" "Mozilla/5.0 AppleWebKit/537.36 (KHTML, like Gecko; compatible; ClaudeBot/1.0; +claudebot@anthropic.com)"
74.7.241.38 - - [19/Jun/2026:02:17:51 -0700] "GET /index.php?path=//sys/class/net/lo/subsystem/phy1/device/net/phy1/device/firmware_node/subsystem/devices/device:ad/subsystem/devices/device:ad/subsystem/devices/device:cc/device:cd/device:cf/subsystem/devices/device:dc/subsystem/devices/device:de/subsystem/drivers/hpet HTTP/2.0" 200 3267 "https://www.marcoshsilva.com/index.php?path=//sys/class/net/lo/subsystem/phy1/device/net/phy1/device/firmware_node/subsystem/devices/device:ad/subsystem/devices/device:ad/subsystem/devices/device:cc/device:cd/device:cf/subsystem/devices/device:dc/subsystem/devices/device:de/subsystem/drivers" "Mozilla/5.0 AppleWebKit/537.36 (KHTML, like Gecko; compatible; GPTBot/1.4; +https://openai.com/gptbot)"
74.7.241.38 - - [19/Jun/2026:02:17:54 -0700] "GET /index.php?path=//sys/class/net/lo/subsystem/phy1/device/net/phy1/device/firmware_node/subsystem/devices/device:ad/subsystem/devices/device:ad/subsystem/devices/device:cc/device:cd/device:cf/subsystem/devices/device:dc/subsystem/devices/device:de/subsystem/drivers/button HTTP/2.0" 200 3374 "https://www.marcoshsilva.com/index.php?path=//sys/class/net/lo/subsystem/phy1/device/net/phy1/device/firmware_node/subsystem/devices/device:ad/subsystem/devices/device:ad/subsystem/devices/device:cc/device:cd/device:cf/subsystem/devices/device:dc/subsystem/devices/device:de/subsystem/drivers" "Mozilla/5.0 AppleWebKit/537.36 (KHTML, like Gecko; compatible; GPTBot/1.4; +https://openai.com/gptbot)"
216.73.217.88 - - [19/Jun/2026:02:17:55 -0700] "GET /index.php/sitemap.xml?fileloc=%2F%2Fetc%2Fpostfix%2Fvirtusertable.db&path=%2F%2Fetc%2Fpostfix HTTP/2.0" 429 279 "-" "Mozilla/5.0 AppleWebKit/537.36 (KHTML, like Gecko; compatible; ClaudeBot/1.0; +claudebot@anthropic.com)"
74.7.241.38 - - [19/Jun/2026:02:17:57 -0700] "GET /index.php?path=//sys/class/net/lo/subsystem/phy1/device/net/phy1/device/firmware_node/subsystem/devices/device:ad/subsystem/devices/device:ad/subsystem/devices/device:cc/device:cd/device:cf/subsystem/devices/device:dc/subsystem/devices/device:dd/subsystem HTTP/2.0" 200 3378 "https://www.marcoshsilva.com/index.php?path=//sys/class/net/lo/subsystem/phy1/device/net/phy1/device/firmware_node/subsystem/devices/device:ad/subsystem/devices/device:ad/subsystem/devices/device:cc/device:cd/device:cf/subsystem/devices/device:dc/subsystem/devices/device:dd" "Mozilla/5.0 AppleWebKit/537.36 (KHTML, like Gecko; compatible; GPTBot/1.4; +https://openai.com/gptbot)"
54.39.203.146 - - [19/Jun/2026:02:17:57 -0700] "GET /special/Q042653463623 HTTP/2.0" 404 394 "-" "Mozilla/5.0 (compatible; AhrefsBot/7.0; +http://ahrefs.com/robot/)"
74.7.241.38 - - [19/Jun/2026:02:18:00 -0700] "GET /index.php?path=//sys/class/net/lo/subsystem/phy1/device/net/phy1/device/firmware_node/subsystem/devices/device:ad/subsystem/devices/device:ad/subsystem/devices/device:cc/device:cd/device:cf/subsystem/devices/device:dc/subsystem/devices/device:f5/subsystem HTTP/2.0" 200 3378 "https://www.marcoshsilva.com/index.php?path=//sys/class/net/lo/subsystem/phy1/device/net/phy1/device/firmware_node/subsystem/devices/device:ad/subsystem/devices/device:ad/subsystem/devices/device:cc/device:cd/device:cf/subsystem/devices/device:dc/subsystem/devices/device:f5" "Mozilla/5.0 AppleWebKit/537.36 (KHTML, like Gecko; compatible; GPTBot/1.4; +https://openai.com/gptbot)"
216.73.217.88 - - [19/Jun/2026:02:18:02 -0700] "GET /index.php/sitemap.xml?fileloc=%2F%2Fbin%2Fptex&path=%2F%2Fbin HTTP/2.0" 429 352 "-" "Mozilla/5.0 AppleWebKit/537.36 (KHTML, like Gecko; compatible; ClaudeBot/1.0; +claudebot@anthropic.com)"
74.7.241.38 - - [19/Jun/2026:02:18:03 -0700] "GET /index.php?path=//sys/class/net/lo/subsystem/phy1/device/net/phy1/device/firmware_node/subsystem/devices/device:ad/subsystem/devices/device:ad/subsystem/devices/device:cc/device:cd/device:cf/subsystem/devices/device:dc/subsystem/devices/device:de/subsystem/devices/LNXSYSTM:00/LNXSYBUS:00 HTTP/2.0" 200 8298 "https://www.marcoshsilva.com/index.php?path=//sys/class/net/lo/subsystem/phy1/device/net/phy1/device/firmware_node/subsystem/devices/device:ad/subsystem/devices/device:ad/subsystem/devices/device:cc/device:cd/device:cf/subsystem/devices/device:dc/subsystem/devices/device:de/subsystem/devices/LNXSYSTM:00" "Mozilla/5.0 AppleWebKit/537.36 (KHTML, like Gecko; compatible; GPTBot/1.4; +https://openai.com/gptbot)"
52.167.144.220 - - [19/Jun/2026:02:18:03 -0700] "GET /index.php?special/Q052342066128 HTTP/2.0" 200 4232 "-" "Mozilla/5.0 AppleWebKit/537.36 (KHTML, like Gecko; compatible; bingbot/2.0; +http://www.bing.com/bingbot.htm) Chrome/116.0.1938.76 Safari/537.36"
216.73.217.88 - - [19/Jun/2026:02:18:05 -0700] "GET /index.php/sitemap.xml?fileloc=%2F%2Fbin%2Fxsubpp&path=%2F%2Fbin HTTP/2.0" 429 279 "-" "Mozilla/5.0 AppleWebKit/537.36 (KHTML, like Gecko; compatible; ClaudeBot/1.0; +claudebot@anthropic.com)"
74.7.241.38 - - [19/Jun/2026:02:18:06 -0700] "GET /index.php?fileloc=//sys/class/net/lo/subsystem/phy1/device/net/phy1/device/firmware_node/subsystem/devices/device:ad/subsystem/devices/device:ad/subsystem/devices/device:cc/device:cd/device:cf/subsystem/devices/device:dc/subsystem/devices/device:de/subsystem/devices/LNXSYSTM:00/path&path=//sys/class/net/lo/subsystem/phy1/device/net/phy1/device/firmware_node/subsystem/devices/device:ad/subsystem/devices/device:ad/subsystem/devices/device:cc/device:cd/device:cf/subsystem/devices/device:dc/subsystem/devices/device:de/subsystem/devices/LNXSYSTM:00 HTTP/2.0" 200 2875 "https://www.marcoshsilva.com/index.php?path=//sys/class/net/lo/subsystem/phy1/device/net/phy1/device/firmware_node/subsystem/devices/device:ad/subsystem/devices/device:ad/subsystem/devices/device:cc/device:cd/device:cf/subsystem/devices/device:dc/subsystem/devices/device:de/subsystem/devices/LNXSYSTM:00" "Mozilla/5.0 AppleWebKit/537.36 (KHTML, like Gecko; compatible; GPTBot/1.4; +https://openai.com/gptbot)"
148.113.128.182 - - [19/Jun/2026:02:18:09 -0700] "GET /special/Q042639048359 HTTP/2.0" 404 394 "-" "Mozilla/5.0 (compatible; AhrefsBot/7.0; +http://ahrefs.com/robot/)"
74.7.241.38 - - [19/Jun/2026:02:18:10 -0700] "GET /index.php?path=//sys/class/net/lo/subsystem/phy1/device/net/phy1/device/firmware_node/subsystem/devices/device:ad/subsystem/devices/device:ad/subsystem/devices/device:cc/device:cd/device:cf/subsystem/devices/device:dc/subsystem/devices/device:e5 HTTP/2.0" 200 3317 "https://www.marcoshsilva.com/index.php?path=//sys/class/net/lo/subsystem/phy1/device/net/phy1/device/firmware_node/subsystem/devices/device:ad/subsystem/devices/device:ad/subsystem/devices/device:cc/device:cd/device:cf/subsystem/devices/device:dc/subsystem/devices" "Mozilla/5.0 AppleWebKit/537.36 (KHTML, like Gecko; compatible; GPTBot/1.4; +https://openai.com/gptbot)"
216.73.217.88 - - [19/Jun/2026:02:18:10 -0700] "GET /index.php/sitemap.xml?fileloc=%2F%2Fetc%2Fapache2%2Fmods-available%2Fpassenger.load&path=%2F%2Fetc%2Fapache2%2Fmods-available HTTP/2.0" 429 279 "-" "Mozilla/5.0 AppleWebKit/537.36 (KHTML, like Gecko; compatible; ClaudeBot/1.0; +claudebot@anthropic.com)"
74.7.241.38 - - [19/Jun/2026:02:18:13 -0700] "GET /index.php?path=//sys/class/net/lo/subsystem/phy1/device/net/phy1/device/firmware_node/subsystem/devices/device:ad/subsystem/devices/device:ad/subsystem/devices/device:cc/device:cd/device:cf/subsystem/devices/device:dc/subsystem/devices/device:cb HTTP/2.0" 200 3354 "https://www.marcoshsilva.com/index.php?path=//sys/class/net/lo/subsystem/phy1/device/net/phy1/device/firmware_node/subsystem/devices/device:ad/subsystem/devices/device:ad/subsystem/devices/device:cc/device:cd/device:cf/subsystem/devices/device:dc/subsystem/devices" "Mozilla/5.0 AppleWebKit/537.36 (KHTML, like Gecko; compatible; GPTBot/1.4; +https://openai.com/gptbot)"
216.73.217.88 - - [19/Jun/2026:02:18:15 -0700] "GET /index.php/sitemap.xml?path=%2F%2Flib%2Flocale%2Fen_HK.utf8 HTTP/2.0" 429 279 "-" "Mozilla/5.0 AppleWebKit/537.36 (KHTML, like Gecko; compatible; ClaudeBot/1.0; +claudebot@anthropic.com)"
74.7.241.38 - - [19/Jun/2026:02:18:16 -0700] "GET /index.php?path=//sys/class/net/lo/subsystem/phy1/device/net/phy1/device/firmware_node/subsystem/devices/device:ad/subsystem/devices/device:ad/subsystem/devices/device:cc/device:cd/device:cf/subsystem/devices/device:dc/subsystem/devices/device:c3/subsystem HTTP/2.0" 200 3376 "https://www.marcoshsilva.com/index.php?path=//sys/class/net/lo/subsystem/phy1/device/net/phy1/device/firmware_node/subsystem/devices/device:ad/subsystem/devices/device:ad/subsystem/devices/device:cc/device:cd/device:cf/subsystem/devices/device:dc/subsystem/devices/device:c3" "Mozilla/5.0 AppleWebKit/537.36 (KHTML, like Gecko; compatible; GPTBot/1.4; +https://openai.com/gptbot)"
74.7.241.38 - - [19/Jun/2026:02:18:19 -0700] "GET /index.php?path=//sys/class/net/lo/subsystem/phy1/device/net/phy1/device/firmware_node/subsystem/devices/device:ad/subsystem/devices/device:ad/subsystem/devices/device:cc/device:cd/device:cf/subsystem/devices/device:dc/subsystem/devices/device:0c HTTP/2.0" 200 3316 "https://www.marcoshsilva.com/index.php?path=//sys/class/net/lo/subsystem/phy1/device/net/phy1/device/firmware_node/subsystem/devices/device:ad/subsystem/devices/device:ad/subsystem/devices/device:cc/device:cd/device:cf/subsystem/devices/device:dc/subsystem/devices" "Mozilla/5.0 AppleWebKit/537.36 (KHTML, like Gecko; compatible; GPTBot/1.4; +https://openai.com/gptbot)"
74.7.241.38 - - [19/Jun/2026:02:18:22 -0700] "GET /index.php?path=//sys/class/net/lo/subsystem/phy1/device/net/phy1/device/firmware_node/subsystem/devices/device:ad/subsystem/devices/device:ad/subsystem/devices/device:cc/device:cd/device:cf/subsystem/devices/device:dc/subsystem/devices/device:6b/subsystem HTTP/2.0" 200 3378 "https://www.marcoshsilva.com/index.php?path=//sys/class/net/lo/subsystem/phy1/device/net/phy1/device/firmware_node/subsystem/devices/device:ad/subsystem/devices/device:ad/subsystem/devices/device:cc/device:cd/device:cf/subsystem/devices/device:dc/subsystem/devices/device:6b" "Mozilla/5.0 AppleWebKit/537.36 (KHTML, like Gecko; compatible; GPTBot/1.4; +https://openai.com/gptbot)"
142.44.220.135 - - [19/Jun/2026:02:18:23 -0700] "GET /special/Q042615995403 HTTP/2.0" 404 394 "-" "Mozilla/5.0 (compatible; AhrefsBot/7.0; +http://ahrefs.com/robot/)"
216.73.217.88 - - [19/Jun/2026:02:18:24 -0700] "GET /index.php/sitemap.xml?fileloc=%2F%2Fbin%2Ftimed-run&path=%2F%2Fbin HTTP/2.0" 429 352 "-" "Mozilla/5.0 AppleWebKit/537.36 (KHTML, like Gecko; compatible; ClaudeBot/1.0; +claudebot@anthropic.com)"
74.7.241.38 - - [19/Jun/2026:02:18:25 -0700] "GET /index.php?path=//sys/class/net/lo/subsystem/phy1/device/net/phy1/device/firmware_node/subsystem/devices/device:ad/subsystem/devices/device:ad/subsystem/devices/device:cc/device:cd/device:cf/subsystem/devices/device:dc/subsystem/devices/device:7d HTTP/2.0" 200 3356 "https://www.marcoshsilva.com/index.php?path=//sys/class/net/lo/subsystem/phy1/device/net/phy1/device/firmware_node/subsystem/devices/device:ad/subsystem/devices/device:ad/subsystem/devices/device:cc/device:cd/device:cf/subsystem/devices/device:dc/subsystem/devices" "Mozilla/5.0 AppleWebKit/537.36 (KHTML, like Gecko; compatible; GPTBot/1.4; +https://openai.com/gptbot)"
74.7.241.38 - - [19/Jun/2026:02:18:28 -0700] "GET /index.php?path=//sys/class/net/lo/subsystem/phy1/device/net/phy1/device/firmware_node/subsystem/devices/device:ad/subsystem/devices/device:ad/subsystem/devices/device:cc/device:cd/device:cf/subsystem/devices/device:dc/subsystem/devices/device:bc HTTP/2.0" 200 3465 "https://www.marcoshsilva.com/index.php?path=//sys/class/net/lo/subsystem/phy1/device/net/phy1/device/firmware_node/subsystem/devices/device:ad/subsystem/devices/device:ad/subsystem/devices/device:cc/device:cd/device:cf/subsystem/devices/device:dc/subsystem/devices" "Mozilla/5.0 AppleWebKit/537.36 (KHTML, like Gecko; compatible; GPTBot/1.4; +https://openai.com/gptbot)"
216.73.217.88 - - [19/Jun/2026:02:18:29 -0700] "GET /index.php/sitemap.xml?fileloc=%2F%2Fetc%2Fxml%2Fcatalog.old&path=%2F%2Fetc%2Fxml HTTP/2.0" 429 352 "-" "Mozilla/5.0 AppleWebKit/537.36 (KHTML, like Gecko; compatible; ClaudeBot/1.0; +claudebot@anthropic.com)"
66.249.68.1 - - [19/Jun/2026:02:18:31 -0700] "GET /products/245od11089 HTTP/1.1" 404 3855 "-" "Mozilla/5.0 (Linux; Android 6.0.1; Nexus 5X Build/MMB29P) AppleWebKit/537.36 (KHTML, like Gecko) Chrome/148.0.7778.96 Mobile Safari/537.36 (compatible; Googlebot/2.1; +http://www.google.com/bot.html)"
66.249.68.2 - - [19/Jun/2026:02:18:31 -0700] "GET /?goods/060043322 HTTP/1.1" 200 3730 "-" "Mozilla/5.0 (Linux; Android 6.0.1; Nexus 5X Build/MMB29P) AppleWebKit/537.36 (KHTML, like Gecko) Chrome/148.0.7778.96 Mobile Safari/537.36 (compatible; Googlebot/2.1; +http://www.google.com/bot.html)"
216.73.217.88 - - [19/Jun/2026:02:18:31 -0700] "GET /index.php/sitemap.xml?path=%2Fhome%2Fdh_mhscom%2Fmarcoshsilva.com%2Fwp-admin%2Fcss%2Fcolors%2Fblue HTTP/2.0" 429 279 "-" "Mozilla/5.0 AppleWebKit/537.36 (KHTML, like Gecko; compatible; ClaudeBot/1.0; +claudebot@anthropic.com)"
74.7.241.38 - - [19/Jun/2026:02:18:31 -0700] "GET /index.php?fileloc=//sys/class/net/lo/subsystem/phy1/device/net/phy1/device/firmware_node/subsystem/devices/device:ad/subsystem/devices/device:ad/subsystem/devices/device:cc/device:cd/device:cf/subsystem/devices/device:dc/subsystem/devices/device:dd/subsystem/drivers_probe&path=//sys/class/net/lo/subsystem/phy1/device/net/phy1/device/firmware_node/subsystem/devices/device:ad/subsystem/devices/device:ad/subsystem/devices/device:cc/device:cd/device:cf/subsystem/devices/device:dc/subsystem/devices/device:dd/subsystem HTTP/2.0" 200 2793 "https://www.marcoshsilva.com/index.php?path=//sys/class/net/lo/subsystem/phy1/device/net/phy1/device/firmware_node/subsystem/devices/device:ad/subsystem/devices/device:ad/subsystem/devices/device:cc/device:cd/device:cf/subsystem/devices/device:dc/subsystem/devices/device:dd/subsystem" "Mozilla/5.0 AppleWebKit/537.36 (KHTML, like Gecko; compatible; GPTBot/1.4; +https://openai.com/gptbot)"
74.7.241.38 - - [19/Jun/2026:02:18:35 -0700] "GET /index.php?path=//sys/class/net/lo/subsystem/phy1/device/net/phy1/device/firmware_node/subsystem/devices/device:ad/subsystem/devices/device:ad/subsystem/devices/device:cc/device:cd/device:cf/subsystem/devices/device:dc/subsystem/devices/device:dd/subsystem/devices HTTP/2.0" 200 22591 "https://www.marcoshsilva.com/index.php?path=//sys/class/net/lo/subsystem/phy1/device/net/phy1/device/firmware_node/subsystem/devices/device:ad/subsystem/devices/device:ad/subsystem/devices/device:cc/device:cd/device:cf/subsystem/devices/device:dc/subsystem/devices/device:dd/subsystem" "Mozilla/5.0 AppleWebKit/537.36 (KHTML, like Gecko; compatible; GPTBot/1.4; +https://openai.com/gptbot)"
216.73.217.88 - - [19/Jun/2026:02:18:36 -0700] "GET /index.php/sitemap.xml?fileloc=%2F%2Fbin%2Fdump_index&path=%2F%2Fbin HTTP/2.0" 429 352 "-" "Mozilla/5.0 AppleWebKit/537.36 (KHTML, like Gecko; compatible; ClaudeBot/1.0; +claudebot@anthropic.com)"
74.7.241.38 - - [19/Jun/2026:02:18:38 -0700] "GET /index.php?path=//sys/class/net/lo/subsystem/phy1/device/net/phy1/device/firmware_node/subsystem/devices/device:ad/subsystem/devices/device:ad/subsystem/devices/device:cc/device:cd/device:cf/subsystem/devices/device:dc/subsystem/devices/device:de/subsystem/devices/LNXSYSTM:00/LNXSYBUS:00/ACPI0007:30 HTTP/2.0" 200 3591 "https://www.marcoshsilva.com/index.php?path=//sys/class/net/lo/subsystem/phy1/device/net/phy1/device/firmware_node/subsystem/devices/device:ad/subsystem/devices/device:ad/subsystem/devices/device:cc/device:cd/device:cf/subsystem/devices/device:dc/subsystem/devices/device:de/subsystem/devices/LNXSYSTM:00/LNXSYBUS:00" "Mozilla/5.0 AppleWebKit/537.36 (KHTML, like Gecko; compatible; GPTBot/1.4; +https://openai.com/gptbot)"
142.44.228.140 - - [19/Jun/2026:02:18:38 -0700] "GET /special/Q042577202872 HTTP/2.0" 404 394 "-" "Mozilla/5.0 (compatible; AhrefsBot/7.0; +http://ahrefs.com/robot/)"
74.7.241.38 - - [19/Jun/2026:02:18:41 -0700] "GET /index.php?path=//sys/class/net/lo/subsystem/phy1/device/net/phy1/device/firmware_node/subsystem/devices/device:ad/subsystem/devices/device:ad/subsystem/devices/device:cc/device:cd/device:cf/subsystem/devices/device:dc/subsystem/devices/device:fd HTTP/2.0" 200 3362 "https://www.marcoshsilva.com/index.php?path=//sys/class/net/lo/subsystem/phy1/device/net/phy1/device/firmware_node/subsystem/devices/device:ad/subsystem/devices/device:ad/subsystem/devices/device:cc/device:cd/device:cf/subsystem/devices/device:dc/subsystem/devices" "Mozilla/5.0 AppleWebKit/537.36 (KHTML, like Gecko; compatible; GPTBot/1.4; +https://openai.com/gptbot)"
216.73.217.88 - - [19/Jun/2026:02:18:41 -0700] "GET /index.php/sitemap.xml?fileloc=%2F%2Frun%2Fudev%2Fdata%2Fc2%3A237&path=%2F%2Frun%2Fudev%2Fdata HTTP/2.0" 429 279 "-" "Mozilla/5.0 AppleWebKit/537.36 (KHTML, like Gecko; compatible; ClaudeBot/1.0; +claudebot@anthropic.com)"
157.55.39.59 - - [19/Jun/2026:02:18:44 -0700] "GET /index.php?special/Q032887702255 HTTP/2.0" 200 4232 "-" "Mozilla/5.0 AppleWebKit/537.36 (KHTML, like Gecko; compatible; bingbot/2.0; +http://www.bing.com/bingbot.htm) Chrome/116.0.1938.76 Safari/537.36"
74.7.241.38 - - [19/Jun/2026:02:18:44 -0700] "GET /index.php?path=//sys/class/net/lo/subsystem/phy1/device/net/phy1/device/firmware_node/subsystem/devices/device:ad/subsystem/devices/device:ad/subsystem/devices/device:cc/device:cd/device:cf/subsystem/devices/device:dc/subsystem/devices/device:5d HTTP/2.0" 200 3471 "https://www.marcoshsilva.com/index.php?path=//sys/class/net/lo/subsystem/phy1/device/net/phy1/device/firmware_node/subsystem/devices/device:ad/subsystem/devices/device:ad/subsystem/devices/device:cc/device:cd/device:cf/subsystem/devices/device:dc/subsystem/devices" "Mozilla/5.0 AppleWebKit/537.36 (KHTML, like Gecko; compatible; GPTBot/1.4; +https://openai.com/gptbot)"
216.73.217.88 - - [19/Jun/2026:02:18:47 -0700] "GET /index.php/sitemap.xml?fileloc=%2F%2Fbin%2Fsos&path=%2F%2Fbin HTTP/2.0" 429 352 "-" "Mozilla/5.0 AppleWebKit/537.36 (KHTML, like Gecko; compatible; ClaudeBot/1.0; +claudebot@anthropic.com)"
74.7.241.38 - - [19/Jun/2026:02:18:47 -0700] "GET /index.php?path=//sys/class/net/lo/subsystem/phy1/device/net/phy1/device/firmware_node/subsystem/devices/device:ad/subsystem/devices/device:ad/subsystem/devices/device:cc/device:cd/device:cf/subsystem/devices/device:dc/subsystem/devices/device:cb/subsystem HTTP/2.0" 200 3376 "https://www.marcoshsilva.com/index.php?path=//sys/class/net/lo/subsystem/phy1/device/net/phy1/device/firmware_node/subsystem/devices/device:ad/subsystem/devices/device:ad/subsystem/devices/device:cc/device:cd/device:cf/subsystem/devices/device:dc/subsystem/devices/device:cb" "Mozilla/5.0 AppleWebKit/537.36 (KHTML, like Gecko; compatible; GPTBot/1.4; +https://openai.com/gptbot)"
142.44.225.123 - - [19/Jun/2026:02:18:50 -0700] "GET /special/Q042536343628 HTTP/2.0" 404 394 "-" "Mozilla/5.0 (compatible; AhrefsBot/7.0; +http://ahrefs.com/robot/)"
74.7.241.38 - - [19/Jun/2026:02:18:50 -0700] "GET /index.php?path=//sys/class/net/lo/subsystem/phy1/device/net/phy1/device/firmware_node/subsystem/devices/device:ad/subsystem/devices/device:ad/subsystem/devices/device:cc/device:cd/device:cf/subsystem/devices/device:dc/subsystem/devices/device:cb/device:cc HTTP/2.0" 200 3474 "https://www.marcoshsilva.com/index.php?path=//sys/class/net/lo/subsystem/phy1/device/net/phy1/device/firmware_node/subsystem/devices/device:ad/subsystem/devices/device:ad/subsystem/devices/device:cc/device:cd/device:cf/subsystem/devices/device:dc/subsystem/devices/device:cb" "Mozilla/5.0 AppleWebKit/537.36 (KHTML, like Gecko; compatible; GPTBot/1.4; +https://openai.com/gptbot)"
216.73.217.88 - - [19/Jun/2026:02:18:51 -0700] "GET /index.php/sitemap.xml?fileloc=%2F%2Frun%2Fudev%2Fdata%2Fb43%3A64&path=%2F%2Frun%2Fudev%2Fdata HTTP/2.0" 429 279 "-" "Mozilla/5.0 AppleWebKit/537.36 (KHTML, like Gecko; compatible; ClaudeBot/1.0; +claudebot@anthropic.com)"
74.7.241.38 - - [19/Jun/2026:02:18:54 -0700] "GET /index.php?path=//sys/class/net/lo/subsystem/phy1/device/net/phy1/device/firmware_node/subsystem/devices/device:ad/subsystem/devices/device:ad/subsystem/devices/device:cc/device:cd/device:cf/subsystem/devices/device:dc/subsystem/devices/device:bd HTTP/2.0" 200 3359 "https://www.marcoshsilva.com/index.php?path=//sys/class/net/lo/subsystem/phy1/device/net/phy1/device/firmware_node/subsystem/devices/device:ad/subsystem/devices/device:ad/subsystem/devices/device:cc/device:cd/device:cf/subsystem/devices/device:dc/subsystem/devices" "Mozilla/5.0 AppleWebKit/537.36 (KHTML, like Gecko; compatible; GPTBot/1.4; +https://openai.com/gptbot)"
216.73.217.88 - - [19/Jun/2026:02:18:57 -0700] "GET /index.php/sitemap.xml?fileloc=%2F%2Fbin%2Fppmntsc&path=%2F%2Fbin HTTP/2.0" 429 352 "-" "Mozilla/5.0 AppleWebKit/537.36 (KHTML, like Gecko; compatible; ClaudeBot/1.0; +claudebot@anthropic.com)"
74.7.241.38 - - [19/Jun/2026:02:18:57 -0700] "GET /index.php?path=//sys/class/net/lo/subsystem/phy1/device/net/phy1/device/firmware_node/subsystem/devices/device:ad/subsystem/devices/device:ad/subsystem/devices/device:cc/device:cd/device:cf/subsystem/devices/device:dc/subsystem/devices/device:e7 HTTP/2.0" 200 3318 "https://www.marcoshsilva.com/index.php?path=//sys/class/net/lo/subsystem/phy1/device/net/phy1/device/firmware_node/subsystem/devices/device:ad/subsystem/devices/device:ad/subsystem/devices/device:cc/device:cd/device:cf/subsystem/devices/device:dc/subsystem/devices" "Mozilla/5.0 AppleWebKit/537.36 (KHTML, like Gecko; compatible; GPTBot/1.4; +https://openai.com/gptbot)"
74.7.241.38 - - [19/Jun/2026:02:19:00 -0700] "GET /index.php?path=//sys/class/net/lo/subsystem/phy1/device/net/phy1/device/firmware_node/subsystem/devices/device:ad/subsystem/devices/device:ad/subsystem/devices/device:cc/device:cd/device:cf/subsystem/devices/device:dc/subsystem/devices/device:f6 HTTP/2.0" 200 3360 "https://www.marcoshsilva.com/index.php?path=//sys/class/net/lo/subsystem/phy1/device/net/phy1/device/firmware_node/subsystem/devices/device:ad/subsystem/devices/device:ad/subsystem/devices/device:cc/device:cd/device:cf/subsystem/devices/device:dc/subsystem/devices" "Mozilla/5.0 AppleWebKit/537.36 (KHTML, like Gecko; compatible; GPTBot/1.4; +https://openai.com/gptbot)"
216.73.217.88 - - [19/Jun/2026:02:19:02 -0700] "GET /index.php/sitemap.xml?fileloc=%2Fhome%2Fdh_mhscom%2Fmarcoshsilva.com%2Fwp-content%2Fplugins%2Fjetpack-boost%2Findex.php&path=%2Fhome%2Fdh_mhscom%2Fmarcoshsilva.com%2Fwp-content%2Fplugins%2Fjetpack-boost HTTP/2.0" 429 352 "-" "Mozilla/5.0 AppleWebKit/537.36 (KHTML, like Gecko; compatible; ClaudeBot/1.0; +claudebot@anthropic.com)"
74.7.241.38 - - [19/Jun/2026:02:19:03 -0700] "GET /index.php?path=//sys/class/net/lo/subsystem/phy1/device/net/phy1/device/firmware_node/subsystem/devices/device:ad/subsystem/devices/device:ad/subsystem/devices/device:cc/device:cd/device:cf/subsystem/devices/device:dc/subsystem/devices/device:bc/subsystem HTTP/2.0" 200 3378 "https://www.marcoshsilva.com/index.php?path=//sys/class/net/lo/subsystem/phy1/device/net/phy1/device/firmware_node/subsystem/devices/device:ad/subsystem/devices/device:ad/subsystem/devices/device:cc/device:cd/device:cf/subsystem/devices/device:dc/subsystem/devices/device:bc" "Mozilla/5.0 AppleWebKit/537.36 (KHTML, like Gecko; compatible; GPTBot/1.4; +https://openai.com/gptbot)"
54.39.89.57 - - [19/Jun/2026:02:19:05 -0700] "GET /special/Q04249308180 HTTP/2.0" 404 394 "-" "Mozilla/5.0 (compatible; AhrefsBot/7.0; +http://ahrefs.com/robot/)"
74.7.241.38 - - [19/Jun/2026:02:19:06 -0700] "GET /index.php?path=//sys/class/net/lo/subsystem/phy1/device/net/phy1/device/firmware_node/subsystem/devices/device:ad/subsystem/devices/device:ad/subsystem/devices/device:cc/device:cd/device:cf/subsystem/devices/device:dc/subsystem/devices/device:0a HTTP/2.0" 200 3317 "https://www.marcoshsilva.com/index.php?path=//sys/class/net/lo/subsystem/phy1/device/net/phy1/device/firmware_node/subsystem/devices/device:ad/subsystem/devices/device:ad/subsystem/devices/device:cc/device:cd/device:cf/subsystem/devices/device:dc/subsystem/devices" "Mozilla/5.0 AppleWebKit/537.36 (KHTML, like Gecko; compatible; GPTBot/1.4; +https://openai.com/gptbot)"
216.73.217.88 - - [19/Jun/2026:02:19:06 -0700] "GET /index.php/sitemap.xml?fileloc=%2F%2Flib%2Flocale%2Feu_ES%2FLC_ADDRESS&path=%2F%2Flib%2Flocale%2Feu_ES HTTP/2.0" 429 279 "-" "Mozilla/5.0 AppleWebKit/537.36 (KHTML, like Gecko; compatible; ClaudeBot/1.0; +claudebot@anthropic.com)"
74.7.241.38 - - [19/Jun/2026:02:19:09 -0700] "GET /index.php?path=//sys/class/net/lo/subsystem/phy1/device/net/phy1/device/firmware_node/subsystem/devices/device:ad/subsystem/devices/device:ad/subsystem/devices/device:cc/device:cd/device:cf/subsystem/devices/device:dc/subsystem/devices/device:dd/subsystem/devices/device:156 HTTP/2.0" 200 3399 "https://www.marcoshsilva.com/index.php?path=//sys/class/net/lo/subsystem/phy1/device/net/phy1/device/firmware_node/subsystem/devices/device:ad/subsystem/devices/device:ad/subsystem/devices/device:cc/device:cd/device:cf/subsystem/devices/device:dc/subsystem/devices/device:dd/subsystem/devices" "Mozilla/5.0 AppleWebKit/537.36 (KHTML, like Gecko; compatible; GPTBot/1.4; +https://openai.com/gptbot)"
216.73.217.88 - - [19/Jun/2026:02:19:11 -0700] "GET /index.php/sitemap.xml?fileloc=%2Fhome%2Fdh_mhscom%2Fmarcoshsilva.com_20220406204023%2Fwp-includes%2Fjs%2Ftinymce%2Fplugins%2Fwordpress%2Fplugin.js&path=%2Fhome%2Fdh_mhscom%2Fmarcoshsilva.com_20220406204023%2Fwp-includes%2Fjs%2Ftinymce%2Fplugins%2Fwordpress HTTP/2.0" 429 279 "-" "Mozilla/5.0 AppleWebKit/537.36 (KHTML, like Gecko; compatible; ClaudeBot/1.0; +claudebot@anthropic.com)"
74.7.241.38 - - [19/Jun/2026:02:19:13 -0700] "GET /index.php?path=//sys/class/net/lo/subsystem/phy1/device/net/phy1/device/firmware_node/subsystem/devices/device:ad/subsystem/devices/device:ad/subsystem/devices/device:cc/device:cd/device:cf/subsystem/devices/device:dc/subsystem/devices/device:dd/subsystem/devices/device:195 HTTP/2.0" 200 3361 "https://www.marcoshsilva.com/index.php?path=//sys/class/net/lo/subsystem/phy1/device/net/phy1/device/firmware_node/subsystem/devices/device:ad/subsystem/devices/device:ad/subsystem/devices/device:cc/device:cd/device:cf/subsystem/devices/device:dc/subsystem/devices/device:dd/subsystem/devices" "Mozilla/5.0 AppleWebKit/537.36 (KHTML, like Gecko; compatible; GPTBot/1.4; +https://openai.com/gptbot)"
74.7.241.38 - - [19/Jun/2026:02:19:16 -0700] "GET /index.php?path=//sys/class/net/lo/subsystem/phy1/device/net/phy1/device/firmware_node/subsystem/devices/device:ad/subsystem/devices/device:ad/subsystem/devices/device:cc/device:cd/device:cf/subsystem/devices/device:dc/subsystem/devices/device:dd/subsystem/devices/LNXPOWER:02 HTTP/2.0" 200 3500 "https://www.marcoshsilva.com/index.php?path=//sys/class/net/lo/subsystem/phy1/device/net/phy1/device/firmware_node/subsystem/devices/device:ad/subsystem/devices/device:ad/subsystem/devices/device:cc/device:cd/device:cf/subsystem/devices/device:dc/subsystem/devices/device:dd/subsystem/devices" "Mozilla/5.0 AppleWebKit/537.36 (KHTML, like Gecko; compatible; GPTBot/1.4; +https://openai.com/gptbot)"
216.73.217.88 - - [19/Jun/2026:02:19:16 -0700] "GET /index.php/sitemap.xml?fileloc=%2F%2Fetc%2Fdkms%2Ftemplate-dkms-mkdeb%2Fdebian%2Fcompat&path=%2F%2Fetc%2Fdkms%2Ftemplate-dkms-mkdeb%2Fdebian HTTP/2.0" 429 279 "-" "Mozilla/5.0 AppleWebKit/537.36 (KHTML, like Gecko; compatible; ClaudeBot/1.0; +claudebot@anthropic.com)"
54.39.210.192 - - [19/Jun/2026:02:19:19 -0700] "GET /special/Q042474917574 HTTP/2.0" 404 394 "-" "Mozilla/5.0 (compatible; AhrefsBot/7.0; +http://ahrefs.com/robot/)"
74.7.241.38 - - [19/Jun/2026:02:19:19 -0700] "GET /index.php?path=//sys/class/net/lo/subsystem/phy1/device/net/phy1/device/firmware_node/subsystem/devices/device:ad/subsystem/devices/device:ad/subsystem/devices/device:cc/device:cd/device:cf/subsystem/devices/device:dc/subsystem/devices/device:dd/subsystem/devices/device:a1 HTTP/2.0" 200 3400 "https://www.marcoshsilva.com/index.php?path=//sys/class/net/lo/subsystem/phy1/device/net/phy1/device/firmware_node/subsystem/devices/device:ad/subsystem/devices/device:ad/subsystem/devices/device:cc/device:cd/device:cf/subsystem/devices/device:dc/subsystem/devices/device:dd/subsystem/devices" "Mozilla/5.0 AppleWebKit/537.36 (KHTML, like Gecko; compatible; GPTBot/1.4; +https://openai.com/gptbot)"
216.73.217.88 - - [19/Jun/2026:02:19:22 -0700] "GET /index.php/sitemap.xml?fileloc=%2Fhome%2Fdh_mhscom%2Fmarcoshsilva.com_20220406204023%2Fwp-includes%2Fjs%2Ftinymce%2Fplugins%2Fpaste%2Fplugin.js&path=%2Fhome%2Fdh_mhscom%2Fmarcoshsilva.com_20220406204023%2Fwp-includes%2Fjs%2Ftinymce%2Fplugins%2Fpaste HTTP/2.0" 429 352 "-" "Mozilla/5.0 AppleWebKit/537.36 (KHTML, like Gecko; compatible; ClaudeBot/1.0; +claudebot@anthropic.com)"
74.7.241.38 - - [19/Jun/2026:02:19:22 -0700] "GET /index.php?path=//sys/class/net/lo/subsystem/phy1/device/net/phy1/device/firmware_node/subsystem/devices/device:ad/subsystem/devices/device:ad/subsystem/devices/device:cc/device:cd/device:cf/subsystem/devices/device:dc/subsystem/devices/device:dd/subsystem/devices/device:ba HTTP/2.0" 200 3358 "https://www.marcoshsilva.com/index.php?path=//sys/class/net/lo/subsystem/phy1/device/net/phy1/device/firmware_node/subsystem/devices/device:ad/subsystem/devices/device:ad/subsystem/devices/device:cc/device:cd/device:cf/subsystem/devices/device:dc/subsystem/devices/device:dd/subsystem/devices" "Mozilla/5.0 AppleWebKit/537.36 (KHTML, like Gecko; compatible; GPTBot/1.4; +https://openai.com/gptbot)"
74.7.241.38 - - [19/Jun/2026:02:19:25 -0700] "GET /index.php?path=//sys/class/net/lo/subsystem/phy1/device/net/phy1/device/firmware_node/subsystem/devices/device:ad/subsystem/devices/device:ad/subsystem/devices/device:cc/device:cd/device:cf/subsystem/devices/device:dc/subsystem/devices/device:dd/subsystem/devices/device:181 HTTP/2.0" 200 3399 "https://www.marcoshsilva.com/index.php?path=//sys/class/net/lo/subsystem/phy1/device/net/phy1/device/firmware_node/subsystem/devices/device:ad/subsystem/devices/device:ad/subsystem/devices/device:cc/device:cd/device:cf/subsystem/devices/device:dc/subsystem/devices/device:dd/subsystem/devices" "Mozilla/5.0 AppleWebKit/537.36 (KHTML, like Gecko; compatible; GPTBot/1.4; +https://openai.com/gptbot)"
216.73.217.88 - - [19/Jun/2026:02:19:26 -0700] "GET /index.php/sitemap.xml?fileloc=%2F%2Fusr%2Fshare%2Fcolor%2Ficc%2Fghostscript%2Fa98.icc&path=%2F%2Fusr%2Fshare%2Fcolor%2Ficc%2Fghostscript HTTP/2.0" 429 279 "-" "Mozilla/5.0 AppleWebKit/537.36 (KHTML, like Gecko; compatible; ClaudeBot/1.0; +claudebot@anthropic.com)"
74.7.241.38 - - [19/Jun/2026:02:19:28 -0700] "GET /index.php?path=//sys/class/net/lo/subsystem/phy1/device/net/phy1/device/firmware_node/subsystem/devices/device:ad/subsystem/devices/device:ad/subsystem/devices/device:cc/device:cd/device:cf/subsystem/devices/device:dc/subsystem/devices/device:dd/subsystem/devices/device:7a HTTP/2.0" 200 3359 "https://www.marcoshsilva.com/index.php?path=//sys/class/net/lo/subsystem/phy1/device/net/phy1/device/firmware_node/subsystem/devices/device:ad/subsystem/devices/device:ad/subsystem/devices/device:cc/device:cd/device:cf/subsystem/devices/device:dc/subsystem/devices/device:dd/subsystem/devices" "Mozilla/5.0 AppleWebKit/537.36 (KHTML, like Gecko; compatible; GPTBot/1.4; +https://openai.com/gptbot)"
148.113.128.137 - - [19/Jun/2026:02:19:30 -0700] "GET /special/Q042469763278 HTTP/2.0" 404 394 "-" "Mozilla/5.0 (compatible; AhrefsBot/7.0; +http://ahrefs.com/robot/)"
74.7.241.38 - - [19/Jun/2026:02:19:32 -0700] "GET /index.php?path=//sys/class/net/lo/subsystem/phy1/device/net/phy1/device/firmware_node/subsystem/devices/device:ad/subsystem/devices/device:ad/subsystem/devices/device:cc/device:cd/device:cf/subsystem/devices/device:dc/subsystem/devices/device:dd/subsystem/devices/device:12d HTTP/2.0" 200 3477 "https://www.marcoshsilva.com/index.php?path=//sys/class/net/lo/subsystem/phy1/device/net/phy1/device/firmware_node/subsystem/devices/device:ad/subsystem/devices/device:ad/subsystem/devices/device:cc/device:cd/device:cf/subsystem/devices/device:dc/subsystem/devices/device:dd/subsystem/devices" "Mozilla/5.0 AppleWebKit/537.36 (KHTML, like Gecko; compatible; GPTBot/1.4; +https://openai.com/gptbot)"
216.73.217.88 - - [19/Jun/2026:02:19:32 -0700] "GET /index.php/sitemap.xml?fileloc=%2Fhome%2Fdh_mhscom%2Fmarcoshsilva.com%2Fwp-includes%2Fsodium_compat%2Fsrc%2FCore%2FSalsa20.php&path=%2Fhome%2Fdh_mhscom%2Fmarcoshsilva.com%2Fwp-includes%2Fsodium_compat%2Fsrc%2FCore HTTP/2.0" 429 352 "-" "Mozilla/5.0 AppleWebKit/537.36 (KHTML, like Gecko; compatible; ClaudeBot/1.0; +claudebot@anthropic.com)"
74.7.241.38 - - [19/Jun/2026:02:19:35 -0700] "GET /index.php?path=//sys/class/net/lo/subsystem/phy1/device/net/phy1/device/firmware_node/subsystem/devices/device:ad/subsystem/devices/device:ad/subsystem/devices/device:cc/device:cd/device:cf/subsystem/devices/device:dc/subsystem/devices/device:cb/device:cc/device:cd HTTP/2.0" 200 3459 "https://www.marcoshsilva.com/index.php?path=//sys/class/net/lo/subsystem/phy1/device/net/phy1/device/firmware_node/subsystem/devices/device:ad/subsystem/devices/device:ad/subsystem/devices/device:cc/device:cd/device:cf/subsystem/devices/device:dc/subsystem/devices/device:cb/device:cc" "Mozilla/5.0 AppleWebKit/537.36 (KHTML, like Gecko; compatible; GPTBot/1.4; +https://openai.com/gptbot)"
216.73.217.88 - - [19/Jun/2026:02:19:37 -0700] "GET /index.php/sitemap.xml?fileloc=%2F%2Fetc%2Fapparmor.d%2Ftunables%2Falias&path=%2F%2Fetc%2Fapparmor.d%2Ftunables HTTP/2.0" 429 279 "-" "Mozilla/5.0 AppleWebKit/537.36 (KHTML, like Gecko; compatible; ClaudeBot/1.0; +claudebot@anthropic.com)"
74.7.241.38 - - [19/Jun/2026:02:19:38 -0700] "GET /index.php?path=//sys/class/net/lo/subsystem/phy1/device/net/phy1/device/firmware_node/subsystem/devices/device:ad/subsystem/devices/device:ad/subsystem/devices/device:cc/device:cd/device:cf/subsystem/devices/device:dc/subsystem/devices/device:cb/device:cc/subsystem HTTP/2.0" 200 3452 "https://www.marcoshsilva.com/index.php?path=//sys/class/net/lo/subsystem/phy1/device/net/phy1/device/firmware_node/subsystem/devices/device:ad/subsystem/devices/device:ad/subsystem/devices/device:cc/device:cd/device:cf/subsystem/devices/device:dc/subsystem/devices/device:cb/device:cc" "Mozilla/5.0 AppleWebKit/537.36 (KHTML, like Gecko; compatible; GPTBot/1.4; +https://openai.com/gptbot)"
74.7.241.38 - - [19/Jun/2026:02:19:41 -0700] "GET /index.php?path=//sys/class/net/lo/subsystem/phy1/device/net/phy1/device/firmware_node/subsystem/devices/device:ad/subsystem/devices/device:ad/subsystem/devices/device:cc/device:cd/device:cf/subsystem/devices/device:dc/subsystem/devices/device:cb/subsystem/devices HTTP/2.0" 200 22590 "https://www.marcoshsilva.com/index.php?path=//sys/class/net/lo/subsystem/phy1/device/net/phy1/device/firmware_node/subsystem/devices/device:ad/subsystem/devices/device:ad/subsystem/devices/device:cc/device:cd/device:cf/subsystem/devices/device:dc/subsystem/devices/device:cb/subsystem" "Mozilla/5.0 AppleWebKit/537.36 (KHTML, like Gecko; compatible; GPTBot/1.4; +https://openai.com/gptbot)"
167.114.139.82 - - [19/Jun/2026:02:19:43 -0700] "GET /special/Q042425066138 HTTP/2.0" 404 394 "-" "Mozilla/5.0 (compatible; AhrefsBot/7.0; +http://ahrefs.com/robot/)"
74.7.241.38 - - [19/Jun/2026:02:19:44 -0700] "GET /index.php?path=//sys/class/net/lo/subsystem/phy1/device/net/phy1/device/firmware_node/subsystem/devices/device:ad/subsystem/devices/device:ad/subsystem/devices/device:cc/device:cd/device:cf/subsystem/devices/device:dc/subsystem/devices/device:bc/subsystem/devices HTTP/2.0" 200 22593 "https://www.marcoshsilva.com/index.php?path=//sys/class/net/lo/subsystem/phy1/device/net/phy1/device/firmware_node/subsystem/devices/device:ad/subsystem/devices/device:ad/subsystem/devices/device:cc/device:cd/device:cf/subsystem/devices/device:dc/subsystem/devices/device:bc/subsystem" "Mozilla/5.0 AppleWebKit/537.36 (KHTML, like Gecko; compatible; GPTBot/1.4; +https://openai.com/gptbot)"
74.7.241.38 - - [19/Jun/2026:02:19:47 -0700] "GET /index.php?path=//sys/class/net/lo/subsystem/phy1/device/net/phy1/device/firmware_node/subsystem/devices/device:ad/subsystem/devices/device:ad/subsystem/devices/device:cc/device:cd/device:cf/subsystem/devices/device:dc/subsystem/devices/device:bf HTTP/2.0" 200 3358 "https://www.marcoshsilva.com/index.php?path=//sys/class/net/lo/subsystem/phy1/device/net/phy1/device/firmware_node/subsystem/devices/device:ad/subsystem/devices/device:ad/subsystem/devices/device:cc/device:cd/device:cf/subsystem/devices/device:dc/subsystem/devices" "Mozilla/5.0 AppleWebKit/537.36 (KHTML, like Gecko; compatible; GPTBot/1.4; +https://openai.com/gptbot)"
66.249.68.8 - - [19/Jun/2026:02:19:48 -0700] "GET /joint099032318.html HTTP/1.1" 404 3855 "-" "Mozilla/5.0 (Linux; Android 6.0.1; Nexus 5X Build/MMB29P) AppleWebKit/537.36 (KHTML, like Gecko) Chrome/148.0.7778.96 Mobile Safari/537.36 (compatible; Googlebot/2.1; +http://www.google.com/bot.html)"
66.249.68.1 - - [19/Jun/2026:02:19:48 -0700] "GET /products/119ze31021 HTTP/1.1" 404 3855 "-" "Mozilla/5.0 (Linux; Android 6.0.1; Nexus 5X Build/MMB29P) AppleWebKit/537.36 (KHTML, like Gecko) Chrome/148.0.7778.96 Mobile Safari/537.36 (compatible; Googlebot/2.1; +http://www.google.com/bot.html)"
66.249.68.2 - - [19/Jun/2026:02:19:49 -0700] "GET /juice070004201.html HTTP/1.1" 404 3855 "-" "Mozilla/5.0 (Linux; Android 6.0.1; Nexus 5X Build/MMB29P) AppleWebKit/537.36 (KHTML, like Gecko) Chrome/148.0.7778.96 Mobile Safari/537.36 (compatible; Googlebot/2.1; +http://www.google.com/bot.html)"
74.7.241.38 - - [19/Jun/2026:02:19:50 -0700] "GET /index.php?path=//sys/class/net/lo/subsystem/phy1/device/net/phy1/device/firmware_node/subsystem/devices/device:ad/subsystem/devices/device:ad/subsystem/devices/device:cc/device:cd/device:cf/subsystem/devices/device:dc/subsystem/devices/device:8a HTTP/2.0" 200 3363 "https://www.marcoshsilva.com/index.php?path=//sys/class/net/lo/subsystem/phy1/device/net/phy1/device/firmware_node/subsystem/devices/device:ad/subsystem/devices/device:ad/subsystem/devices/device:cc/device:cd/device:cf/subsystem/devices/device:dc/subsystem/devices" "Mozilla/5.0 AppleWebKit/537.36 (KHTML, like Gecko; compatible; GPTBot/1.4; +https://openai.com/gptbot)"
40.77.167.15 - - [19/Jun/2026:02:19:51 -0700] "GET /index.php?special/Q144188523683 HTTP/2.0" 200 4232 "-" "Mozilla/5.0 AppleWebKit/537.36 (KHTML, like Gecko; compatible; bingbot/2.0; +http://www.bing.com/bingbot.htm) Chrome/116.0.1938.76 Safari/537.36"
216.73.217.88 - - [19/Jun/2026:02:19:51 -0700] "GET /robots.txt HTTP/2.0" 200 291 "-" "Mozilla/5.0 AppleWebKit/537.36 (KHTML, like Gecko; compatible; ClaudeBot/1.0; +claudebot@anthropic.com)"
216.73.217.88 - - [19/Jun/2026:02:19:51 -0700] "GET /index.php/sitemap.xml?fileloc=%2Fhome%2Fdh_mhscom%2Fmarcoshsilva.com%2Fwp-includes%2Fsodium_compat%2Fsrc%2FCore%2FBase64%2FOriginal.php&path=%2Fhome%2Fdh_mhscom%2Fmarcoshsilva.com%2Fwp-includes%2Fsodium_compat%2Fsrc%2FCore%2FBase64 HTTP/2.0" 429 323 "-" "Mozilla/5.0 AppleWebKit/537.36 (KHTML, like Gecko; compatible; ClaudeBot/1.0; +claudebot@anthropic.com)"
15.235.96.213 - - [19/Jun/2026:02:19:53 -0700] "GET /special/Q042382355992 HTTP/2.0" 404 394 "-" "Mozilla/5.0 (compatible; AhrefsBot/7.0; +http://ahrefs.com/robot/)"
74.7.241.38 - - [19/Jun/2026:02:19:54 -0700] "GET /index.php?path=//sys/class/net/lo/subsystem/phy1/device/net/phy1/device/firmware_node/subsystem/devices/device:ad/subsystem/devices/device:ad/subsystem/devices/device:cc/device:cd/device:cf/subsystem/devices/device:dc/subsystem/devices/device:1d HTTP/2.0" 200 3317 "https://www.marcoshsilva.com/index.php?path=//sys/class/net/lo/subsystem/phy1/device/net/phy1/device/firmware_node/subsystem/devices/device:ad/subsystem/devices/device:ad/subsystem/devices/device:cc/device:cd/device:cf/subsystem/devices/device:dc/subsystem/devices" "Mozilla/5.0 AppleWebKit/537.36 (KHTML, like Gecko; compatible; GPTBot/1.4; +https://openai.com/gptbot)"
216.73.217.88 - - [19/Jun/2026:02:19:56 -0700] "GET /index.php/sitemap.xml?fileloc=%2Fhome%2Fdh_mhscom%2F.php%2F7.4%2Fphprc&path=%2Fhome%2Fdh_mhscom%2F.php%2F7.4 HTTP/2.0" 429 279 "-" "Mozilla/5.0 AppleWebKit/537.36 (KHTML, like Gecko; compatible; ClaudeBot/1.0; +claudebot@anthropic.com)"
