74.7.241.38 - - [19/Jun/2026:00:55:14 -0700] "GET /index.php?path=//sys/class/net/lo/subsystem/phy1/device/net/phy1/device/firmware_node/subsystem/devices/device:ad/subsystem/devices/device:ad/subsystem/devices/device:7c/subsystem/devices/device:cc/device:cd/subsystem/devices/device:ed HTTP/2.0" 200 3306 "https://www.marcoshsilva.com/index.php?path=//sys/class/net/lo/subsystem/phy1/device/net/phy1/device/firmware_node/subsystem/devices/device:ad/subsystem/devices/device:ad/subsystem/devices/device:7c/subsystem/devices/device:cc/device:cd/subsystem/devices" "Mozilla/5.0 AppleWebKit/537.36 (KHTML, like Gecko; compatible; GPTBot/1.4; +https://openai.com/gptbot)"
207.46.13.126 - - [19/Jun/2026:00:55:14 -0700] "GET /index.php?special/Q052235628128 HTTP/2.0" 200 4232 "-" "Mozilla/5.0 AppleWebKit/537.36 (KHTML, like Gecko; compatible; bingbot/2.0; +http://www.bing.com/bingbot.htm) Chrome/116.0.1938.76 Safari/537.36"
74.7.241.38 - - [19/Jun/2026:00:55:17 -0700] "GET /index.php?path=//sys/class/net/lo/subsystem/phy1/device/net/phy1/device/firmware_node/subsystem/devices/device:ad/subsystem/devices/device:ad/subsystem/devices/device:7c/subsystem/devices/device:cc/device:cd/subsystem/devices/device:cd/device:ce HTTP/2.0" 200 3354 "https://www.marcoshsilva.com/index.php?path=//sys/class/net/lo/subsystem/phy1/device/net/phy1/device/firmware_node/subsystem/devices/device:ad/subsystem/devices/device:ad/subsystem/devices/device:7c/subsystem/devices/device:cc/device:cd/subsystem/devices/device:cd" "Mozilla/5.0 AppleWebKit/537.36 (KHTML, like Gecko; compatible; GPTBot/1.4; +https://openai.com/gptbot)"
74.7.241.38 - - [19/Jun/2026:00:55:20 -0700] "GET /index.php?path=//sys/class/net/lo/subsystem/phy1/device/net/phy1/device/firmware_node/subsystem/devices/device:ad/subsystem/devices/device:ad/subsystem/devices/device:7c/subsystem/devices/device:cc/device:cd/subsystem/devices/device:ab HTTP/2.0" 200 3307 "https://www.marcoshsilva.com/index.php?path=//sys/class/net/lo/subsystem/phy1/device/net/phy1/device/firmware_node/subsystem/devices/device:ad/subsystem/devices/device:ad/subsystem/devices/device:7c/subsystem/devices/device:cc/device:cd/subsystem/devices" "Mozilla/5.0 AppleWebKit/537.36 (KHTML, like Gecko; compatible; GPTBot/1.4; +https://openai.com/gptbot)"
74.7.241.38 - - [19/Jun/2026:00:55:23 -0700] "GET /index.php?path=//sys/class/net/lo/subsystem/phy1/device/net/phy1/device/firmware_node/subsystem/devices/device:ad/subsystem/devices/device:ad/subsystem/devices/device:7c/subsystem/devices/device:cc/device:cd/subsystem/devices/device:cd/device:cf HTTP/2.0" 200 3354 "https://www.marcoshsilva.com/index.php?path=//sys/class/net/lo/subsystem/phy1/device/net/phy1/device/firmware_node/subsystem/devices/device:ad/subsystem/devices/device:ad/subsystem/devices/device:7c/subsystem/devices/device:cc/device:cd/subsystem/devices/device:cd" "Mozilla/5.0 AppleWebKit/537.36 (KHTML, like Gecko; compatible; GPTBot/1.4; +https://openai.com/gptbot)"
216.73.217.88 - - [19/Jun/2026:00:55:25 -0700] "GET /index.php/sitemap.xml?fileloc=%2F%2Fusr%2Fshare%2Fm17n%2FCATEGORY.tab&path=%2F%2Fusr%2Fshare%2Fm17n HTTP/2.0" 429 352 "-" "Mozilla/5.0 AppleWebKit/537.36 (KHTML, like Gecko; compatible; ClaudeBot/1.0; +claudebot@anthropic.com)"
66.249.68.8 - - [19/Jun/2026:00:55:25 -0700] "GET /products/251hi16491 HTTP/1.1" 404 3855 "-" "Mozilla/5.0 (Linux; Android 6.0.1; Nexus 5X Build/MMB29P) AppleWebKit/537.36 (KHTML, like Gecko) Chrome/148.0.7778.96 Mobile Safari/537.36 (compatible; Googlebot/2.1; +http://www.google.com/bot.html)"
216.73.217.88 - - [19/Jun/2026:00:55:26 -0700] "GET /index.php/sitemap.xml?fileloc=%2Fhome%2Fdh_mhscom%2Fmarcoshsilva.com%2Fwp-includes%2Fsodium_compat%2Fsrc%2FCore%2FBase64%2FUrlSafe.php&path=%2Fhome%2Fdh_mhscom%2Fmarcoshsilva.com%2Fwp-includes%2Fsodium_compat%2Fsrc%2FCore%2FBase64 HTTP/2.0" 429 279 "-" "Mozilla/5.0 AppleWebKit/537.36 (KHTML, like Gecko; compatible; ClaudeBot/1.0; +claudebot@anthropic.com)"
74.7.241.38 - - [19/Jun/2026:00:55:27 -0700] "GET /index.php?path=//sys/class/net/lo/subsystem/phy1/device/net/phy1/device/firmware_node/subsystem/devices/device:ad/subsystem/devices/device:ad/subsystem/devices/device:cc/device:cd/subsystem/devices/device:cd/device:ce/subsystem/devices/device:d4/subsystem HTTP/2.0" 200 3380 "https://www.marcoshsilva.com/index.php?path=//sys/class/net/lo/subsystem/phy1/device/net/phy1/device/firmware_node/subsystem/devices/device:ad/subsystem/devices/device:ad/subsystem/devices/device:cc/device:cd/subsystem/devices/device:cd/device:ce/subsystem/devices/device:d4" "Mozilla/5.0 AppleWebKit/537.36 (KHTML, like Gecko; compatible; GPTBot/1.4; +https://openai.com/gptbot)"
74.7.241.38 - - [19/Jun/2026:00:55:30 -0700] "GET /index.php?path=//sys/class/net/lo/subsystem/phy1/device/net/phy1/device/firmware_node/subsystem/devices/device:ad/subsystem/devices/device:ad/subsystem/devices/device:7c/subsystem/devices/device:cc/device:cd/subsystem/devices/device:fc HTTP/2.0" 200 3346 "https://www.marcoshsilva.com/index.php?path=//sys/class/net/lo/subsystem/phy1/device/net/phy1/device/firmware_node/subsystem/devices/device:ad/subsystem/devices/device:ad/subsystem/devices/device:7c/subsystem/devices/device:cc/device:cd/subsystem/devices" "Mozilla/5.0 AppleWebKit/537.36 (KHTML, like Gecko; compatible; GPTBot/1.4; +https://openai.com/gptbot)"
148.113.128.26 - - [19/Jun/2026:00:55:30 -0700] "GET /special/Q043766550649 HTTP/2.0" 404 394 "-" "Mozilla/5.0 (compatible; AhrefsBot/7.0; +http://ahrefs.com/robot/)"
74.7.241.38 - - [19/Jun/2026:00:55:33 -0700] "GET /index.php?path=//sys/class/net/lo/subsystem/phy1/device/net/phy1/device/firmware_node/subsystem/devices/device:ad/subsystem/devices/device:ad/subsystem/devices/device:7c/subsystem/devices/device:cc/device:cd/subsystem/devices/device:ec HTTP/2.0" 200 3413 "https://www.marcoshsilva.com/index.php?path=//sys/class/net/lo/subsystem/phy1/device/net/phy1/device/firmware_node/subsystem/devices/device:ad/subsystem/devices/device:ad/subsystem/devices/device:7c/subsystem/devices/device:cc/device:cd/subsystem/devices" "Mozilla/5.0 AppleWebKit/537.36 (KHTML, like Gecko; compatible; GPTBot/1.4; +https://openai.com/gptbot)"
74.7.241.38 - - [19/Jun/2026:00:55:36 -0700] "GET /index.php?path=//sys/class/net/lo/subsystem/phy1/device/net/phy1/device/firmware_node/subsystem/devices/device:ad/subsystem/devices/device:ad/subsystem/devices/device:7c/subsystem/devices/device:cc/device:cd/subsystem/devices/device:df HTTP/2.0" 200 3308 "https://www.marcoshsilva.com/index.php?path=//sys/class/net/lo/subsystem/phy1/device/net/phy1/device/firmware_node/subsystem/devices/device:ad/subsystem/devices/device:ad/subsystem/devices/device:7c/subsystem/devices/device:cc/device:cd/subsystem/devices" "Mozilla/5.0 AppleWebKit/537.36 (KHTML, like Gecko; compatible; GPTBot/1.4; +https://openai.com/gptbot)"
74.7.241.38 - - [19/Jun/2026:00:55:39 -0700] "GET /index.php?fileloc=//sys/class/net/lo/subsystem/phy1/device/net/phy1/device/firmware_node/subsystem/devices/device:ad/subsystem/devices/device:ad/subsystem/devices/device:7c/subsystem/devices/device:cc/device:cd/subsystem/devices/device:cb/adr&path=//sys/class/net/lo/subsystem/phy1/device/net/phy1/device/firmware_node/subsystem/devices/device:ad/subsystem/devices/device:ad/subsystem/devices/device:7c/subsystem/devices/device:cc/device:cd/subsystem/devices/device:cb HTTP/2.0" 200 2769 "https://www.marcoshsilva.com/index.php?path=//sys/class/net/lo/subsystem/phy1/device/net/phy1/device/firmware_node/subsystem/devices/device:ad/subsystem/devices/device:ad/subsystem/devices/device:7c/subsystem/devices/device:cc/device:cd/subsystem/devices/device:cb" "Mozilla/5.0 AppleWebKit/537.36 (KHTML, like Gecko; compatible; GPTBot/1.4; +https://openai.com/gptbot)"
74.7.241.38 - - [19/Jun/2026:00:55:42 -0700] "GET /index.php?path=//sys/class/net/lo/subsystem/phy1/device/net/phy1/device/firmware_node/subsystem/devices/device:ad/subsystem/devices/device:ad/subsystem/devices/device:7c/subsystem/devices/device:cc/device:cd/subsystem/devices/device:cb/device:cc HTTP/2.0" 200 3464 "https://www.marcoshsilva.com/index.php?path=//sys/class/net/lo/subsystem/phy1/device/net/phy1/device/firmware_node/subsystem/devices/device:ad/subsystem/devices/device:ad/subsystem/devices/device:7c/subsystem/devices/device:cc/device:cd/subsystem/devices/device:cb" "Mozilla/5.0 AppleWebKit/537.36 (KHTML, like Gecko; compatible; GPTBot/1.4; +https://openai.com/gptbot)"
216.73.217.88 - - [19/Jun/2026:00:55:44 -0700] "GET /index.php/sitemap.xml?fileloc=%2F%2Flib%2Flocale%2Fgl_ES.utf8%2FLC_IDENTIFICATION&path=%2F%2Flib%2Flocale%2Fgl_ES.utf8 HTTP/2.0" 429 353 "-" "Mozilla/5.0 AppleWebKit/537.36 (KHTML, like Gecko; compatible; ClaudeBot/1.0; +claudebot@anthropic.com)"
74.7.241.38 - - [19/Jun/2026:00:55:45 -0700] "GET /index.php?path=//sys/class/net/lo/subsystem/phy1/device/net/phy1/device/firmware_node/subsystem/devices/device:ad/subsystem/devices/device:ad/subsystem/devices/device:7c/subsystem/devices/device:cc/device:cd/subsystem/devices/device:dd HTTP/2.0" 200 3307 "https://www.marcoshsilva.com/index.php?path=//sys/class/net/lo/subsystem/phy1/device/net/phy1/device/firmware_node/subsystem/devices/device:ad/subsystem/devices/device:ad/subsystem/devices/device:7c/subsystem/devices/device:cc/device:cd/subsystem/devices" "Mozilla/5.0 AppleWebKit/537.36 (KHTML, like Gecko; compatible; GPTBot/1.4; +https://openai.com/gptbot)"
216.73.217.88 - - [19/Jun/2026:00:55:48 -0700] "GET /index.php/sitemap.xml?fileloc=%2Fhome%2Fdh_mhscom%2Fmarcoshsilva.com%2Fwp-includes%2Fsodium_compat%2Fsrc%2FCore32%2FUtil.php&path=%2Fhome%2Fdh_mhscom%2Fmarcoshsilva.com%2Fwp-includes%2Fsodium_compat%2Fsrc%2FCore32 HTTP/2.0" 429 280 "-" "Mozilla/5.0 AppleWebKit/537.36 (KHTML, like Gecko; compatible; ClaudeBot/1.0; +claudebot@anthropic.com)"
74.7.241.38 - - [19/Jun/2026:00:55:49 -0700] "GET /index.php?path=//sys/class/net/lo/subsystem/phy1/device/net/phy1/device/firmware_node/subsystem/devices/device:ad/subsystem/devices/device:ad/subsystem/devices/device:7c/subsystem/devices/device:cc/device:cd/subsystem/devices/device:ee HTTP/2.0" 200 3366 "https://www.marcoshsilva.com/index.php?path=//sys/class/net/lo/subsystem/phy1/device/net/phy1/device/firmware_node/subsystem/devices/device:ad/subsystem/devices/device:ad/subsystem/devices/device:7c/subsystem/devices/device:cc/device:cd/subsystem/devices" "Mozilla/5.0 AppleWebKit/537.36 (KHTML, like Gecko; compatible; GPTBot/1.4; +https://openai.com/gptbot)"
54.39.136.4 - - [19/Jun/2026:00:55:51 -0700] "GET /special/Q043763786421 HTTP/2.0" 404 394 "-" "Mozilla/5.0 (compatible; AhrefsBot/7.0; +http://ahrefs.com/robot/)"
74.7.241.38 - - [19/Jun/2026:00:55:52 -0700] "GET /index.php?path=//sys/class/net/lo/subsystem/phy1/device/net/phy1/device/firmware_node/subsystem/devices/device:ad/subsystem/devices/device:ad/subsystem/devices/device:7c/subsystem/devices/device:cc/device:cd/subsystem/devices/device:cd/device:ce/subsystem HTTP/2.0" 200 3378 "https://www.marcoshsilva.com/index.php?path=//sys/class/net/lo/subsystem/phy1/device/net/phy1/device/firmware_node/subsystem/devices/device:ad/subsystem/devices/device:ad/subsystem/devices/device:7c/subsystem/devices/device:cc/device:cd/subsystem/devices/device:cd/device:ce" "Mozilla/5.0 AppleWebKit/537.36 (KHTML, like Gecko; compatible; GPTBot/1.4; +https://openai.com/gptbot)"
74.7.241.38 - - [19/Jun/2026:00:55:55 -0700] "GET /index.php?path=//sys/class/net/lo/subsystem/phy1/device/net/phy1/device/firmware_node/subsystem/devices/device:ad/subsystem/devices/device:ad/subsystem/devices/device:7c/subsystem/devices/device:cc/device:cd/subsystem/devices/device:ea HTTP/2.0" 200 3307 "https://www.marcoshsilva.com/index.php?path=//sys/class/net/lo/subsystem/phy1/device/net/phy1/device/firmware_node/subsystem/devices/device:ad/subsystem/devices/device:ad/subsystem/devices/device:7c/subsystem/devices/device:cc/device:cd/subsystem/devices" "Mozilla/5.0 AppleWebKit/537.36 (KHTML, like Gecko; compatible; GPTBot/1.4; +https://openai.com/gptbot)"
216.73.217.88 - - [19/Jun/2026:00:55:57 -0700] "GET /index.php/sitemap.xml?fileloc=%2F%2Fusr%2Fshare%2Fgrub%2Fascii.pf2&path=%2F%2Fusr%2Fshare%2Fgrub HTTP/2.0" 429 353 "-" "Mozilla/5.0 AppleWebKit/537.36 (KHTML, like Gecko; compatible; ClaudeBot/1.0; +claudebot@anthropic.com)"
74.7.241.38 - - [19/Jun/2026:00:55:58 -0700] "GET /index.php?path=//sys/class/net/lo/subsystem/phy1/device/net/phy1/device/firmware_node/subsystem/devices/device:ad/subsystem/devices/device:ad/subsystem/devices/device:7c/subsystem/devices/device:cc/device:cd/subsystem/devices/device:cd/device:cf/subsystem HTTP/2.0" 200 3374 "https://www.marcoshsilva.com/index.php?path=//sys/class/net/lo/subsystem/phy1/device/net/phy1/device/firmware_node/subsystem/devices/device:ad/subsystem/devices/device:ad/subsystem/devices/device:7c/subsystem/devices/device:cc/device:cd/subsystem/devices/device:cd/device:cf" "Mozilla/5.0 AppleWebKit/537.36 (KHTML, like Gecko; compatible; GPTBot/1.4; +https://openai.com/gptbot)"
216.73.217.88 - - [19/Jun/2026:00:55:58 -0700] "GET /index.php/sitemap.xml?fileloc=%2Fhome%2Fdh_mhscom%2Fmarcoshsilva.com%2Fwp-includes%2Fsodium_compat%2Fsrc%2FCore32%2FSalsa20.php&path=%2Fhome%2Fdh_mhscom%2Fmarcoshsilva.com%2Fwp-includes%2Fsodium_compat%2Fsrc%2FCore32 HTTP/2.0" 429 280 "-" "Mozilla/5.0 AppleWebKit/537.36 (KHTML, like Gecko; compatible; ClaudeBot/1.0; +claudebot@anthropic.com)"
74.7.241.38 - - [19/Jun/2026:00:56:02 -0700] "GET /index.php?path=//sys/class/net/lo/subsystem/phy1/device/net/phy1/device/firmware_node/subsystem/devices/device:ad/subsystem/devices/device:ad/subsystem/devices/device:cc/device:cd/subsystem/devices/device:cd/device:ce/subsystem/devices/device:d4/subsystem/devices HTTP/2.0" 200 22597 "https://www.marcoshsilva.com/index.php?path=//sys/class/net/lo/subsystem/phy1/device/net/phy1/device/firmware_node/subsystem/devices/device:ad/subsystem/devices/device:ad/subsystem/devices/device:cc/device:cd/subsystem/devices/device:cd/device:ce/subsystem/devices/device:d4/subsystem" "Mozilla/5.0 AppleWebKit/537.36 (KHTML, like Gecko; compatible; GPTBot/1.4; +https://openai.com/gptbot)"
74.7.241.38 - - [19/Jun/2026:00:56:05 -0700] "GET /index.php?path=//sys/class/net/lo/subsystem/phy1/device/net/phy1/device/firmware_node/subsystem/devices/device:ad/subsystem/devices/device:ad/subsystem/devices/device:4c/subsystem/devices/device:cc/device:cd/subsystem/devices/device:ea HTTP/2.0" 200 3306 "https://www.marcoshsilva.com/index.php?path=//sys/class/net/lo/subsystem/phy1/device/net/phy1/device/firmware_node/subsystem/devices/device:ad/subsystem/devices/device:ad/subsystem/devices/device:4c/subsystem/devices/device:cc/device:cd/subsystem/devices" "Mozilla/5.0 AppleWebKit/537.36 (KHTML, like Gecko; compatible; GPTBot/1.4; +https://openai.com/gptbot)"
54.39.89.61 - - [19/Jun/2026:00:56:07 -0700] "GET /special/Q043759702936 HTTP/2.0" 404 394 "-" "Mozilla/5.0 (compatible; AhrefsBot/7.0; +http://ahrefs.com/robot/)"
74.7.241.38 - - [19/Jun/2026:00:56:08 -0700] "GET /index.php?path=//sys/class/net/lo/subsystem/phy1/device/net/phy1/device/firmware_node/subsystem/devices/device:ad/subsystem/devices/device:ad/subsystem/devices/device:7c/subsystem/devices/device:cc/device:cd/subsystem/devices/device:ec/device:ef HTTP/2.0" 200 3318 "https://www.marcoshsilva.com/index.php?path=//sys/class/net/lo/subsystem/phy1/device/net/phy1/device/firmware_node/subsystem/devices/device:ad/subsystem/devices/device:ad/subsystem/devices/device:7c/subsystem/devices/device:cc/device:cd/subsystem/devices/device:ec" "Mozilla/5.0 AppleWebKit/537.36 (KHTML, like Gecko; compatible; GPTBot/1.4; +https://openai.com/gptbot)"
216.73.217.88 - - [19/Jun/2026:00:56:08 -0700] "GET /index.php/sitemap.xml?fileloc=%2Fhome%2Fdh_mhscom%2Fmarcoshsilva.com_20220406204023%2Fwp-includes%2Fjs%2Ftinymce%2Fplugins%2Fpaste%2Fplugin.min.js&path=%2Fhome%2Fdh_mhscom%2Fmarcoshsilva.com_20220406204023%2Fwp-includes%2Fjs%2Ftinymce%2Fplugins%2Fpaste HTTP/2.0" 429 352 "-" "Mozilla/5.0 AppleWebKit/537.36 (KHTML, like Gecko; compatible; ClaudeBot/1.0; +claudebot@anthropic.com)"
216.73.217.88 - - [19/Jun/2026:00:56:09 -0700] "GET /index.php/sitemap.xml?fileloc=%2F%2Fetc%2Fdkms%2Ftemplate-dkms-mkdeb%2Fdebian%2Frules&path=%2F%2Fetc%2Fdkms%2Ftemplate-dkms-mkdeb%2Fdebian HTTP/2.0" 429 279 "-" "Mozilla/5.0 AppleWebKit/537.36 (KHTML, like Gecko; compatible; ClaudeBot/1.0; +claudebot@anthropic.com)"
74.7.241.38 - - [19/Jun/2026:00:56:11 -0700] "GET /index.php?path=//sys/class/net/lo/subsystem/phy1/device/net/phy1/device/firmware_node/subsystem/devices/device:ad/subsystem/devices/device:ad/subsystem/devices/device:7c/subsystem/devices/device:cc/device:cd/subsystem/devices/device:ec/device:ed HTTP/2.0" 200 3317 "https://www.marcoshsilva.com/index.php?path=//sys/class/net/lo/subsystem/phy1/device/net/phy1/device/firmware_node/subsystem/devices/device:ad/subsystem/devices/device:ad/subsystem/devices/device:7c/subsystem/devices/device:cc/device:cd/subsystem/devices/device:ec" "Mozilla/5.0 AppleWebKit/537.36 (KHTML, like Gecko; compatible; GPTBot/1.4; +https://openai.com/gptbot)"
74.7.241.38 - - [19/Jun/2026:00:56:14 -0700] "GET /index.php?path=//sys/class/net/lo/subsystem/phy1/device/net/phy1/device/firmware_node/subsystem/devices/device:ad/subsystem/devices/device:ad/subsystem/devices/device:cc/device:cd/device:ce/subsystem/devices/device:bd/subsystem/devices/device:fb/device:fc HTTP/2.0" 200 3375 "https://www.marcoshsilva.com/index.php?path=//sys/class/net/lo/subsystem/phy1/device/net/phy1/device/firmware_node/subsystem/devices/device:ad/subsystem/devices/device:ad/subsystem/devices/device:cc/device:cd/device:ce/subsystem/devices/device:bd/subsystem/devices/device:fb" "Mozilla/5.0 AppleWebKit/537.36 (KHTML, like Gecko; compatible; GPTBot/1.4; +https://openai.com/gptbot)"
216.73.217.88 - - [19/Jun/2026:00:56:16 -0700] "GET /index.php/sitemap.xml?fileloc=%2F%2Fusr%2Fshare%2Fm17n%2F8859-5.map&path=%2F%2Fusr%2Fshare%2Fm17n HTTP/2.0" 429 352 "-" "Mozilla/5.0 AppleWebKit/537.36 (KHTML, like Gecko; compatible; ClaudeBot/1.0; +claudebot@anthropic.com)"
74.7.241.38 - - [19/Jun/2026:00:56:17 -0700] "GET /index.php?path=//sys/class/net/lo/subsystem/phy1/device/net/phy1/device/firmware_node/subsystem/devices/device:ad/subsystem/devices/device:ad/subsystem/devices/device:7c/subsystem/devices/device:cc/device:cd/subsystem/devices/device:cb/device:cc/device:cd HTTP/2.0" 200 3438 "https://www.marcoshsilva.com/index.php?path=//sys/class/net/lo/subsystem/phy1/device/net/phy1/device/firmware_node/subsystem/devices/device:ad/subsystem/devices/device:ad/subsystem/devices/device:7c/subsystem/devices/device:cc/device:cd/subsystem/devices/device:cb/device:cc" "Mozilla/5.0 AppleWebKit/537.36 (KHTML, like Gecko; compatible; GPTBot/1.4; +https://openai.com/gptbot)"
216.73.217.88 - - [19/Jun/2026:00:56:19 -0700] "GET /index.php/sitemap.xml?fileloc=%2F%2Fusr%2Fshare%2Fgnupg%2Fdistsigkey.gpg&path=%2F%2Fusr%2Fshare%2Fgnupg HTTP/2.0" 429 279 "-" "Mozilla/5.0 AppleWebKit/537.36 (KHTML, like Gecko; compatible; ClaudeBot/1.0; +claudebot@anthropic.com)"
74.7.241.38 - - [19/Jun/2026:00:56:21 -0700] "GET /index.php?path=//sys/class/net/lo/subsystem/phy1/device/net/phy1/device/firmware_node/subsystem/devices/device:ad/subsystem/devices/device:ad/subsystem/devices/device:cc/device:cd/subsystem/devices/device:d1/subsystem/devices/device:cf HTTP/2.0" 200 3349 "https://www.marcoshsilva.com/index.php?path=//sys/class/net/lo/subsystem/phy1/device/net/phy1/device/firmware_node/subsystem/devices/device:ad/subsystem/devices/device:ad/subsystem/devices/device:cc/device:cd/subsystem/devices/device:d1/subsystem/devices" "Mozilla/5.0 AppleWebKit/537.36 (KHTML, like Gecko; compatible; GPTBot/1.4; +https://openai.com/gptbot)"
66.249.68.2 - - [19/Jun/2026:00:56:21 -0700] "GET /offering238024943.html HTTP/1.1" 404 3855 "-" "Mozilla/5.0 (Linux; Android 6.0.1; Nexus 5X Build/MMB29P) AppleWebKit/537.36 (KHTML, like Gecko) Chrome/148.0.7778.96 Mobile Safari/537.36 (compatible; Googlebot/2.1; +http://www.google.com/bot.html)"
74.7.241.38 - - [19/Jun/2026:00:56:24 -0700] "GET /index.php?path=//sys/class/net/lo/subsystem/phy1/device/net/phy1/device/firmware_node/subsystem/devices/device:ad/subsystem/devices/device:ad/subsystem/devices/device:cb/device:cc/device:cd/device:ce/subsystem/devices/device:dc/subsystem/devices/device:1a/physical_node/subsystem HTTP/2.0" 200 3553 "https://www.marcoshsilva.com/index.php?path=//sys/class/net/lo/subsystem/phy1/device/net/phy1/device/firmware_node/subsystem/devices/device:ad/subsystem/devices/device:ad/subsystem/devices/device:cb/device:cc/device:cd/device:ce/subsystem/devices/device:dc/subsystem/devices/device:1a/physical_node" "Mozilla/5.0 AppleWebKit/537.36 (KHTML, like Gecko; compatible; GPTBot/1.4; +https://openai.com/gptbot)"
51.222.95.134 - - [19/Jun/2026:00:56:24 -0700] "GET /special/Q04375310663 HTTP/2.0" 404 394 "-" "Mozilla/5.0 (compatible; AhrefsBot/7.0; +http://ahrefs.com/robot/)"
216.73.217.88 - - [19/Jun/2026:00:56:26 -0700] "GET /index.php/sitemap.xml?fileloc=%2F%2Fusr%2Fshare%2Fm17n%2Fbs.lnm&path=%2F%2Fusr%2Fshare%2Fm17n HTTP/2.0" 429 352 "-" "Mozilla/5.0 AppleWebKit/537.36 (KHTML, like Gecko; compatible; ClaudeBot/1.0; +claudebot@anthropic.com)"
74.7.241.38 - - [19/Jun/2026:00:56:27 -0700] "GET /index.php?path=//sys/class/net/lo/subsystem/phy1/device/net/phy1/device/firmware_node/subsystem/devices/device:ad/subsystem/devices/device:ad/subsystem/devices/device:7c/subsystem/devices/device:cc/device:cd/subsystem/devices/device:cd/device:ce/subsystem/devices HTTP/2.0" 200 22594 "https://www.marcoshsilva.com/index.php?path=//sys/class/net/lo/subsystem/phy1/device/net/phy1/device/firmware_node/subsystem/devices/device:ad/subsystem/devices/device:ad/subsystem/devices/device:7c/subsystem/devices/device:cc/device:cd/subsystem/devices/device:cd/device:ce/subsystem" "Mozilla/5.0 AppleWebKit/537.36 (KHTML, like Gecko; compatible; GPTBot/1.4; +https://openai.com/gptbot)"
216.73.217.88 - - [19/Jun/2026:00:56:29 -0700] "GET /index.php/sitemap.xml?fileloc=%2F%2Fusr%2Fshare%2Fm17n%2Fnb.lnm&path=%2F%2Fusr%2Fshare%2Fm17n HTTP/2.0" 429 279 "-" "Mozilla/5.0 AppleWebKit/537.36 (KHTML, like Gecko; compatible; ClaudeBot/1.0; +claudebot@anthropic.com)"
74.7.241.38 - - [19/Jun/2026:00:56:30 -0700] "GET /index.php?path=//sys/class/net/lo/subsystem/phy1/device/net/phy1/device/firmware_node/subsystem/devices/device:ad/subsystem/devices/device:ad/subsystem/devices/device:bd/subsystem/devices/device:cc/device:cd/device:ce/subsystem/devices/device:bc/subsystem HTTP/2.0" 200 3382 "https://www.marcoshsilva.com/index.php?path=//sys/class/net/lo/subsystem/phy1/device/net/phy1/device/firmware_node/subsystem/devices/device:ad/subsystem/devices/device:ad/subsystem/devices/device:bd/subsystem/devices/device:cc/device:cd/device:ce/subsystem/devices/device:bc" "Mozilla/5.0 AppleWebKit/537.36 (KHTML, like Gecko; compatible; GPTBot/1.4; +https://openai.com/gptbot)"
74.7.241.38 - - [19/Jun/2026:00:56:33 -0700] "GET /index.php?path=//sys/class/net/lo/subsystem/phy1/device/net/phy1/device/firmware_node/subsystem/devices/device:ad/subsystem/devices/device:ad/subsystem/devices/device:dd/subsystem/devices/device:aa/device:ab/subsystem/devices/device:ce HTTP/2.0" 200 3344 "https://www.marcoshsilva.com/index.php?path=//sys/class/net/lo/subsystem/phy1/device/net/phy1/device/firmware_node/subsystem/devices/device:ad/subsystem/devices/device:ad/subsystem/devices/device:dd/subsystem/devices/device:aa/device:ab/subsystem/devices" "Mozilla/5.0 AppleWebKit/537.36 (KHTML, like Gecko; compatible; GPTBot/1.4; +https://openai.com/gptbot)"
216.73.217.88 - - [19/Jun/2026:00:56:35 -0700] "GET /index.php/sitemap.xml?fileloc=%2Fhome%2Fdh_mhscom%2Fmarcoshsilva.com%2Fwp-includes%2Fcss%2Fdist%2F.htaccess&path=%2Fhome%2Fdh_mhscom%2Fmarcoshsilva.com%2Fwp-includes%2Fcss%2Fdist HTTP/2.0" 429 353 "-" "Mozilla/5.0 AppleWebKit/537.36 (KHTML, like Gecko; compatible; ClaudeBot/1.0; +claudebot@anthropic.com)"
74.7.241.38 - - [19/Jun/2026:00:56:36 -0700] "GET /index.php?path=//sys/class/net/lo/subsystem/phy1/device/net/phy1/device/firmware_node/subsystem/devices/device:ad/subsystem/devices/device:ad/subsystem/devices/device:cc/device:cd/subsystem/devices/device:cd/device:ce/subsystem/devices/device:d4/subsystem/devices/PNP0C02:00 HTTP/2.0" 200 3489 "https://www.marcoshsilva.com/index.php?path=//sys/class/net/lo/subsystem/phy1/device/net/phy1/device/firmware_node/subsystem/devices/device:ad/subsystem/devices/device:ad/subsystem/devices/device:cc/device:cd/subsystem/devices/device:cd/device:ce/subsystem/devices/device:d4/subsystem/devices" "Mozilla/5.0 AppleWebKit/537.36 (KHTML, like Gecko; compatible; GPTBot/1.4; +https://openai.com/gptbot)"
74.7.241.38 - - [19/Jun/2026:00:56:40 -0700] "GET /index.php?path=//sys/class/net/lo/subsystem/phy1/device/net/phy1/device/firmware_node/subsystem/devices/device:ad/subsystem/devices/device:ad/subsystem/devices/device:cc/device:cd/subsystem/devices/device:cd/device:ce/subsystem/devices/device:d4/subsystem/devices/device:19c HTTP/2.0" 200 3363 "https://www.marcoshsilva.com/index.php?path=//sys/class/net/lo/subsystem/phy1/device/net/phy1/device/firmware_node/subsystem/devices/device:ad/subsystem/devices/device:ad/subsystem/devices/device:cc/device:cd/subsystem/devices/device:cd/device:ce/subsystem/devices/device:d4/subsystem/devices" "Mozilla/5.0 AppleWebKit/537.36 (KHTML, like Gecko; compatible; GPTBot/1.4; +https://openai.com/gptbot)"
216.73.217.88 - - [19/Jun/2026:00:56:40 -0700] "GET /index.php/sitemap.xml?fileloc=%2F%2Fusr%2Fshare%2Fm17n%2Ffo.lnm&path=%2F%2Fusr%2Fshare%2Fm17n HTTP/2.0" 429 279 "-" "Mozilla/5.0 AppleWebKit/537.36 (KHTML, like Gecko; compatible; ClaudeBot/1.0; +claudebot@anthropic.com)"
74.7.241.38 - - [19/Jun/2026:00:56:43 -0700] "GET /index.php?path=//sys/class/net/lo/subsystem/phy1/device/net/phy1/device/firmware_node/subsystem/devices/device:ad/subsystem/devices/device:ad/subsystem/devices/device:cc/device:cd/subsystem/devices/device:cd/device:ce/subsystem/devices/device:d4/subsystem/devices/device:15f HTTP/2.0" 200 3364 "https://www.marcoshsilva.com/index.php?path=//sys/class/net/lo/subsystem/phy1/device/net/phy1/device/firmware_node/subsystem/devices/device:ad/subsystem/devices/device:ad/subsystem/devices/device:cc/device:cd/subsystem/devices/device:cd/device:ce/subsystem/devices/device:d4/subsystem/devices" "Mozilla/5.0 AppleWebKit/537.36 (KHTML, like Gecko; compatible; GPTBot/1.4; +https://openai.com/gptbot)"
142.44.233.122 - - [19/Jun/2026:00:56:43 -0700] "GET /special/Q0436900602 HTTP/2.0" 404 395 "-" "Mozilla/5.0 (compatible; AhrefsBot/7.0; +http://ahrefs.com/robot/)"
216.73.217.88 - - [19/Jun/2026:00:56:45 -0700] "GET /index.php/sitemap.xml?fileloc=%2F%2Flib%2Flocale%2Fca_IT%2FLC_IDENTIFICATION&path=%2F%2Flib%2Flocale%2Fca_IT HTTP/2.0" 429 280 "-" "Mozilla/5.0 AppleWebKit/537.36 (KHTML, like Gecko; compatible; ClaudeBot/1.0; +claudebot@anthropic.com)"
74.7.241.38 - - [19/Jun/2026:00:56:46 -0700] "GET /index.php?path=//sys/class/net/lo/subsystem/phy1/device/net/phy1/device/firmware_node/subsystem/devices/device:ad/subsystem/devices/device:ad/subsystem/devices/device:cc/device:cd/subsystem/devices/device:cd/device:ce/subsystem/devices/device:d4/subsystem/devices/device:19f HTTP/2.0" 200 3364 "https://www.marcoshsilva.com/index.php?path=//sys/class/net/lo/subsystem/phy1/device/net/phy1/device/firmware_node/subsystem/devices/device:ad/subsystem/devices/device:ad/subsystem/devices/device:cc/device:cd/subsystem/devices/device:cd/device:ce/subsystem/devices/device:d4/subsystem/devices" "Mozilla/5.0 AppleWebKit/537.36 (KHTML, like Gecko; compatible; GPTBot/1.4; +https://openai.com/gptbot)"
74.7.241.38 - - [19/Jun/2026:00:56:49 -0700] "GET /index.php?path=//sys/class/net/lo/subsystem/phy1/device/net/phy1/device/firmware_node/subsystem/devices/device:ad/subsystem/devices/device:ad/subsystem/devices/device:cc/device:cd/subsystem/devices/device:cd/device:ce/subsystem/devices/device:d4/subsystem/devices/ACPI0007:04 HTTP/2.0" 200 3537 "https://www.marcoshsilva.com/index.php?path=//sys/class/net/lo/subsystem/phy1/device/net/phy1/device/firmware_node/subsystem/devices/device:ad/subsystem/devices/device:ad/subsystem/devices/device:cc/device:cd/subsystem/devices/device:cd/device:ce/subsystem/devices/device:d4/subsystem/devices" "Mozilla/5.0 AppleWebKit/537.36 (KHTML, like Gecko; compatible; GPTBot/1.4; +https://openai.com/gptbot)"
216.73.217.88 - - [19/Jun/2026:00:56:51 -0700] "GET /index.php/sitemap.xml?fileloc=%2Fhome%2Fdh_mhscom%2Fmarcoshsilva.com%2Fwp-includes%2Fsodium_compat%2Fsrc%2FCore32%2FChaCha20.php&path=%2Fhome%2Fdh_mhscom%2Fmarcoshsilva.com%2Fwp-includes%2Fsodium_compat%2Fsrc%2FCore32 HTTP/2.0" 429 352 "-" "Mozilla/5.0 AppleWebKit/537.36 (KHTML, like Gecko; compatible; ClaudeBot/1.0; +claudebot@anthropic.com)"
74.7.241.38 - - [19/Jun/2026:00:56:52 -0700] "GET /index.php?path=//sys/class/net/lo/subsystem/phy1/device/net/phy1/device/firmware_node/subsystem/devices/device:ad/subsystem/devices/device:ad/subsystem/devices/device:cc/device:cd/subsystem/devices/device:cd/device:ce/subsystem/devices/device:d4/subsystem/devices/ACPI0007:60 HTTP/2.0" 200 3535 "https://www.marcoshsilva.com/index.php?path=//sys/class/net/lo/subsystem/phy1/device/net/phy1/device/firmware_node/subsystem/devices/device:ad/subsystem/devices/device:ad/subsystem/devices/device:cc/device:cd/subsystem/devices/device:cd/device:ce/subsystem/devices/device:d4/subsystem/devices" "Mozilla/5.0 AppleWebKit/537.36 (KHTML, like Gecko; compatible; GPTBot/1.4; +https://openai.com/gptbot)"
216.73.217.88 - - [19/Jun/2026:00:56:55 -0700] "GET /index.php/sitemap.xml?fileloc=%2Fhome%2Fdh_mhscom%2Fmarcoshsilva.com%2Fwp-admin%2Fcss%2Fcolors%2Fectoplasm%2Fcolors.min.css&path=%2Fhome%2Fdh_mhscom%2Fmarcoshsilva.com%2Fwp-admin%2Fcss%2Fcolors%2Fectoplasm HTTP/2.0" 429 280 "-" "Mozilla/5.0 AppleWebKit/537.36 (KHTML, like Gecko; compatible; ClaudeBot/1.0; +claudebot@anthropic.com)"
23.21.225.190 - - [19/Jun/2026:00:56:55 -0700] "GET /robots.txt HTTP/1.1" 200 3900 "-" "Mozilla/5.0 AppleWebKit/537.36 (KHTML, like Gecko; compatible; Amazonbot/0.1; +https://developer.amazon.com/support/amazonbot) Chrome/119.0.6045.214 Safari/537.36"
74.7.241.38 - - [19/Jun/2026:00:56:55 -0700] "GET /index.php?fileloc=//sys/class/net/lo/subsystem/phy1/device/net/phy1/device/firmware_node/subsystem/devices/device:ad/subsystem/devices/device:ad/subsystem/devices/device:7c/subsystem/devices/device:cc/device:cd/subsystem/devices/device:ec/device:ed/adr&path=//sys/class/net/lo/subsystem/phy1/device/net/phy1/device/firmware_node/subsystem/devices/device:ad/subsystem/devices/device:ad/subsystem/devices/device:7c/subsystem/devices/device:cc/device:cd/subsystem/devices/device:ec/device:ed HTTP/2.0" 200 2780 "https://www.marcoshsilva.com/index.php?path=//sys/class/net/lo/subsystem/phy1/device/net/phy1/device/firmware_node/subsystem/devices/device:ad/subsystem/devices/device:ad/subsystem/devices/device:7c/subsystem/devices/device:cc/device:cd/subsystem/devices/device:ec/device:ed" "Mozilla/5.0 AppleWebKit/537.36 (KHTML, like Gecko; compatible; GPTBot/1.4; +https://openai.com/gptbot)"
74.7.241.38 - - [19/Jun/2026:00:56:59 -0700] "GET /index.php?fileloc=//sys/class/net/lo/subsystem/phy1/device/net/phy1/device/firmware_node/subsystem/devices/device:ad/subsystem/devices/device:ad/subsystem/devices/device:cb/device:cc/device:cd/device:ce/subsystem/devices/device:dc/subsystem/devices/device:1a/physical_node/subsystem/uevent&path=//sys/class/net/lo/subsystem/phy1/device/net/phy1/device/firmware_node/subsystem/devices/device:ad/subsystem/devices/device:ad/subsystem/devices/device:cb/device:cc/device:cd/device:ce/subsystem/devices/device:dc/subsystem/devices/device:1a/physical_node/subsystem HTTP/2.0" 200 2819 "https://www.marcoshsilva.com/index.php?path=//sys/class/net/lo/subsystem/phy1/device/net/phy1/device/firmware_node/subsystem/devices/device:ad/subsystem/devices/device:ad/subsystem/devices/device:cb/device:cc/device:cd/device:ce/subsystem/devices/device:dc/subsystem/devices/device:1a/physical_node/subsystem" "Mozilla/5.0 AppleWebKit/537.36 (KHTML, like Gecko; compatible; GPTBot/1.4; +https://openai.com/gptbot)"
142.44.233.215 - - [19/Jun/2026:00:57:00 -0700] "GET /special/Q043686630867 HTTP/2.0" 404 394 "-" "Mozilla/5.0 (compatible; AhrefsBot/7.0; +http://ahrefs.com/robot/)"
74.7.241.38 - - [19/Jun/2026:00:57:02 -0700] "GET /index.php?path=//sys/class/net/lo/subsystem/phy1/device/net/phy1/device/firmware_node/subsystem/devices/device:ad/subsystem/devices/device:ad/subsystem/devices/device:7c/subsystem/devices/device:cc/device:cd/subsystem/devices/device:cd/device:ce/subsystem/devices/PNP0A08:00 HTTP/2.0" 200 4391 "https://www.marcoshsilva.com/index.php?path=//sys/class/net/lo/subsystem/phy1/device/net/phy1/device/firmware_node/subsystem/devices/device:ad/subsystem/devices/device:ad/subsystem/devices/device:7c/subsystem/devices/device:cc/device:cd/subsystem/devices/device:cd/device:ce/subsystem/devices" "Mozilla/5.0 AppleWebKit/537.36 (KHTML, like Gecko; compatible; GPTBot/1.4; +https://openai.com/gptbot)"
44.218.6.93 - - [19/Jun/2026:00:57:03 -0700] "GET /?s HTTP/1.1" 200 3752 "-" "Mozilla/5.0 AppleWebKit/537.36 (KHTML, like Gecko; compatible; Amazonbot/0.1; +https://developer.amazon.com/support/amazonbot) Chrome/119.0.6045.214 Safari/537.36"
216.73.217.88 - - [19/Jun/2026:00:57:04 -0700] "GET /index.php/sitemap.xml?fileloc=%2F%2Fetc%2Fapparmor.d%2Fabstractions%2Fweb-data&path=%2F%2Fetc%2Fapparmor.d%2Fabstractions HTTP/2.0" 429 352 "-" "Mozilla/5.0 AppleWebKit/537.36 (KHTML, like Gecko; compatible; ClaudeBot/1.0; +claudebot@anthropic.com)"
74.7.241.38 - - [19/Jun/2026:00:57:05 -0700] "GET /index.php?path=//sys/class/net/lo/subsystem/phy1/device/net/phy1/device/firmware_node/subsystem/devices/device:ad/subsystem/devices/device:ad/subsystem/devices/device:7c/subsystem/devices/device:cc/device:cd/subsystem/devices/device:cd/device:ce/subsystem/devices/device:172 HTTP/2.0" 200 3364 "https://www.marcoshsilva.com/index.php?path=//sys/class/net/lo/subsystem/phy1/device/net/phy1/device/firmware_node/subsystem/devices/device:ad/subsystem/devices/device:ad/subsystem/devices/device:7c/subsystem/devices/device:cc/device:cd/subsystem/devices/device:cd/device:ce/subsystem/devices" "Mozilla/5.0 AppleWebKit/537.36 (KHTML, like Gecko; compatible; GPTBot/1.4; +https://openai.com/gptbot)"
216.73.217.88 - - [19/Jun/2026:00:57:05 -0700] "GET /index.php/sitemap.xml?fileloc=%2Fhome%2Fdh_mhscom%2Fmarcoshsilva.com%2Fwp-includes%2Fsodium_compat%2Fsrc%2FCore32%2FEd25519.php&path=%2Fhome%2Fdh_mhscom%2Fmarcoshsilva.com%2Fwp-includes%2Fsodium_compat%2Fsrc%2FCore32 HTTP/2.0" 429 279 "-" "Mozilla/5.0 AppleWebKit/537.36 (KHTML, like Gecko; compatible; ClaudeBot/1.0; +claudebot@anthropic.com)"
72.60.40.175 - - [19/Jun/2026:00:57:06 -0700] "GET /shop/ HTTP/2.0" 301 133 "-" "Mozilla/5.0 (Windows NT 10.0; Win64; x64) AppleWebKit/537.36"
74.7.241.38 - - [19/Jun/2026:00:57:08 -0700] "GET /index.php?path=//sys/class/net/lo/subsystem/phy1/device/net/phy1/device/firmware_node/subsystem/devices/device:ad/subsystem/devices/device:ad/subsystem/devices/device:cc/device:cd/subsystem/devices/device:cd/device:ce/subsystem/devices/device:d4/subsystem/devices/PNP0C0F:03 HTTP/2.0" 200 3486 "https://www.marcoshsilva.com/index.php?path=//sys/class/net/lo/subsystem/phy1/device/net/phy1/device/firmware_node/subsystem/devices/device:ad/subsystem/devices/device:ad/subsystem/devices/device:cc/device:cd/subsystem/devices/device:cd/device:ce/subsystem/devices/device:d4/subsystem/devices" "Mozilla/5.0 AppleWebKit/537.36 (KHTML, like Gecko; compatible; GPTBot/1.4; +https://openai.com/gptbot)"
74.7.241.38 - - [19/Jun/2026:00:57:11 -0700] "GET /index.php?path=//sys/class/net/lo/subsystem/phy1/device/net/phy1/device/firmware_node/subsystem/devices/device:ad/subsystem/devices/device:ad/subsystem/devices/device:7c/subsystem/devices/device:cc/device:cd/subsystem/devices/device:cd/device:ce/subsystem/devices/device:3f HTTP/2.0" 200 3361 "https://www.marcoshsilva.com/index.php?path=//sys/class/net/lo/subsystem/phy1/device/net/phy1/device/firmware_node/subsystem/devices/device:ad/subsystem/devices/device:ad/subsystem/devices/device:7c/subsystem/devices/device:cc/device:cd/subsystem/devices/device:cd/device:ce/subsystem/devices" "Mozilla/5.0 AppleWebKit/537.36 (KHTML, like Gecko; compatible; GPTBot/1.4; +https://openai.com/gptbot)"
74.7.241.38 - - [19/Jun/2026:00:57:15 -0700] "GET /index.php?path=//sys/class/net/lo/subsystem/phy1/device/net/phy1/device/firmware_node/subsystem/devices/device:ad/subsystem/devices/device:ad/subsystem/devices/device:cc/device:cd/subsystem/devices/device:cd/device:ce/subsystem/devices/device:d4/subsystem/devices/device:e0 HTTP/2.0" 200 3359 "https://www.marcoshsilva.com/index.php?path=//sys/class/net/lo/subsystem/phy1/device/net/phy1/device/firmware_node/subsystem/devices/device:ad/subsystem/devices/device:ad/subsystem/devices/device:cc/device:cd/subsystem/devices/device:cd/device:ce/subsystem/devices/device:d4/subsystem/devices" "Mozilla/5.0 AppleWebKit/537.36 (KHTML, like Gecko; compatible; GPTBot/1.4; +https://openai.com/gptbot)"
148.113.128.11 - - [19/Jun/2026:00:57:16 -0700] "GET /special/Q043673079420 HTTP/2.0" 404 394 "-" "Mozilla/5.0 (compatible; AhrefsBot/7.0; +http://ahrefs.com/robot/)"
216.73.217.88 - - [19/Jun/2026:00:57:17 -0700] "GET /index.php/sitemap.xml?fileloc=%2F%2Fusr%2Fshare%2Fcolor%2Ficc%2Fghostscript%2Fgray_to_k.icc&path=%2F%2Fusr%2Fshare%2Fcolor%2Ficc%2Fghostscript HTTP/2.0" 429 352 "-" "Mozilla/5.0 AppleWebKit/537.36 (KHTML, like Gecko; compatible; ClaudeBot/1.0; +claudebot@anthropic.com)"
74.7.241.38 - - [19/Jun/2026:00:57:18 -0700] "GET /index.php?path=//sys/class/net/lo/subsystem/phy1/device/net/phy1/device/firmware_node/subsystem/devices/device:ad/subsystem/devices/device:ad/subsystem/devices/device:cc/device:cd/subsystem/devices/device:cd/device:ce/subsystem/devices/device:d4/subsystem/devices/device:1d HTTP/2.0" 200 3359 "https://www.marcoshsilva.com/index.php?path=//sys/class/net/lo/subsystem/phy1/device/net/phy1/device/firmware_node/subsystem/devices/device:ad/subsystem/devices/device:ad/subsystem/devices/device:cc/device:cd/subsystem/devices/device:cd/device:ce/subsystem/devices/device:d4/subsystem/devices" "Mozilla/5.0 AppleWebKit/537.36 (KHTML, like Gecko; compatible; GPTBot/1.4; +https://openai.com/gptbot)"
216.73.217.88 - - [19/Jun/2026:00:57:19 -0700] "GET /index.php/sitemap.xml?fileloc=%2Fhome%2Fdh_mhscom%2Fmarcoshsilva.com%2Fwp-includes%2Fsodium_compat%2Fsrc%2FCore32%2FXChaCha20.php&path=%2Fhome%2Fdh_mhscom%2Fmarcoshsilva.com%2Fwp-includes%2Fsodium_compat%2Fsrc%2FCore32 HTTP/2.0" 429 279 "-" "Mozilla/5.0 AppleWebKit/537.36 (KHTML, like Gecko; compatible; ClaudeBot/1.0; +claudebot@anthropic.com)"
74.7.241.38 - - [19/Jun/2026:00:57:21 -0700] "GET /index.php?path=//sys/class/net/lo/subsystem/phy1/device/net/phy1/device/firmware_node/subsystem/devices/device:ad/subsystem/devices/device:ad/subsystem/devices/device:7c/subsystem/devices/device:cc/device:cd/subsystem/devices/device:cd/device:ce/subsystem/devices/device:6e HTTP/2.0" 200 3418 "https://www.marcoshsilva.com/index.php?path=//sys/class/net/lo/subsystem/phy1/device/net/phy1/device/firmware_node/subsystem/devices/device:ad/subsystem/devices/device:ad/subsystem/devices/device:7c/subsystem/devices/device:cc/device:cd/subsystem/devices/device:cd/device:ce/subsystem/devices" "Mozilla/5.0 AppleWebKit/537.36 (KHTML, like Gecko; compatible; GPTBot/1.4; +https://openai.com/gptbot)"
216.73.217.88 - - [19/Jun/2026:00:57:24 -0700] "GET /index.php/sitemap.xml?fileloc=%2F%2Fetc%2Fapparmor.d%2Fabstractions%2Fqt5-compose-cache-write&path=%2F%2Fetc%2Fapparmor.d%2Fabstractions HTTP/2.0" 429 352 "-" "Mozilla/5.0 AppleWebKit/537.36 (KHTML, like Gecko; compatible; ClaudeBot/1.0; +claudebot@anthropic.com)"
74.7.241.38 - - [19/Jun/2026:00:57:24 -0700] "GET /index.php?fileloc=//sys/class/net/lo/subsystem/phy1/device/net/phy1/device/firmware_node/subsystem/devices/device:ad/subsystem/devices/device:ad/subsystem/devices/device:cc/device:cd/subsystem/devices/device:cd/device:ce/subsystem/devices/device:d4/subsystem/devices/ACPI0007:04/modalias&path=//sys/class/net/lo/subsystem/phy1/device/net/phy1/device/firmware_node/subsystem/devices/device:ad/subsystem/devices/device:ad/subsystem/devices/device:cc/device:cd/subsystem/devices/device:cd/device:ce/subsystem/devices/device:d4/subsystem/devices/ACPI0007:04 HTTP/2.0" 200 2819 "https://www.marcoshsilva.com/index.php?path=//sys/class/net/lo/subsystem/phy1/device/net/phy1/device/firmware_node/subsystem/devices/device:ad/subsystem/devices/device:ad/subsystem/devices/device:cc/device:cd/subsystem/devices/device:cd/device:ce/subsystem/devices/device:d4/subsystem/devices/ACPI0007:04" "Mozilla/5.0 AppleWebKit/537.36 (KHTML, like Gecko; compatible; GPTBot/1.4; +https://openai.com/gptbot)"
74.7.241.38 - - [19/Jun/2026:00:57:27 -0700] "GET /index.php?path=//sys/class/net/lo/subsystem/phy1/device/net/phy1/device/firmware_node/subsystem/devices/device:ad/subsystem/devices/device:ad/subsystem/devices/device:7c/subsystem/devices/device:cc/device:cd/subsystem/devices/device:cd/device:ce/subsystem/devices/device:ee HTTP/2.0" 200 3359 "https://www.marcoshsilva.com/index.php?path=//sys/class/net/lo/subsystem/phy1/device/net/phy1/device/firmware_node/subsystem/devices/device:ad/subsystem/devices/device:ad/subsystem/devices/device:7c/subsystem/devices/device:cc/device:cd/subsystem/devices/device:cd/device:ce/subsystem/devices" "Mozilla/5.0 AppleWebKit/537.36 (KHTML, like Gecko; compatible; GPTBot/1.4; +https://openai.com/gptbot)"
216.73.217.88 - - [19/Jun/2026:00:57:29 -0700] "GET /index.php/sitemap.xml?fileloc=%2F%2Fusr%2Fshare%2Fm17n%2Frfc1345.mim&path=%2F%2Fusr%2Fshare%2Fm17n HTTP/2.0" 429 279 "-" "Mozilla/5.0 AppleWebKit/537.36 (KHTML, like Gecko; compatible; ClaudeBot/1.0; +claudebot@anthropic.com)"
74.7.241.38 - - [19/Jun/2026:00:57:30 -0700] "GET /index.php?path=//sys/class/net/lo/subsystem/phy1/device/net/phy1/device/firmware_node/subsystem/devices/device:ad/subsystem/devices/device:ad/subsystem/devices/device:7c/subsystem/devices/device:cc/device:cd/subsystem/devices/device:cb/device:cc/device:cd/device:ce HTTP/2.0" 200 3387 "https://www.marcoshsilva.com/index.php?path=//sys/class/net/lo/subsystem/phy1/device/net/phy1/device/firmware_node/subsystem/devices/device:ad/subsystem/devices/device:ad/subsystem/devices/device:7c/subsystem/devices/device:cc/device:cd/subsystem/devices/device:cb/device:cc/device:cd" "Mozilla/5.0 AppleWebKit/537.36 (KHTML, like Gecko; compatible; GPTBot/1.4; +https://openai.com/gptbot)"
74.7.241.38 - - [19/Jun/2026:00:57:34 -0700] "GET /index.php?path=//sys/class/net/lo/subsystem/phy1/device/net/phy1/device/firmware_node/subsystem/devices/device:ad/subsystem/devices/device:ad/subsystem/devices/device:bd/subsystem/devices/device:cc/device:cd/device:ce/subsystem/devices/device:bc/subsystem/devices HTTP/2.0" 200 22593 "https://www.marcoshsilva.com/index.php?path=//sys/class/net/lo/subsystem/phy1/device/net/phy1/device/firmware_node/subsystem/devices/device:ad/subsystem/devices/device:ad/subsystem/devices/device:bd/subsystem/devices/device:cc/device:cd/device:ce/subsystem/devices/device:bc/subsystem" "Mozilla/5.0 AppleWebKit/537.36 (KHTML, like Gecko; compatible; GPTBot/1.4; +https://openai.com/gptbot)"
142.44.233.162 - - [19/Jun/2026:00:57:36 -0700] "GET /special/Q043626707551 HTTP/2.0" 404 395 "-" "Mozilla/5.0 (compatible; AhrefsBot/7.0; +http://ahrefs.com/robot/)"
74.7.241.38 - - [19/Jun/2026:00:57:37 -0700] "GET /index.php?path=//sys/class/net/lo/subsystem/phy1/device/net/phy1/device/firmware_node/subsystem/devices/device:ad/subsystem/devices/device:ad/subsystem/devices/device:cc/device:cd/device:ce/subsystem/devices/device:bd/subsystem/devices/device:fb/device:fc/subsystem HTTP/2.0" 200 3403 "https://www.marcoshsilva.com/index.php?path=//sys/class/net/lo/subsystem/phy1/device/net/phy1/device/firmware_node/subsystem/devices/device:ad/subsystem/devices/device:ad/subsystem/devices/device:cc/device:cd/device:ce/subsystem/devices/device:bd/subsystem/devices/device:fb/device:fc" "Mozilla/5.0 AppleWebKit/537.36 (KHTML, like Gecko; compatible; GPTBot/1.4; +https://openai.com/gptbot)"
216.73.217.88 - - [19/Jun/2026:00:57:38 -0700] "GET /index.php/sitemap.xml?fileloc=%2F%2Fusr%2Fshare%2Fgnupg%2Fhelp.nb.txt&path=%2F%2Fusr%2Fshare%2Fgnupg HTTP/2.0" 429 353 "-" "Mozilla/5.0 AppleWebKit/537.36 (KHTML, like Gecko; compatible; ClaudeBot/1.0; +claudebot@anthropic.com)"
74.7.241.38 - - [19/Jun/2026:00:57:40 -0700] "GET /index.php?path=//sys/class/net/lo/subsystem/phy1/device/net/phy1/device/firmware_node/subsystem/devices/device:ad/subsystem/devices/device:ad/subsystem/devices/device:7c/subsystem/devices/device:cc/device:cd/subsystem/devices/device:ec/device:ed/subsystem HTTP/2.0" 200 3379 "https://www.marcoshsilva.com/index.php?path=//sys/class/net/lo/subsystem/phy1/device/net/phy1/device/firmware_node/subsystem/devices/device:ad/subsystem/devices/device:ad/subsystem/devices/device:7c/subsystem/devices/device:cc/device:cd/subsystem/devices/device:ec/device:ed" "Mozilla/5.0 AppleWebKit/537.36 (KHTML, like Gecko; compatible; GPTBot/1.4; +https://openai.com/gptbot)"
74.7.241.38 - - [19/Jun/2026:00:57:43 -0700] "GET /index.php?path=//sys/class/net/lo/subsystem/phy1/device/net/phy1/device/firmware_node/subsystem/devices/device:ad/subsystem/devices/device:ad/subsystem/devices/device:cb/device:cc/device:cd/device:ce/subsystem/devices/device:dc/subsystem/devices/device:1a/physical_node/subsystem/slots HTTP/2.0" 200 2886 "https://www.marcoshsilva.com/index.php?path=//sys/class/net/lo/subsystem/phy1/device/net/phy1/device/firmware_node/subsystem/devices/device:ad/subsystem/devices/device:ad/subsystem/devices/device:cb/device:cc/device:cd/device:ce/subsystem/devices/device:dc/subsystem/devices/device:1a/physical_node/subsystem" "Mozilla/5.0 AppleWebKit/537.36 (KHTML, like Gecko; compatible; GPTBot/1.4; +https://openai.com/gptbot)"
66.249.68.1 - - [19/Jun/2026:00:57:46 -0700] "GET /products/249aj9137 HTTP/1.1" 404 3855 "-" "Mozilla/5.0 (Linux; Android 6.0.1; Nexus 5X Build/MMB29P) AppleWebKit/537.36 (KHTML, like Gecko) Chrome/148.0.7778.96 Mobile Safari/537.36 (compatible; Googlebot/2.1; +http://www.google.com/bot.html)"
74.7.241.38 - - [19/Jun/2026:00:57:46 -0700] "GET /index.php?path=//sys/class/net/lo/subsystem/phy1/device/net/phy1/device/firmware_node/subsystem/devices/device:ad/subsystem/devices/device:ad/subsystem/devices/device:dd/subsystem/devices/device:d9/subsystem/devices/device:ad HTTP/2.0" 200 3294 "https://www.marcoshsilva.com/index.php?path=//sys/class/net/lo/subsystem/phy1/device/net/phy1/device/firmware_node/subsystem/devices/device:ad/subsystem/devices/device:ad/subsystem/devices/device:dd/subsystem/devices/device:d9/subsystem/devices" "Mozilla/5.0 AppleWebKit/537.36 (KHTML, like Gecko; compatible; GPTBot/1.4; +https://openai.com/gptbot)"
216.73.217.88 - - [19/Jun/2026:00:57:49 -0700] "GET /index.php/sitemap.xml?fileloc=%2F%2Flib%2Flocale%2Fca_AD.utf8%2FLC_COLLATE&path=%2F%2Flib%2Flocale%2Fca_AD.utf8 HTTP/2.0" 429 353 "-" "Mozilla/5.0 AppleWebKit/537.36 (KHTML, like Gecko; compatible; ClaudeBot/1.0; +claudebot@anthropic.com)"
74.7.241.38 - - [19/Jun/2026:00:57:49 -0700] "GET /index.php?path=//sys/class/net/lo/subsystem/phy1/device/net/phy1/device/firmware_node/subsystem/devices/device:ad/subsystem/devices/device:ad/subsystem/devices/device:ec/subsystem/devices/device:cb/subsystem/devices/device:bc/device:bf HTTP/2.0" 200 3346 "https://www.marcoshsilva.com/index.php?path=//sys/class/net/lo/subsystem/phy1/device/net/phy1/device/firmware_node/subsystem/devices/device:ad/subsystem/devices/device:ad/subsystem/devices/device:ec/subsystem/devices/device:cb/subsystem/devices/device:bc" "Mozilla/5.0 AppleWebKit/537.36 (KHTML, like Gecko; compatible; GPTBot/1.4; +https://openai.com/gptbot)"
216.73.217.88 - - [19/Jun/2026:00:57:50 -0700] "GET /index.php/sitemap.xml?fileloc=%2F%2Flib%2Fcourier%2Fcourier-authlib%2Fauthsystem.passwd&path=%2F%2Flib%2Fcourier%2Fcourier-authlib HTTP/2.0" 429 279 "-" "Mozilla/5.0 AppleWebKit/537.36 (KHTML, like Gecko; compatible; ClaudeBot/1.0; +claudebot@anthropic.com)"
74.7.241.38 - - [19/Jun/2026:00:57:52 -0700] "GET /index.php?path=//sys/class/net/lo/subsystem/phy1/device/net/phy1/device/firmware_node/subsystem/devices/device:ad/subsystem/devices/device:ad/subsystem/devices/device:e2/subsystem/devices/device:ec/device:ef/subsystem/devices/device:fb/device:fc HTTP/2.0" 200 3351 "https://www.marcoshsilva.com/index.php?path=//sys/class/net/lo/subsystem/phy1/device/net/phy1/device/firmware_node/subsystem/devices/device:ad/subsystem/devices/device:ad/subsystem/devices/device:e2/subsystem/devices/device:ec/device:ef/subsystem/devices/device:fb" "Mozilla/5.0 AppleWebKit/537.36 (KHTML, like Gecko; compatible; GPTBot/1.4; +https://openai.com/gptbot)"
216.73.217.88 - - [19/Jun/2026:00:57:55 -0700] "GET /index.php/sitemap.xml?fileloc=%2F%2Fusr%2Fshare%2Fm17n%2Fam.lnm&path=%2F%2Fusr%2Fshare%2Fm17n HTTP/2.0" 429 280 "-" "Mozilla/5.0 AppleWebKit/537.36 (KHTML, like Gecko; compatible; ClaudeBot/1.0; +claudebot@anthropic.com)"
74.7.241.38 - - [19/Jun/2026:00:57:55 -0700] "GET /index.php?path=//sys/class/net/lo/subsystem/phy1/device/net/phy1/device/firmware_node/subsystem/devices/device:ad/subsystem/devices/device:ad/subsystem/devices/device:cb/device:cc/device:cd/device:cf/subsystem/devices/device:cc/subsystem/devices/device:0d/subsystem HTTP/2.0" 200 3395 "https://www.marcoshsilva.com/index.php?path=//sys/class/net/lo/subsystem/phy1/device/net/phy1/device/firmware_node/subsystem/devices/device:ad/subsystem/devices/device:ad/subsystem/devices/device:cb/device:cc/device:cd/device:cf/subsystem/devices/device:cc/subsystem/devices/device:0d" "Mozilla/5.0 AppleWebKit/537.36 (KHTML, like Gecko; compatible; GPTBot/1.4; +https://openai.com/gptbot)"
